{"id":234,"date":"2014-10-13T17:30:44","date_gmt":"2014-10-13T15:30:44","guid":{"rendered":"http:\/\/www.educa.itakaescolapios.org\/?page_id=234"},"modified":"2023-05-02T09:43:31","modified_gmt":"2023-05-02T07:43:31","slug":"2014-2015-ven-y-veras-la-realidad-que-hay-detras","status":"publish","type":"page","link":"https:\/\/www.educa.itakaescolapios.org\/eu\/campanas\/2014-2015-ven-y-veras-la-realidad-que-hay-detras","title":{"rendered":"2014-2015 Ven y ver\u00e1s, la realidad que hay detr\u00e1s"},"content":{"rendered":"<p class=\"qtranxs-available-languages-message qtranxs-available-languages-message-eu\">Sentitzen dugu, baina sarrera hau <a href=\"https:\/\/www.educa.itakaescolapios.org\/es\/wp-json\/wp\/v2\/pages\/234\" class=\"qtranxs-available-language-link qtranxs-available-language-link-es\" title=\"Espa\u00f1ol\">Espainiera (Europa)<\/a>-z bakarrik dago.<\/p><p>http:\/\/youtu.be\/J1GC1f3Qq4I<br \/>\nSi algo caracteriza la labor educativa inspirada por S. Jos\u00e9 de Calasanz es la centralidad de los ni\u00f1os y j\u00f3venes: la orientaci\u00f3n fundamental por la cual la plena realizaci\u00f3n y la felicidad de estos constituyen el centro de todo el actuar. Este papel central de los ni\u00f1os y j\u00f3venes ha de impregnar el conjunto de la acci\u00f3n educativa y, antes que nada, la misma forma en la que nos acercamos a la realidad. Calasanz nos invita a mirar la realidad con ojos de ni\u00f1o, especialmente con ojos de ni\u00f1o en situaci\u00f3n de pobreza. Es precisamente este punto de vista el que vamos a tratar de cultivar en la presente campa\u00f1a de solidaridad para, a trav\u00e9s de esta visi\u00f3n, acercarnos a los \u201ctrast\u00e9veres\u201d del mundo actual donde est\u00e1n presentes las Escuelas P\u00edas y la red Itaka-Escolapios. Tal como dir\u00eda Calasanz, la labor educativa integral requiere \u201cabajarse\u201d para dar luz a los m\u00e1s peque\u00f1os y vulnerables. Quien mire la realidad desde estos ojos, desde su altura que es \u201cbajura\u201d, es quien realmente puede responder a las necesidades que desde ah\u00ed se ven: apaciguar los miedos, alentar las ilusiones, dar cauce a los sue\u00f1os\u2026 Puedes acceder a los contenidos de la campa\u00f1a pinchando en cualquiera de las siguientes p\u00e1ginas:<\/p>\n<table border=\"1\" width=\"552\" cellspacing=\"0\" cellpadding=\"0\">\n<tbody>\n<tr>\n<td valign=\"top\" width=\"28\">1<\/td>\n<td valign=\"top\" width=\"524\"><a href=\"http:\/\/www.itakaescolapios.org\/campanas\/2014-2015-ven-y-veras-la-realidad-que-hay-detras\/recordando-la-campana-estamos-por-ti-educamos-contigo\/\" target=\"_blank\" rel=\"noopener noreferrer\">RECORDANDO LA CAMPA\u00d1A: \u201cEstamos por ti, educamos contigo\u201d<\/a><\/td>\n<\/tr>\n<tr>\n<td valign=\"top\" width=\"28\">2<\/td>\n<td valign=\"top\" width=\"524\"><a href=\"http:\/\/www.itakaescolapios.org\/campanas\/2014-2015-ven-y-veras-la-realidad-que-hay-detras\/ven-y-veras-la-realidad-que-hay-detras\/\" target=\"_blank\" rel=\"noopener noreferrer\">VEN Y VER\u00c1S, la realidad que hay detr\u00e1s<\/a><\/td>\n<\/tr>\n<tr>\n<td valign=\"top\" width=\"28\">3<\/td>\n<td valign=\"top\" width=\"524\"><a href=\"http:\/\/www.itakaescolapios.org\/campanas\/2014-2015-ven-y-veras-la-realidad-que-hay-detras\/proyectos-educativos-de-los-escolapios-apoyados-en-la-campana-de-solidaridad\/\" target=\"_blank\" rel=\"noopener noreferrer\">PROYECTOS EDUCATIVOS DE LOS ESCOLAPIOS APOYADOS EN LA CAMPA\u00d1A DE SOLIDARIDAD<\/a><\/td>\n<\/tr>\n<tr>\n<td valign=\"top\" width=\"28\">4<\/td>\n<td valign=\"top\" width=\"524\"><a href=\"http:\/\/www.itakaescolapios.org\/campanas\/2014-2015-ven-y-veras-la-realidad-que-hay-detras\/los-ninos-y-ninas-nos-cuentan-los-proyectos\/\" target=\"_blank\" rel=\"noopener noreferrer\">LOS NI\u00d1OS Y LAS NI\u00d1AS NOS CUENTAN LOS PROYECTOS<\/a><\/td>\n<\/tr>\n<tr>\n<td valign=\"top\" width=\"28\">5<\/td>\n<td valign=\"top\" width=\"524\"><a href=\"http:\/\/www.itakaescolapios.org\/campanas\/2014-2015-ven-y-veras-la-realidad-que-hay-detras\/ojos-bajitos-un-punto-de-vista-diferente\/\" target=\"_blank\" rel=\"noopener noreferrer\">OJOS BAJITOS. Un punto de vista diferente.<\/a><\/td>\n<\/tr>\n<tr>\n<td valign=\"top\" width=\"28\">6<\/td>\n<td valign=\"top\" width=\"524\"><a href=\"http:\/\/www.itakaescolapios.org\/campanas\/2014-2015-ven-y-veras-la-realidad-que-hay-detras\/mira-y-entenderas\/\" target=\"_blank\" rel=\"noopener noreferrer\">MIRA Y ENTENDER\u00c1S.<\/a><\/td>\n<\/tr>\n<tr>\n<td valign=\"top\" width=\"28\">7<\/td>\n<td valign=\"top\" width=\"524\"><a href=\"http:\/\/www.itakaescolapios.org\/campanas\/2014-2015-ven-y-veras-la-realidad-que-hay-detras\/dossier-de-actividades-para-el-aula\/\" target=\"_blank\" rel=\"noopener noreferrer\">DOSSIER DE ACTIVIDADES PARA EL AULA.<\/a><\/td>\n<\/tr>\n<\/tbody>\n<\/table>\n<p><\/p>","protected":false},"excerpt":{"rendered":"<p>Sentitzen dugu, baina sarrera hau Espainiera (Europa)-z bakarrik dago.http:\/\/youtu.be\/J1GC1f3Qq4I Si algo caracteriza la labor educativa inspirada por S. Jos\u00e9 de Calasanz es la centralidad de los [&hellip;]<\/p>\n","protected":false},"author":1,"featured_media":1506,"parent":70,"menu_order":97,"comment_status":"closed","ping_status":"closed","template":"","meta":[],"acf":[],"_links":{"self":[{"href":"https:\/\/www.educa.itakaescolapios.org\/eu\/wp-json\/wp\/v2\/pages\/234"}],"collection":[{"href":"https:\/\/www.educa.itakaescolapios.org\/eu\/wp-json\/wp\/v2\/pages"}],"about":[{"href":"https:\/\/www.educa.itakaescolapios.org\/eu\/wp-json\/wp\/v2\/types\/page"}],"author":[{"embeddable":true,"href":"https:\/\/www.educa.itakaescolapios.org\/eu\/wp-json\/wp\/v2\/users\/1"}],"replies":[{"embeddable":true,"href":"https:\/\/www.educa.itakaescolapios.org\/eu\/wp-json\/wp\/v2\/comments?post=234"}],"version-history":[{"count":5,"href":"https:\/\/www.educa.itakaescolapios.org\/eu\/wp-json\/wp\/v2\/pages\/234\/revisions"}],"predecessor-version":[{"id":7594,"href":"https:\/\/www.educa.itakaescolapios.org\/eu\/wp-json\/wp\/v2\/pages\/234\/revisions\/7594"}],"up":[{"embeddable":true,"href":"https:\/\/www.educa.itakaescolapios.org\/eu\/wp-json\/wp\/v2\/pages\/70"}],"wp:featuredmedia":[{"embeddable":true,"href":"https:\/\/www.educa.itakaescolapios.org\/eu\/wp-json\/wp\/v2\/media\/1506"}],"wp:attachment":[{"href":"https:\/\/www.educa.itakaescolapios.org\/eu\/wp-json\/wp\/v2\/media?parent=234"}],"curies":[{"name":"wp","href":"https:\/\/api.w.org\/{rel}","templated":true}]}}

2014-2015 Ven y verás, la realidad que hay detrás

<p class="qtranxs-available-languages-message qtranxs-available-languages-message-eu">Sentitzen dugu, baina sarrera hau <a href="https://www.educa.itakaescolapios.org/es/wp-json/wp/v2/pages/234" class="qtranxs-available-language-link qtranxs-available-language-link-es" title="Español">Espainiera (Europa)</a>-z bakarrik dago.</p><p>http://youtu.be/J1GC1f3Qq4I<br />
Si algo caracteriza la labor educativa inspirada por S. José de Calasanz es la centralidad de los niños y jóvenes: la orientación fundamental por la cual la plena realización y la felicidad de estos constituyen el centro de todo el actuar. Este papel central de los niños y jóvenes ha de impregnar el conjunto de la acción educativa y, antes que nada, la misma forma en la que nos acercamos a la realidad. Calasanz nos invita a mirar la realidad con ojos de niño, especialmente con ojos de niño en situación de pobreza. Es precisamente este punto de vista el que vamos a tratar de cultivar en la presente campaña de solidaridad para, a través de esta visión, acercarnos a los “trastéveres” del mundo actual donde están presentes las Escuelas Pías y la red Itaka-Escolapios. Tal como diría Calasanz, la labor educativa integral requiere “abajarse” para dar luz a los más pequeños y vulnerables. Quien mire la realidad desde estos ojos, desde su altura que es “bajura”, es quien realmente puede responder a las necesidades que desde ahí se ven: apaciguar los miedos, alentar las ilusiones, dar cauce a los sueños… Puedes acceder a los contenidos de la campaña pinchando en cualquiera de las siguientes páginas:</p>
<table border="1" width="552" cellspacing="0" cellpadding="0">
<tbody>
<tr>
<td valign="top" width="28">1</td>
<td valign="top" width="524"><a href="http://www.itakaescolapios.org/campanas/2014-2015-ven-y-veras-la-realidad-que-hay-detras/recordando-la-campana-estamos-por-ti-educamos-contigo/" target="_blank" rel="noopener noreferrer">RECORDANDO LA CAMPAÑA: “Estamos por ti, educamos contigo”</a></td>
</tr>
<tr>
<td valign="top" width="28">2</td>
<td valign="top" width="524"><a href="http://www.itakaescolapios.org/campanas/2014-2015-ven-y-veras-la-realidad-que-hay-detras/ven-y-veras-la-realidad-que-hay-detras/" target="_blank" rel="noopener noreferrer">VEN Y VERÁS, la realidad que hay detrás</a></td>
</tr>
<tr>
<td valign="top" width="28">3</td>
<td valign="top" width="524"><a href="http://www.itakaescolapios.org/campanas/2014-2015-ven-y-veras-la-realidad-que-hay-detras/proyectos-educativos-de-los-escolapios-apoyados-en-la-campana-de-solidaridad/" target="_blank" rel="noopener noreferrer">PROYECTOS EDUCATIVOS DE LOS ESCOLAPIOS APOYADOS EN LA CAMPAÑA DE SOLIDARIDAD</a></td>
</tr>
<tr>
<td valign="top" width="28">4</td>
<td valign="top" width="524"><a href="http://www.itakaescolapios.org/campanas/2014-2015-ven-y-veras-la-realidad-que-hay-detras/los-ninos-y-ninas-nos-cuentan-los-proyectos/" target="_blank" rel="noopener noreferrer">LOS NIÑOS Y LAS NIÑAS NOS CUENTAN LOS PROYECTOS</a></td>
</tr>
<tr>
<td valign="top" width="28">5</td>
<td valign="top" width="524"><a href="http://www.itakaescolapios.org/campanas/2014-2015-ven-y-veras-la-realidad-que-hay-detras/ojos-bajitos-un-punto-de-vista-diferente/" target="_blank" rel="noopener noreferrer">OJOS BAJITOS. Un punto de vista diferente.</a></td>
</tr>
<tr>
<td valign="top" width="28">6</td>
<td valign="top" width="524"><a href="http://www.itakaescolapios.org/campanas/2014-2015-ven-y-veras-la-realidad-que-hay-detras/mira-y-entenderas/" target="_blank" rel="noopener noreferrer">MIRA Y ENTENDERÁS.</a></td>
</tr>
<tr>
<td valign="top" width="28">7</td>
<td valign="top" width="524"><a href="http://www.itakaescolapios.org/campanas/2014-2015-ven-y-veras-la-realidad-que-hay-detras/dossier-de-actividades-para-el-aula/" target="_blank" rel="noopener noreferrer">DOSSIER DE ACTIVIDADES PARA EL AULA.</a></td>
</tr>
</tbody>
</table>
<p></p>

<p>Sentitzen dugu, baina sarrera hau Espainiera (Europa)-z bakarrik dago.http://youtu.be/J1GC1f3Qq4I Si algo caracteriza la labor educativa inspirada por S. José de Calasanz es la centralidad de los [&hellip;]</p>
