{"id":1750,"date":"2019-02-25T12:35:44","date_gmt":"2019-02-25T11:35:44","guid":{"rendered":"http:\/\/www.educa.itakaescolapios.org\/?page_id=1750"},"modified":"2023-05-02T09:38:58","modified_gmt":"2023-05-02T07:38:58","slug":"2018-2019-al-ritmo-de-congo","status":"publish","type":"page","link":"https:\/\/www.educa.itakaescolapios.org\/fr\/campanas\/2018-2019-al-ritmo-de-congo","title":{"rendered":"2018-2019 Al ritmo de Congo"},"content":{"rendered":"<p class=\"qtranxs-available-languages-message qtranxs-available-languages-message-fr\">D\u00e9sol\u00e9, cet article est seulement disponible en <a href=\"https:\/\/www.educa.itakaescolapios.org\/es\/wp-json\/wp\/v2\/pages\/1750\" class=\"qtranxs-available-language-link qtranxs-available-language-link-es\" title=\"Espa\u00f1ol\">Espagnol Europ\u00e9en<\/a> et <a href=\"https:\/\/www.educa.itakaescolapios.org\/eu\/wp-json\/wp\/v2\/pages\/1750\" class=\"qtranxs-available-language-link qtranxs-available-language-link-eu\" title=\"Euskera\">Basque<\/a>.<\/p><p>https:\/\/youtu.be\/wKAH4a53RCE<\/p>\n<p>La campa\u00f1a de solidaridad de Itaka-Escolapios aborda este a\u00f1o un nuevo e ilusionante reto: dirigimos nuestras miradas y esfuerzos a la Rep\u00fablica Democr\u00e1tica del Congo, un pa\u00eds en pleno coraz\u00f3n de \u00c1frica que encarna como ninguno la fuerza, la riqueza y los sue\u00f1os del continente, aunque tambi\u00e9n sus graves problemas e injusticias.<\/p>\n<p>La misi\u00f3n escolapia en la Rep\u00fablica Democr\u00e1tica del Congo se desarrolla en un contexto especialmente dif\u00edcil, por la gran inestabilidad pol\u00edtica y la persistencia de graves carencias para la mayor parte de su poblaci\u00f3n, que vive en la pobreza. Es por eso tambi\u00e9n que el trabajo all\u00e1 es tan necesario.<\/p>\n<p>Pero la realidad de la R.D.C. , afortunadamente, no se reduce a esta imagen de negatividad: el pa\u00eds posee un gran potencialidad cultural y humano gracias al que cabe aspirar a un futuro mejor, que ha de ser construido con la ayuda especialmente de la educaci\u00f3n.<\/p>\n<p>Siguiendo el lema de este curso, la campa\u00f1a de solidaridad pone EN TUS MANOS -nuestras manos- los desaf\u00edos y necesidades de la misi\u00f3n escolapia en la R.D. Congo. Y junto a ello, los sue\u00f1os de tantas ni\u00f1as, ni\u00f1os y j\u00f3venes que son los verdaderos protagonistas de nuestros proyectos all\u00e1.<\/p>","protected":false},"excerpt":{"rendered":"<p>D\u00e9sol\u00e9, cet article est seulement disponible en Espagnol Europ\u00e9en et Basque.https:\/\/youtu.be\/wKAH4a53RCE La campa\u00f1a de solidaridad de Itaka-Escolapios aborda este a\u00f1o un nuevo e ilusionante reto: dirigimos [&hellip;]<\/p>\n","protected":false},"author":1,"featured_media":1752,"parent":70,"menu_order":93,"comment_status":"closed","ping_status":"closed","template":"","meta":[],"acf":[],"_links":{"self":[{"href":"https:\/\/www.educa.itakaescolapios.org\/fr\/wp-json\/wp\/v2\/pages\/1750"}],"collection":[{"href":"https:\/\/www.educa.itakaescolapios.org\/fr\/wp-json\/wp\/v2\/pages"}],"about":[{"href":"https:\/\/www.educa.itakaescolapios.org\/fr\/wp-json\/wp\/v2\/types\/page"}],"author":[{"embeddable":true,"href":"https:\/\/www.educa.itakaescolapios.org\/fr\/wp-json\/wp\/v2\/users\/1"}],"replies":[{"embeddable":true,"href":"https:\/\/www.educa.itakaescolapios.org\/fr\/wp-json\/wp\/v2\/comments?post=1750"}],"version-history":[{"count":7,"href":"https:\/\/www.educa.itakaescolapios.org\/fr\/wp-json\/wp\/v2\/pages\/1750\/revisions"}],"predecessor-version":[{"id":7590,"href":"https:\/\/www.educa.itakaescolapios.org\/fr\/wp-json\/wp\/v2\/pages\/1750\/revisions\/7590"}],"up":[{"embeddable":true,"href":"https:\/\/www.educa.itakaescolapios.org\/fr\/wp-json\/wp\/v2\/pages\/70"}],"wp:featuredmedia":[{"embeddable":true,"href":"https:\/\/www.educa.itakaescolapios.org\/fr\/wp-json\/wp\/v2\/media\/1752"}],"wp:attachment":[{"href":"https:\/\/www.educa.itakaescolapios.org\/fr\/wp-json\/wp\/v2\/media?parent=1750"}],"curies":[{"name":"wp","href":"https:\/\/api.w.org\/{rel}","templated":true}]}}

<p class="qtranxs-available-languages-message qtranxs-available-languages-message-fr">Désolé, cet article est seulement disponible en <a href="https://www.educa.itakaescolapios.org/es/wp-json/wp/v2/pages/1750" class="qtranxs-available-language-link qtranxs-available-language-link-es" title="Español">Espagnol Européen</a> et <a href="https://www.educa.itakaescolapios.org/eu/wp-json/wp/v2/pages/1750" class="qtranxs-available-language-link qtranxs-available-language-link-eu" title="Euskera">Basque</a>.</p><p>https://youtu.be/wKAH4a53RCE</p>
<p>La campaña de solidaridad de Itaka-Escolapios aborda este año un nuevo e ilusionante reto: dirigimos nuestras miradas y esfuerzos a la República Democrática del Congo, un país en pleno corazón de África que encarna como ninguno la fuerza, la riqueza y los sueños del continente, aunque también sus graves problemas e injusticias.</p>
<p>La misión escolapia en la República Democrática del Congo se desarrolla en un contexto especialmente difícil, por la gran inestabilidad política y la persistencia de graves carencias para la mayor parte de su población, que vive en la pobreza. Es por eso también que el trabajo allá es tan necesario.</p>
<p>Pero la realidad de la R.D.C. , afortunadamente, no se reduce a esta imagen de negatividad: el país posee un gran potencialidad cultural y humano gracias al que cabe aspirar a un futuro mejor, que ha de ser construido con la ayuda especialmente de la educación.</p>
<p>Siguiendo el lema de este curso, la campaña de solidaridad pone EN TUS MANOS -nuestras manos- los desafíos y necesidades de la misión escolapia en la R.D. Congo. Y junto a ello, los sueños de tantas niñas, niños y jóvenes que son los verdaderos protagonistas de nuestros proyectos allá.</p>

<p>Désolé, cet article est seulement disponible en Espagnol Européen et Basque.https://youtu.be/wKAH4a53RCE La campaña de solidaridad de Itaka-Escolapios aborda este año un nuevo e ilusionante reto: dirigimos [&hellip;]</p>
