{"id":1775,"date":"2019-02-25T13:12:20","date_gmt":"2019-02-25T12:12:20","guid":{"rendered":"http:\/\/www.educa.itakaescolapios.org\/?page_id=1775"},"modified":"2023-04-25T10:39:26","modified_gmt":"2023-04-25T08:39:26","slug":"propuesta-de-actividades-de-la-expedicion-itaka-escolapios","status":"publish","type":"page","link":"https:\/\/www.educa.itakaescolapios.org\/fr\/campanas\/2018-2019-al-ritmo-de-congo\/propuesta-de-actividades-de-la-expedicion-itaka-escolapios","title":{"rendered":"PROPOSITION D\u2019ACTIVIT\u00c9S DE L\u2019EXP\u00c9DITION ITAKA-ESCOLAPIOS"},"content":{"rendered":"<p><\/p>\n<p><a href=\"http:\/\/www.itakaescolapios.org\/wp-content\/uploads\/2018\/10\/CARTEL-ITAKA-FRANCES-18193.jpg\"><img decoding=\"async\" loading=\"lazy\" class=\"alignleft  wp-image-25196\" src=\"http:\/\/www.itakaescolapios.org\/wp-content\/uploads\/2018\/10\/CARTEL-ITAKA-FRANCES-18193-1024x731.jpg\" alt=\"CARTEL ITAKA FRANCES 18193\" width=\"300\" height=\"214\" \/><\/a>Apr\u00e8s avoir termin\u00e9 la campagne de l\u2019ann\u00e9e derni\u00e8re qui avait pour objectif d\u2019am\u00e9liorer la qualit\u00e9 de l\u2019\u00e9ducation au S\u00e9n\u00e9gal, nous nous lan\u00e7ons dans une nouvelle aventure dirig\u00e9e par Calasanz, dans le but de d\u00e9couvrir une nouvelle r\u00e9alit\u00e9 piariste en Afrique Centrale, la R\u00e9publique D\u00e9mocratique du Congo (RDC).<\/p>\n<p>Notre exp\u00e9dition, apr\u00e8s un voyage en cano\u00eb sur le fleuve S\u00e9n\u00e9gal, continue sur la terre ferme et depuis Dakar se d\u00e9placera directement \u00e0 Kinshasa en RDC. L\u00e0-bas, ils connaitront deux nouveaux personnages qui les accompagneront dans leur voyage \u00e0 travers le pays, Elykia et Esengo. L\u2019exp\u00e9dition aura lieu en plein c\u0153ur de la RDC, un pays qui connait une situation d&rsquo;instabilit\u00e9 politique et \u00e9conomique provoqu\u00e9e par les conflits arm\u00e9s, fruits de l\u2019exploitation de ses grandes ressources naturelles.<\/p>\n<p>L\u2019\u00e9quipage Itaka-Escolapios nous propose sept activit\u00e9s qui nous aideront \u00e0 connaitre la r\u00e9alit\u00e9 du pays, de l\u2019\u00c9cole Pie congolaise et des gar\u00e7ons, filles et jeunes gens qui ont recours \u00e0 ses \u00e9coles et projets socio-\u00e9ducatifs. Elykia et Esongo, ses nouveaux \u00e9quipiers, nous pr\u00e9senteront de mani\u00e8re sp\u00e9ciale la situation dans laquelle vivent les filles et les femmes de ce pays.<\/p>\n<p>Cliquez sur le titre de chacune d\u2019entre elles et cela vous m\u00e8nera \u00e0 la proposition d\u2019activit\u00e9 que nous font chacun des composants de l\u2019exp\u00e9dition.<\/p>\n<h1 style=\"text-align: center;\"><a href=\"http:\/\/www.itakaescolapios.org\/fr\/orando-con-calasanz\/\" target=\"_blank\" rel=\"noopener noreferrer\"><strong><span style=\"color: #808000;\">PRI\u00c8RE AVEC CALASANZ<\/span><\/strong><\/a><\/h1>\n<p><a href=\"http:\/\/www.itakaescolapios.org\/fr\/orando-con-calasanz\/\" target=\"_blank\" rel=\"noopener noreferrer\">\u00a0<\/a><\/p>\n<h1 style=\"text-align: center;\"><strong>\u00a0<span style=\"color: #808000;\"><a href=\"http:\/\/www.itakaescolapios.org\/fr\/amawole\/\" target=\"_blank\" rel=\"noopener noreferrer\">AMAWOL\u00c9<\/a><\/span><\/strong><\/h1>\n<h1 style=\"text-align: center;\"><a href=\"http:\/\/www.itakaescolapios.org\/fr\/sumate-a-la-fiesta\/\" target=\"_blank\" rel=\"noopener noreferrer\"><strong><span style=\"color: #808000;\">\u00a0REJOINS LA F\u00caTE<\/span><\/strong><\/a><\/h1>\n<p><a href=\"http:\/\/www.itakaescolapios.org\/fr\/sumate-a-la-fiesta\/\" target=\"_blank\" rel=\"noopener noreferrer\">\u00a0<\/a><\/p>\n<h1 style=\"text-align: center;\"><strong><span style=\"color: #808000;\">\u00a0<\/span><span style=\"color: #808000;\"><a href=\"http:\/\/www.itakaescolapios.org\/fr\/cultivando\/\" target=\"_blank\" rel=\"noopener noreferrer\">CULTURE<\/a><\/span><\/strong><\/h1>\n<h1 style=\"text-align: center;\"><a href=\"http:\/\/www.itakaescolapios.org\/fr\/creciendo-en-valores\/\" target=\"_blank\" rel=\"noopener noreferrer\"><strong><span style=\"color: #808000;\">\u00a0GRANDIR DANS LES VALEURS<\/span><\/strong><\/a><\/h1>\n<p><a href=\"http:\/\/www.itakaescolapios.org\/fr\/creciendo-en-valores\/\" target=\"_blank\" rel=\"noopener noreferrer\">\u00a0<\/a><\/p>\n<h1 style=\"text-align: center;\"><strong><span style=\"color: #808000;\">\u00a0<\/span><span style=\"color: #808000;\"><a href=\"http:\/\/www.itakaescolapios.org\/fr\/prejuicios\/\" target=\"_blank\" rel=\"noopener noreferrer\">PREJUG\u00c9S<\/a><\/span><\/strong><\/h1>\n<h1 style=\"text-align: center;\"><strong><span style=\"color: #808000;\">\u00a0<\/span><span style=\"color: #808000;\"><a href=\"http:\/\/www.itakaescolapios.org\/fr\/photocall\/\" target=\"_blank\" rel=\"noopener noreferrer\">PHOTOCALL<\/a><\/span><\/strong><\/h1>\n<p><\/p>","protected":false},"excerpt":{"rendered":"<p>Apr\u00e8s avoir termin\u00e9 la campagne de l\u2019ann\u00e9e derni\u00e8re qui avait pour objectif d\u2019am\u00e9liorer la qualit\u00e9 de l\u2019\u00e9ducation au S\u00e9n\u00e9gal, nous nous lan\u00e7ons dans une nouvelle aventure [&hellip;]<\/p>\n","protected":false},"author":1,"featured_media":0,"parent":1750,"menu_order":0,"comment_status":"closed","ping_status":"closed","template":"","meta":[],"acf":[],"_links":{"self":[{"href":"https:\/\/www.educa.itakaescolapios.org\/fr\/wp-json\/wp\/v2\/pages\/1775"}],"collection":[{"href":"https:\/\/www.educa.itakaescolapios.org\/fr\/wp-json\/wp\/v2\/pages"}],"about":[{"href":"https:\/\/www.educa.itakaescolapios.org\/fr\/wp-json\/wp\/v2\/types\/page"}],"author":[{"embeddable":true,"href":"https:\/\/www.educa.itakaescolapios.org\/fr\/wp-json\/wp\/v2\/users\/1"}],"replies":[{"embeddable":true,"href":"https:\/\/www.educa.itakaescolapios.org\/fr\/wp-json\/wp\/v2\/comments?post=1775"}],"version-history":[{"count":8,"href":"https:\/\/www.educa.itakaescolapios.org\/fr\/wp-json\/wp\/v2\/pages\/1775\/revisions"}],"predecessor-version":[{"id":7586,"href":"https:\/\/www.educa.itakaescolapios.org\/fr\/wp-json\/wp\/v2\/pages\/1775\/revisions\/7586"}],"up":[{"embeddable":true,"href":"https:\/\/www.educa.itakaescolapios.org\/fr\/wp-json\/wp\/v2\/pages\/1750"}],"wp:attachment":[{"href":"https:\/\/www.educa.itakaescolapios.org\/fr\/wp-json\/wp\/v2\/media?parent=1775"}],"curies":[{"name":"wp","href":"https:\/\/api.w.org\/{rel}","templated":true}]}}

PROPOSITION D’ACTIVITÉS DE L’EXPÉDITION ITAKA-ESCOLAPIOS

<p></p>
<p><a href="http://www.itakaescolapios.org/wp-content/uploads/2018/10/CARTEL-ITAKA-FRANCES-18193.jpg"><img decoding="async" loading="lazy" class="alignleft  wp-image-25196" src="http://www.itakaescolapios.org/wp-content/uploads/2018/10/CARTEL-ITAKA-FRANCES-18193-1024x731.jpg" alt="CARTEL ITAKA FRANCES 18193" width="300" height="214" /></a>Après avoir terminé la campagne de l’année dernière qui avait pour objectif d’améliorer la qualité de l’éducation au Sénégal, nous nous lançons dans une nouvelle aventure dirigée par Calasanz, dans le but de découvrir une nouvelle réalité piariste en Afrique Centrale, la République Démocratique du Congo (RDC).</p>
<p>Notre expédition, après un voyage en canoë sur le fleuve Sénégal, continue sur la terre ferme et depuis Dakar se déplacera directement à Kinshasa en RDC. Là-bas, ils connaitront deux nouveaux personnages qui les accompagneront dans leur voyage à travers le pays, Elykia et Esengo. L’expédition aura lieu en plein cœur de la RDC, un pays qui connait une situation d&rsquo;instabilité politique et économique provoquée par les conflits armés, fruits de l’exploitation de ses grandes ressources naturelles.</p>
<p>L’équipage Itaka-Escolapios nous propose sept activités qui nous aideront à connaitre la réalité du pays, de l’École Pie congolaise et des garçons, filles et jeunes gens qui ont recours à ses écoles et projets socio-éducatifs. Elykia et Esongo, ses nouveaux équipiers, nous présenteront de manière spéciale la situation dans laquelle vivent les filles et les femmes de ce pays.</p>
<p>Cliquez sur le titre de chacune d’entre elles et cela vous mènera à la proposition d’activité que nous font chacun des composants de l’expédition.</p>
<h1 style="text-align: center;"><a href="http://www.itakaescolapios.org/fr/orando-con-calasanz/" target="_blank" rel="noopener noreferrer"><strong><span style="color: #808000;">PRIÈRE AVEC CALASANZ</span></strong></a></h1>
<p><a href="http://www.itakaescolapios.org/fr/orando-con-calasanz/" target="_blank" rel="noopener noreferrer"> </a></p>
<h1 style="text-align: center;"><strong> <span style="color: #808000;"><a href="http://www.itakaescolapios.org/fr/amawole/" target="_blank" rel="noopener noreferrer">AMAWOLÉ</a></span></strong></h1>
<h1 style="text-align: center;"><a href="http://www.itakaescolapios.org/fr/sumate-a-la-fiesta/" target="_blank" rel="noopener noreferrer"><strong><span style="color: #808000;"> REJOINS LA FÊTE</span></strong></a></h1>
<p><a href="http://www.itakaescolapios.org/fr/sumate-a-la-fiesta/" target="_blank" rel="noopener noreferrer"> </a></p>
<h1 style="text-align: center;"><strong><span style="color: #808000;"> </span><span style="color: #808000;"><a href="http://www.itakaescolapios.org/fr/cultivando/" target="_blank" rel="noopener noreferrer">CULTURE</a></span></strong></h1>
<h1 style="text-align: center;"><a href="http://www.itakaescolapios.org/fr/creciendo-en-valores/" target="_blank" rel="noopener noreferrer"><strong><span style="color: #808000;"> GRANDIR DANS LES VALEURS</span></strong></a></h1>
<p><a href="http://www.itakaescolapios.org/fr/creciendo-en-valores/" target="_blank" rel="noopener noreferrer"> </a></p>
<h1 style="text-align: center;"><strong><span style="color: #808000;"> </span><span style="color: #808000;"><a href="http://www.itakaescolapios.org/fr/prejuicios/" target="_blank" rel="noopener noreferrer">PREJUGÉS</a></span></strong></h1>
<h1 style="text-align: center;"><strong><span style="color: #808000;"> </span><span style="color: #808000;"><a href="http://www.itakaescolapios.org/fr/photocall/" target="_blank" rel="noopener noreferrer">PHOTOCALL</a></span></strong></h1>
<p></p>

<p>Après avoir terminé la campagne de l’année dernière qui avait pour objectif d’améliorer la qualité de l’éducation au Sénégal, nous nous lançons dans une nouvelle aventure [&hellip;]</p>
