{"id":232,"date":"2013-10-23T17:28:54","date_gmt":"2013-10-23T15:28:54","guid":{"rendered":"http:\/\/www.educa.itakaescolapios.org\/?page_id=232"},"modified":"2023-05-02T09:46:40","modified_gmt":"2023-05-02T07:46:40","slug":"2013-2014-estamos-por-ti-educamos-contigo","status":"publish","type":"page","link":"https:\/\/www.educa.itakaescolapios.org\/fr\/campanas\/2013-2014-estamos-por-ti-educamos-contigo","title":{"rendered":"2013-2014 Estamos por ti, educamos contigo"},"content":{"rendered":"<p class=\"qtranxs-available-languages-message qtranxs-available-languages-message-fr\">D\u00e9sol\u00e9, cet article est seulement disponible en <a href=\"https:\/\/www.educa.itakaescolapios.org\/es\/wp-json\/wp\/v2\/pages\/232\" class=\"qtranxs-available-language-link qtranxs-available-language-link-es\" title=\"Espa\u00f1ol\">Espagnol Europ\u00e9en<\/a>.<\/p><p><iframe loading=\"lazy\" src=\"\/\/www.youtube.com\/embed\/vI_5KpdvR60\" width=\"560\" height=\"315\" frameborder=\"0\" allowfullscreen=\"allowfullscreen\"><\/iframe><\/p>\n<div id=\"stcpDiv\">\n<p>Desde los tiempos de su fundaci\u00f3n, las Escuelas P\u00edas han orientado su misi\u00f3n y sus esfuerzos a extender el acceso a la educaci\u00f3n a todas las personas, especialmente a la infancia en situaci\u00f3n m\u00e1s desfavorecida. San Jos\u00e9 de Calasanz, quien inici\u00f3 en 1597 la primera escuela popular gratuita de Europa en el Trast\u00e9vere de Roma, promovi\u00f3 algo revolucionario en su tiempo: ofrecer una educaci\u00f3n integral para todos, como condici\u00f3n para el desarrollo de una vida digna y plena. As\u00ed mismo, Calasanz uni\u00f3 su vocaci\u00f3n educativa a una certeza: la del extraordinario poder de la educaci\u00f3n para transformar la sociedad, que la convierte en clave para construir un mundo mejor. Hoy en d\u00eda, m\u00e1s de cuatro siglos despu\u00e9s, los planteamientos sobre la importancia de la educaci\u00f3n han sido asumidos de forma general, pero el logro de la educaci\u00f3n para todas las personas es una asignatura pendiente a\u00fan para la humanidad. Puedes acceder a los contenidos de la campa\u00f1a en los siguientes enlaces:<\/p>\n<table border=\"1\" width=\"552\" cellspacing=\"0\" cellpadding=\"0\">\n<tbody>\n<tr>\n<td valign=\"top\" width=\"28\">1<\/td>\n<td valign=\"top\" width=\"524\"><a href=\"http:\/\/www.itakaescolapios.org\/campanas\/estamos-por-ti-educamos-contigo\/recordando-la-campana-la-educacion-multiplica-el-futuro\/\">RECORDANDO LA CAMPA\u00d1A: \u201cLa educaci\u00f3n multiplica el futuro\u201d<\/a><\/td>\n<\/tr>\n<tr>\n<td valign=\"top\" width=\"28\">2<\/td>\n<td valign=\"top\" width=\"524\"><a href=\"http:\/\/www.itakaescolapios.org\/campanas\/estamos-por-ti-educamos-contigo\/estamos-por-ti\/\">ESTAMOS POR TI.<\/a><\/td>\n<\/tr>\n<tr>\n<td valign=\"top\" width=\"28\">3<\/td>\n<td valign=\"top\" width=\"524\"><a href=\"http:\/\/www.itakaescolapios.org\/campanas\/estamos-por-ti-educamos-contigo\/estamos-por-ti\/\">ESTAMOS POR TI, educamos contigo<\/a>.<\/td>\n<\/tr>\n<tr>\n<td valign=\"top\" width=\"28\">4<\/td>\n<td valign=\"top\" width=\"524\"><a href=\"http:\/\/www.itakaescolapios.org\/campanas\/estamos-por-ti-educamos-contigo\/itaka-escolapios-y-su-presencia-en-los-trasteveres-del-mundo\/\">ITAKA-ESCOLAPIOS Y SU PRESENCIA EN LOS TRASTEVERES DEL MUNDO<\/a><\/td>\n<\/tr>\n<tr>\n<td valign=\"top\" width=\"28\">5<\/td>\n<td valign=\"top\" width=\"524\"><a href=\"http:\/\/www.itakaescolapios.org\/campanas\/estamos-por-ti-educamos-contigo\/superheroes-al-servicio-de-la-educacion\/\">SUPERH\u00c9ROES AL SERVICIO DE LA EDUCACI\u00d3N<\/a><\/td>\n<\/tr>\n<tr>\n<td valign=\"top\" width=\"28\">6<\/td>\n<td valign=\"top\" width=\"524\"><a href=\"http:\/\/www.itakaescolapios.org\/campanas\/estamos-por-ti-educamos-contigo\/carteleria\/\">CARTELER\u00cdA<\/a>.<\/td>\n<\/tr>\n<tr>\n<td valign=\"top\" width=\"28\">7<\/td>\n<td valign=\"top\" width=\"524\"><a href=\"http:\/\/www.itakaescolapios.org\/campanas\/estamos-por-ti-educamos-contigo\/otros-recursos\/\">OTROS RECURSOS<\/a><\/td>\n<\/tr>\n<tr>\n<td valign=\"top\" width=\"28\">8<\/td>\n<td valign=\"top\" width=\"524\"><a href=\"http:\/\/www.itakaescolapios.org\/campanas\/estamos-por-ti-educamos-contigo\/dossier-de-actividades\/\">DOSSIER DE ACTIVIDADES.<\/a><\/td>\n<\/tr>\n<\/tbody>\n<\/table>\n<\/div>\n<p><\/p>","protected":false},"excerpt":{"rendered":"<p>D\u00e9sol\u00e9, cet article est seulement disponible en Espagnol Europ\u00e9en. Desde los tiempos de su fundaci\u00f3n, las Escuelas P\u00edas han orientado su misi\u00f3n y sus esfuerzos a [&hellip;]<\/p>\n","protected":false},"author":1,"featured_media":1504,"parent":70,"menu_order":98,"comment_status":"closed","ping_status":"closed","template":"","meta":[],"acf":[],"_links":{"self":[{"href":"https:\/\/www.educa.itakaescolapios.org\/fr\/wp-json\/wp\/v2\/pages\/232"}],"collection":[{"href":"https:\/\/www.educa.itakaescolapios.org\/fr\/wp-json\/wp\/v2\/pages"}],"about":[{"href":"https:\/\/www.educa.itakaescolapios.org\/fr\/wp-json\/wp\/v2\/types\/page"}],"author":[{"embeddable":true,"href":"https:\/\/www.educa.itakaescolapios.org\/fr\/wp-json\/wp\/v2\/users\/1"}],"replies":[{"embeddable":true,"href":"https:\/\/www.educa.itakaescolapios.org\/fr\/wp-json\/wp\/v2\/comments?post=232"}],"version-history":[{"count":3,"href":"https:\/\/www.educa.itakaescolapios.org\/fr\/wp-json\/wp\/v2\/pages\/232\/revisions"}],"predecessor-version":[{"id":7595,"href":"https:\/\/www.educa.itakaescolapios.org\/fr\/wp-json\/wp\/v2\/pages\/232\/revisions\/7595"}],"up":[{"embeddable":true,"href":"https:\/\/www.educa.itakaescolapios.org\/fr\/wp-json\/wp\/v2\/pages\/70"}],"wp:featuredmedia":[{"embeddable":true,"href":"https:\/\/www.educa.itakaescolapios.org\/fr\/wp-json\/wp\/v2\/media\/1504"}],"wp:attachment":[{"href":"https:\/\/www.educa.itakaescolapios.org\/fr\/wp-json\/wp\/v2\/media?parent=232"}],"curies":[{"name":"wp","href":"https:\/\/api.w.org\/{rel}","templated":true}]}}

<p class="qtranxs-available-languages-message qtranxs-available-languages-message-fr">Désolé, cet article est seulement disponible en <a href="https://www.educa.itakaescolapios.org/es/wp-json/wp/v2/pages/232" class="qtranxs-available-language-link qtranxs-available-language-link-es" title="Español">Espagnol Européen</a>.</p><p><iframe loading="lazy" src="//www.youtube.com/embed/vI_5KpdvR60" width="560" height="315" frameborder="0" allowfullscreen="allowfullscreen"></iframe></p>
<div id="stcpDiv">
<p>Desde los tiempos de su fundación, las Escuelas Pías han orientado su misión y sus esfuerzos a extender el acceso a la educación a todas las personas, especialmente a la infancia en situación más desfavorecida. San José de Calasanz, quien inició en 1597 la primera escuela popular gratuita de Europa en el Trastévere de Roma, promovió algo revolucionario en su tiempo: ofrecer una educación integral para todos, como condición para el desarrollo de una vida digna y plena. Así mismo, Calasanz unió su vocación educativa a una certeza: la del extraordinario poder de la educación para transformar la sociedad, que la convierte en clave para construir un mundo mejor. Hoy en día, más de cuatro siglos después, los planteamientos sobre la importancia de la educación han sido asumidos de forma general, pero el logro de la educación para todas las personas es una asignatura pendiente aún para la humanidad. Puedes acceder a los contenidos de la campaña en los siguientes enlaces:</p>
<table border="1" width="552" cellspacing="0" cellpadding="0">
<tbody>
<tr>
<td valign="top" width="28">1</td>
<td valign="top" width="524"><a href="http://www.itakaescolapios.org/campanas/estamos-por-ti-educamos-contigo/recordando-la-campana-la-educacion-multiplica-el-futuro/">RECORDANDO LA CAMPAÑA: “La educación multiplica el futuro”</a></td>
</tr>
<tr>
<td valign="top" width="28">2</td>
<td valign="top" width="524"><a href="http://www.itakaescolapios.org/campanas/estamos-por-ti-educamos-contigo/estamos-por-ti/">ESTAMOS POR TI.</a></td>
</tr>
<tr>
<td valign="top" width="28">3</td>
<td valign="top" width="524"><a href="http://www.itakaescolapios.org/campanas/estamos-por-ti-educamos-contigo/estamos-por-ti/">ESTAMOS POR TI, educamos contigo</a>.</td>
</tr>
<tr>
<td valign="top" width="28">4</td>
<td valign="top" width="524"><a href="http://www.itakaescolapios.org/campanas/estamos-por-ti-educamos-contigo/itaka-escolapios-y-su-presencia-en-los-trasteveres-del-mundo/">ITAKA-ESCOLAPIOS Y SU PRESENCIA EN LOS TRASTEVERES DEL MUNDO</a></td>
</tr>
<tr>
<td valign="top" width="28">5</td>
<td valign="top" width="524"><a href="http://www.itakaescolapios.org/campanas/estamos-por-ti-educamos-contigo/superheroes-al-servicio-de-la-educacion/">SUPERHÉROES AL SERVICIO DE LA EDUCACIÓN</a></td>
</tr>
<tr>
<td valign="top" width="28">6</td>
<td valign="top" width="524"><a href="http://www.itakaescolapios.org/campanas/estamos-por-ti-educamos-contigo/carteleria/">CARTELERÍA</a>.</td>
</tr>
<tr>
<td valign="top" width="28">7</td>
<td valign="top" width="524"><a href="http://www.itakaescolapios.org/campanas/estamos-por-ti-educamos-contigo/otros-recursos/">OTROS RECURSOS</a></td>
</tr>
<tr>
<td valign="top" width="28">8</td>
<td valign="top" width="524"><a href="http://www.itakaescolapios.org/campanas/estamos-por-ti-educamos-contigo/dossier-de-actividades/">DOSSIER DE ACTIVIDADES.</a></td>
</tr>
</tbody>
</table>
</div>
<p></p>

<p>Désolé, cet article est seulement disponible en Espagnol Européen. Desde los tiempos de su fundación, las Escuelas Pías han orientado su misión y sus esfuerzos a [&hellip;]</p>
