{"id":253,"date":"2018-04-03T13:43:51","date_gmt":"2018-04-03T11:43:51","guid":{"rendered":"http:\/\/www.educa.itakaescolapios.org\/?page_id=253"},"modified":"2018-04-03T13:52:58","modified_gmt":"2018-04-03T11:52:58","slug":"la-educacion-no-es-un-cuento","status":"publish","type":"page","link":"https:\/\/www.educa.itakaescolapios.org\/fr\/campanas\/2012-2013-la-educacion-multiplica-el-futuro\/la-educacion-no-es-un-cuento","title":{"rendered":"La educaci\u00f3n no es un cuento"},"content":{"rendered":"<p class=\"qtranxs-available-languages-message qtranxs-available-languages-message-fr\">D\u00e9sol\u00e9, cet article est seulement disponible en <a href=\"https:\/\/www.educa.itakaescolapios.org\/es\/wp-json\/wp\/v2\/pages\/253\" class=\"qtranxs-available-language-link qtranxs-available-language-link-es\" title=\"Espa\u00f1ol\">Espagnol Europ\u00e9en<\/a>.<\/p><p><a href=\"http:\/\/www.itakaescolapios.org\/campanas\/la-educacion-no-es-un-cuento\/pastorcito-2\/\" rel=\"attachment wp-att-4875\"><img decoding=\"async\" loading=\"lazy\" class=\"alignright size-medium wp-image-4875\" title=\"pastorcito\" src=\"http:\/\/www.itakaescolapios.org\/wp-content\/uploads\/2012\/11\/pastorcito1-163x300.jpg\" alt=\"\" width=\"163\" height=\"300\" \/><\/a>61 millones  de ni\u00f1os y ni\u00f1as en el mundo est\u00e1n sin escolarizar y cerca de 200 millones  a pesar de haber sido escolarizados no alcanzan las competencias b\u00e1sicas  debido a la calidad precaria de la ense\u00f1anza que reciben.<\/p>\n<p>Os presentamos a continuaci\u00f3n una din\u00e1mica que tiene como objeto trabajar en familia el valor de la educaci\u00f3n como motor de cambio. Nos gustar\u00eda que trabajarais en vuestro hogar las realidades de la educaci\u00f3n en otros lugares del mundo y que les ayud\u00e9is a vuestros hijos e hijas a escribir las vidas de los ni\u00f1os y ni\u00f1as presentados en la din\u00e1mica.<\/p>\n<p>Pinchando en cada enlace pod\u00e9is bajaros la actividad, unas fichas que a modo de cuento inician la historia de Hugo, Kavita y Therese.<\/p>\n<p>Esta actividad la pod\u00e9is completar en con el material de la actividad<a href=\"http:\/\/www.itakaescolapios.org\/campanas\/a-que-cole-vas\/\" target=\"_blank\"> \u201c\u00bfC\u00f3mo es mi cole?\u201d<\/a> din\u00e1mica que por medio de entrevistas, a diferentes ni\u00f1os y ni\u00f1as, nos describe la realidad educativa de Bolivia, Camer\u00fan, India, Brasil&#8230;<\/p>\n<p>Ficha actividad: <a href=\"http:\/\/www.educa.itakaescolapios.org\/cooperacion-norte-sur\/campana-2012-13.-la-educacion-no-es-un-cuento\/?searchterm=campa%C3%B1a*%202012-13*\" target=\"_blank\">\u201cLa educaci\u00f3n no es un cuento\u201d<\/a><\/p>\n<p>Cuentos:<\/p>\n<p><a href=\"http:\/\/www.itakaescolapios.org\/wp-content\/uploads\/2012\/11\/Hugo.pdf\" target=\"_blank\">Hugo el pastorcillo de Chayanta<\/a><\/p>\n<p><a href=\"http:\/\/www.itakaescolapios.org\/wp-content\/uploads\/2012\/11\/Kavita.pdf\" target=\"_blank\">Kavita la hija de Veena<\/a><\/p>\n<p><a href=\"http:\/\/www.itakaescolapios.org\/wp-content\/uploads\/2012\/11\/Therese.pdf\" target=\"_blank\">Therese la ni\u00f1a que queria ser maestra<\/a><\/p>","protected":false},"excerpt":{"rendered":"<p>D\u00e9sol\u00e9, cet article est seulement disponible en Espagnol Europ\u00e9en.61 millones de ni\u00f1os y ni\u00f1as en el mundo est\u00e1n sin escolarizar y cerca de 200 millones a [&hellip;]<\/p>\n","protected":false},"author":1,"featured_media":0,"parent":230,"menu_order":5,"comment_status":"closed","ping_status":"closed","template":"","meta":[],"acf":[],"_links":{"self":[{"href":"https:\/\/www.educa.itakaescolapios.org\/fr\/wp-json\/wp\/v2\/pages\/253"}],"collection":[{"href":"https:\/\/www.educa.itakaescolapios.org\/fr\/wp-json\/wp\/v2\/pages"}],"about":[{"href":"https:\/\/www.educa.itakaescolapios.org\/fr\/wp-json\/wp\/v2\/types\/page"}],"author":[{"embeddable":true,"href":"https:\/\/www.educa.itakaescolapios.org\/fr\/wp-json\/wp\/v2\/users\/1"}],"replies":[{"embeddable":true,"href":"https:\/\/www.educa.itakaescolapios.org\/fr\/wp-json\/wp\/v2\/comments?post=253"}],"version-history":[{"count":2,"href":"https:\/\/www.educa.itakaescolapios.org\/fr\/wp-json\/wp\/v2\/pages\/253\/revisions"}],"predecessor-version":[{"id":268,"href":"https:\/\/www.educa.itakaescolapios.org\/fr\/wp-json\/wp\/v2\/pages\/253\/revisions\/268"}],"up":[{"embeddable":true,"href":"https:\/\/www.educa.itakaescolapios.org\/fr\/wp-json\/wp\/v2\/pages\/230"}],"wp:attachment":[{"href":"https:\/\/www.educa.itakaescolapios.org\/fr\/wp-json\/wp\/v2\/media?parent=253"}],"curies":[{"name":"wp","href":"https:\/\/api.w.org\/{rel}","templated":true}]}}

La educación no es un cuento

<p class="qtranxs-available-languages-message qtranxs-available-languages-message-fr">Désolé, cet article est seulement disponible en <a href="https://www.educa.itakaescolapios.org/es/wp-json/wp/v2/pages/253" class="qtranxs-available-language-link qtranxs-available-language-link-es" title="Español">Espagnol Européen</a>.</p><p><a href="http://www.itakaescolapios.org/campanas/la-educacion-no-es-un-cuento/pastorcito-2/" rel="attachment wp-att-4875"><img decoding="async" loading="lazy" class="alignright size-medium wp-image-4875" title="pastorcito" src="http://www.itakaescolapios.org/wp-content/uploads/2012/11/pastorcito1-163x300.jpg" alt="" width="163" height="300" /></a>61 millones  de niños y niñas en el mundo están sin escolarizar y cerca de 200 millones  a pesar de haber sido escolarizados no alcanzan las competencias básicas  debido a la calidad precaria de la enseñanza que reciben.</p>
<p>Os presentamos a continuación una dinámica que tiene como objeto trabajar en familia el valor de la educación como motor de cambio. Nos gustaría que trabajarais en vuestro hogar las realidades de la educación en otros lugares del mundo y que les ayudéis a vuestros hijos e hijas a escribir las vidas de los niños y niñas presentados en la dinámica.</p>
<p>Pinchando en cada enlace podéis bajaros la actividad, unas fichas que a modo de cuento inician la historia de Hugo, Kavita y Therese.</p>
<p>Esta actividad la podéis completar en con el material de la actividad<a href="http://www.itakaescolapios.org/campanas/a-que-cole-vas/" target="_blank"> “¿Cómo es mi cole?”</a> dinámica que por medio de entrevistas, a diferentes niños y niñas, nos describe la realidad educativa de Bolivia, Camerún, India, Brasil&#8230;</p>
<p>Ficha actividad: <a href="http://www.educa.itakaescolapios.org/cooperacion-norte-sur/campana-2012-13.-la-educacion-no-es-un-cuento/?searchterm=campa%C3%B1a*%202012-13*" target="_blank">“La educación no es un cuento”</a></p>
<p>Cuentos:</p>
<p><a href="http://www.itakaescolapios.org/wp-content/uploads/2012/11/Hugo.pdf" target="_blank">Hugo el pastorcillo de Chayanta</a></p>
<p><a href="http://www.itakaescolapios.org/wp-content/uploads/2012/11/Kavita.pdf" target="_blank">Kavita la hija de Veena</a></p>
<p><a href="http://www.itakaescolapios.org/wp-content/uploads/2012/11/Therese.pdf" target="_blank">Therese la niña que queria ser maestra</a></p>

<p>Désolé, cet article est seulement disponible en Espagnol Européen.61 millones de niños y niñas en el mundo están sin escolarizar y cerca de 200 millones a [&hellip;]</p>
