{"id":2621,"date":"2020-10-20T09:50:50","date_gmt":"2020-10-20T07:50:50","guid":{"rendered":"https:\/\/www.educa.itakaescolapios.org\/?page_id=2621"},"modified":"2020-11-17T16:21:32","modified_gmt":"2020-11-17T15:21:32","slug":"recordando-la-campana-compartiendo-mucha-vida","status":"publish","type":"page","link":"https:\/\/www.educa.itakaescolapios.org\/fr\/campanas\/2020-2021-reiniciando-para-transformar\/recordando-la-campana-compartiendo-mucha-vida","title":{"rendered":"SOUVENIR DE LA CAMPAGNE \u00ab PARTAGEANT LA  VIE EN ABONDANCE \u00bb"},"content":{"rendered":"<p>La campagne 2019-2020 nous invite \u00e0 poursuivre le passionnant chemin du synode des jeunes v\u00e9cu cette m\u00eame ann\u00e9e dans les \u00c9coles Pies et au sein d\u2019Itaka-Escolapios.\u00a0 Nous avons voulu souligner l\u2019importance et l\u2019urgence de la mission piariste avec les plus jeunes, en particulier avec les plus vuln\u00e9rables.<\/p>\n<p>Nous avons pu commencer la campagne en novembre\u00a02019, mais son d\u00e9veloppement a \u00e9t\u00e9 interrompu mi-mars en Espagne, puis dans les autres pays du r\u00e9seau.<\/p>\n<p>Le d\u00e9veloppement anormal des activit\u00e9s dans nos \u00e9coles a emp\u00each\u00e9 que beaucoup d\u2019entre elles se joignent \u00e0 la campagne\u00a0: seules <strong>vingt \u00e9coles sont rest\u00e9es actives<\/strong>. Sans aucun doute, l\u2019effort r\u00e9alis\u00e9 par beaucoup d\u2019entre elles, en innovant et en proposant de nouvelles activit\u00e9s en \u00e9poques de confinement, d\u00e9cuple la valeur des <strong>67\u00a0708,45\u00a0\u20ac envoy\u00e9s aux centres socio-\u00e9ducatifs du r\u00e9seau en Am\u00e9rique. <\/strong><\/p>\n<p><a href=\"https:\/\/www.educa.itakaescolapios.org\/wp-content\/uploads\/2020\/11\/CARTEL-GRACIAS-2020-1-scaled.jpg\" target=\"_blank\" rel=\"noopener noreferrer\"><img decoding=\"async\" loading=\"lazy\" class=\"wp-image-2633 aligncenter\" src=\"https:\/\/www.educa.itakaescolapios.org\/wp-content\/uploads\/2020\/11\/CARTEL-GRACIAS-2020-1-300x212.jpg\" alt=\"\" width=\"800\" height=\"566\" srcset=\"https:\/\/www.educa.itakaescolapios.org\/wp-content\/uploads\/2020\/11\/CARTEL-GRACIAS-2020-1-300x212.jpg 300w, https:\/\/www.educa.itakaescolapios.org\/wp-content\/uploads\/2020\/11\/CARTEL-GRACIAS-2020-1-1024x724.jpg 1024w, https:\/\/www.educa.itakaescolapios.org\/wp-content\/uploads\/2020\/11\/CARTEL-GRACIAS-2020-1-768x543.jpg 768w, https:\/\/www.educa.itakaescolapios.org\/wp-content\/uploads\/2020\/11\/CARTEL-GRACIAS-2020-1-1536x1086.jpg 1536w, https:\/\/www.educa.itakaescolapios.org\/wp-content\/uploads\/2020\/11\/CARTEL-GRACIAS-2020-1-2048x1448.jpg 2048w, https:\/\/www.educa.itakaescolapios.org\/wp-content\/uploads\/2020\/11\/CARTEL-GRACIAS-2020-1-250x177.jpg 250w\" sizes=\"(max-width: 800px) 100vw, 800px\" \/><\/a><\/p>","protected":false},"excerpt":{"rendered":"<p>La campagne 2019-2020 nous invite \u00e0 poursuivre le passionnant chemin du synode des jeunes v\u00e9cu cette m\u00eame ann\u00e9e dans les \u00c9coles Pies et au sein d\u2019Itaka-Escolapios.\u00a0 [&hellip;]<\/p>\n","protected":false},"author":5,"featured_media":2633,"parent":2618,"menu_order":1,"comment_status":"closed","ping_status":"closed","template":"","meta":[],"acf":[],"_links":{"self":[{"href":"https:\/\/www.educa.itakaescolapios.org\/fr\/wp-json\/wp\/v2\/pages\/2621"}],"collection":[{"href":"https:\/\/www.educa.itakaescolapios.org\/fr\/wp-json\/wp\/v2\/pages"}],"about":[{"href":"https:\/\/www.educa.itakaescolapios.org\/fr\/wp-json\/wp\/v2\/types\/page"}],"author":[{"embeddable":true,"href":"https:\/\/www.educa.itakaescolapios.org\/fr\/wp-json\/wp\/v2\/users\/5"}],"replies":[{"embeddable":true,"href":"https:\/\/www.educa.itakaescolapios.org\/fr\/wp-json\/wp\/v2\/comments?post=2621"}],"version-history":[{"count":20,"href":"https:\/\/www.educa.itakaescolapios.org\/fr\/wp-json\/wp\/v2\/pages\/2621\/revisions"}],"predecessor-version":[{"id":2634,"href":"https:\/\/www.educa.itakaescolapios.org\/fr\/wp-json\/wp\/v2\/pages\/2621\/revisions\/2634"}],"up":[{"embeddable":true,"href":"https:\/\/www.educa.itakaescolapios.org\/fr\/wp-json\/wp\/v2\/pages\/2618"}],"wp:featuredmedia":[{"embeddable":true,"href":"https:\/\/www.educa.itakaescolapios.org\/fr\/wp-json\/wp\/v2\/media\/2633"}],"wp:attachment":[{"href":"https:\/\/www.educa.itakaescolapios.org\/fr\/wp-json\/wp\/v2\/media?parent=2621"}],"curies":[{"name":"wp","href":"https:\/\/api.w.org\/{rel}","templated":true}]}}

<p>La campagne 2019-2020 nous invite à poursuivre le passionnant chemin du synode des jeunes vécu cette même année dans les Écoles Pies et au sein d’Itaka-Escolapios.  Nous avons voulu souligner l’importance et l’urgence de la mission piariste avec les plus jeunes, en particulier avec les plus vulnérables.</p>
<p>Nous avons pu commencer la campagne en novembre 2019, mais son développement a été interrompu mi-mars en Espagne, puis dans les autres pays du réseau.</p>
<p>Le développement anormal des activités dans nos écoles a empêché que beaucoup d’entre elles se joignent à la campagne : seules <strong>vingt écoles sont restées actives</strong>. Sans aucun doute, l’effort réalisé par beaucoup d’entre elles, en innovant et en proposant de nouvelles activités en époques de confinement, décuple la valeur des <strong>67 708,45 € envoyés aux centres socio-éducatifs du réseau en Amérique. </strong></p>
<p><a href="https://www.educa.itakaescolapios.org/wp-content/uploads/2020/11/CARTEL-GRACIAS-2020-1-scaled.jpg" target="_blank" rel="noopener noreferrer"><img decoding="async" loading="lazy" class="wp-image-2633 aligncenter" src="https://www.educa.itakaescolapios.org/wp-content/uploads/2020/11/CARTEL-GRACIAS-2020-1-300x212.jpg" alt="" width="800" height="566" srcset="https://www.educa.itakaescolapios.org/wp-content/uploads/2020/11/CARTEL-GRACIAS-2020-1-300x212.jpg 300w, https://www.educa.itakaescolapios.org/wp-content/uploads/2020/11/CARTEL-GRACIAS-2020-1-1024x724.jpg 1024w, https://www.educa.itakaescolapios.org/wp-content/uploads/2020/11/CARTEL-GRACIAS-2020-1-768x543.jpg 768w, https://www.educa.itakaescolapios.org/wp-content/uploads/2020/11/CARTEL-GRACIAS-2020-1-1536x1086.jpg 1536w, https://www.educa.itakaescolapios.org/wp-content/uploads/2020/11/CARTEL-GRACIAS-2020-1-2048x1448.jpg 2048w, https://www.educa.itakaescolapios.org/wp-content/uploads/2020/11/CARTEL-GRACIAS-2020-1-250x177.jpg 250w" sizes="(max-width: 800px) 100vw, 800px" /></a></p>

<p>La campagne 2019-2020 nous invite à poursuivre le passionnant chemin du synode des jeunes vécu cette même année dans les Écoles Pies et au sein d’Itaka-Escolapios.  [&hellip;]</p>
