{"id":2673,"date":"2020-11-04T16:42:29","date_gmt":"2020-11-04T15:42:29","guid":{"rendered":"https:\/\/www.educa.itakaescolapios.org\/?page_id=2673"},"modified":"2021-05-24T17:45:29","modified_gmt":"2021-05-24T15:45:29","slug":"presentacion-coordinador-general-itaka-escolapios","status":"publish","type":"page","link":"https:\/\/www.educa.itakaescolapios.org\/fr\/campanas\/2020-2021-reiniciando-para-transformar\/siente\/presentacion-coordinador-general-itaka-escolapios","title":{"rendered":"Pr\u00e9sentation Coordinateur g\u00e9n\u00e9ral Itaka-Escolapios"},"content":{"rendered":"<p><\/p>\n<p style=\"text-align: center;\"><iframe loading=\"lazy\" src=\"\/\/www.youtube.com\/embed\/ahMaUyqcfK0\" width=\"640\" height=\"400\" frameborder=\"0\" allowfullscreen=\"allowfullscreen\"><\/iframe><\/p>\n<p>Au nom de la Commission Ex\u00e9cutive, des mots pour pr\u00e9senter la nouvelle campagne de solidarit\u00e9 20-21 du r\u00e9seau Itaka-Escolapios, sous le nom de <strong>\u00ab\u00a0Un (nouveau) geste pour transformer la soci\u00e9t\u00e9\u00a0\u00bb.<\/strong><\/p>\n<p>Comme on le sait, cette campagne s\u2019inscrit dans un <strong>contexte tr\u00e8s sp\u00e9cial, extraordinaire pour Itaka-Escolapios dans le monde entier<\/strong> : la situation de pand\u00e9mie et la crise globale d\u00e9coulant de la pand\u00e9mie. Elle affecte les projets d\u2019Itaka-Escolapios dans le monde entier depuis des mois et continuera ainsi.<\/p>\n<p>Les <strong>effets sanitaires <\/strong>sont les plus imm\u00e9diats et varient en termes de gravit\u00e9 selon les endroits (ils sont tr\u00e8s inqui\u00e9tants dans certains pays, non seulement \u00e0 cause de l\u2019impact de cette maladie mais aussi des autres maladies, et par la pr\u00e9carit\u00e9 des moyens pour y faire face).<\/p>\n<p>Et bien s\u00fbr, les<strong> effets \u00e9conomiques, sociaux et \u00e9ducatifs<\/strong> deviennent s\u00e9rieux voire d\u00e9vastateur pour les populations les plus vuln\u00e9rables. Ils frappent de plein fouet notre \u00e9cole et les projets d\u2019\u00e9ducation alternative dans les pays plus pauvres.<\/p>\n<p><strong>C\u2019est donc une campagne de r\u00e9ponse \u00e0 des circonstances tr\u00e8s n\u00e9fastes<\/strong> pour la mission piariste.\u00a0 En cette occasion, il ne s\u2019agit pas de se concentrer sur un pays concret ou une enceinte sp\u00e9cifique de notre action. Toute la mission piariste est s\u00e9rieusement affect\u00e9e, et l\u2019accent est mis sur le travail avec les personnes les plus pauvres et vuln\u00e9rables.<\/p>\n<p>Pour cette raison, \u00a0nous souhaitons, d\u2019une part, <strong>nous rapprocher<\/strong> des diff\u00e9rentes pr\u00e9sences et projets d\u2019Itaka- Escolapios dans le monde<strong> et savoir comment ils vivent la situation<\/strong>. D\u2019autre part, bien s\u00fbr, nous souhaitons <strong>augmenter l\u2019aide solidaire pour que ces projets piaristes qui impliquent des populations pauvres et vuln\u00e9rables puissent \u00eatre soutenus et continuent de s\u2019adapter \u00e0 la nouvelle situation.<\/strong><\/p>\n<p>Je termine avec un <strong>appel sp\u00e9cial<\/strong> pour participer activement et contribuer \u00e0 cette initiative solidaire. <strong>Plus que jamais, Itaka-Escolapios d\u00e9pend du succ\u00e8s de cette campagne en termes de sensibilisation et de mobilisation des ressources.<\/strong> La situation que nous affrontons est compliqu\u00e9e, mais nous avons la conviction que nous pouvons la surpasser et que notre r\u00e9seau en sortira plus fort gr\u00e2ce au compromis et \u00e0 l\u2019aide de tant de gens qui participent et comptent sur Itaka-Escolapios en tant que plateforme de solidarit\u00e9 et d\u2019impulsion des \u00c9coles Pies.\u00a0 Nous esp\u00e9rons que ce sera le cas. Merci beaucoup.<\/p>","protected":false},"excerpt":{"rendered":"<p>Au nom de la Commission Ex\u00e9cutive, des mots pour pr\u00e9senter la nouvelle campagne de solidarit\u00e9 20-21 du r\u00e9seau Itaka-Escolapios, sous le nom de \u00ab\u00a0Un (nouveau) geste [&hellip;]<\/p>\n","protected":false},"author":5,"featured_media":0,"parent":2658,"menu_order":2,"comment_status":"closed","ping_status":"closed","template":"","meta":[],"acf":[],"_links":{"self":[{"href":"https:\/\/www.educa.itakaescolapios.org\/fr\/wp-json\/wp\/v2\/pages\/2673"}],"collection":[{"href":"https:\/\/www.educa.itakaescolapios.org\/fr\/wp-json\/wp\/v2\/pages"}],"about":[{"href":"https:\/\/www.educa.itakaescolapios.org\/fr\/wp-json\/wp\/v2\/types\/page"}],"author":[{"embeddable":true,"href":"https:\/\/www.educa.itakaescolapios.org\/fr\/wp-json\/wp\/v2\/users\/5"}],"replies":[{"embeddable":true,"href":"https:\/\/www.educa.itakaescolapios.org\/fr\/wp-json\/wp\/v2\/comments?post=2673"}],"version-history":[{"count":15,"href":"https:\/\/www.educa.itakaescolapios.org\/fr\/wp-json\/wp\/v2\/pages\/2673\/revisions"}],"predecessor-version":[{"id":4745,"href":"https:\/\/www.educa.itakaescolapios.org\/fr\/wp-json\/wp\/v2\/pages\/2673\/revisions\/4745"}],"up":[{"embeddable":true,"href":"https:\/\/www.educa.itakaescolapios.org\/fr\/wp-json\/wp\/v2\/pages\/2658"}],"wp:attachment":[{"href":"https:\/\/www.educa.itakaescolapios.org\/fr\/wp-json\/wp\/v2\/media?parent=2673"}],"curies":[{"name":"wp","href":"https:\/\/api.w.org\/{rel}","templated":true}]}}

Présentation Coordinateur général Itaka-Escolapios

<p></p>
<p style="text-align: center;"><iframe loading="lazy" src="//www.youtube.com/embed/ahMaUyqcfK0" width="640" height="400" frameborder="0" allowfullscreen="allowfullscreen"></iframe></p>
<p>Au nom de la Commission Exécutive, des mots pour présenter la nouvelle campagne de solidarité 20-21 du réseau Itaka-Escolapios, sous le nom de <strong>« Un (nouveau) geste pour transformer la société ».</strong></p>
<p>Comme on le sait, cette campagne s’inscrit dans un <strong>contexte très spécial, extraordinaire pour Itaka-Escolapios dans le monde entier</strong> : la situation de pandémie et la crise globale découlant de la pandémie. Elle affecte les projets d’Itaka-Escolapios dans le monde entier depuis des mois et continuera ainsi.</p>
<p>Les <strong>effets sanitaires </strong>sont les plus immédiats et varient en termes de gravité selon les endroits (ils sont très inquiétants dans certains pays, non seulement à cause de l’impact de cette maladie mais aussi des autres maladies, et par la précarité des moyens pour y faire face).</p>
<p>Et bien sûr, les<strong> effets économiques, sociaux et éducatifs</strong> deviennent sérieux voire dévastateur pour les populations les plus vulnérables. Ils frappent de plein fouet notre école et les projets d’éducation alternative dans les pays plus pauvres.</p>
<p><strong>C’est donc une campagne de réponse à des circonstances très néfastes</strong> pour la mission piariste.  En cette occasion, il ne s’agit pas de se concentrer sur un pays concret ou une enceinte spécifique de notre action. Toute la mission piariste est sérieusement affectée, et l’accent est mis sur le travail avec les personnes les plus pauvres et vulnérables.</p>
<p>Pour cette raison,  nous souhaitons, d’une part, <strong>nous rapprocher</strong> des différentes présences et projets d’Itaka- Escolapios dans le monde<strong> et savoir comment ils vivent la situation</strong>. D’autre part, bien sûr, nous souhaitons <strong>augmenter l’aide solidaire pour que ces projets piaristes qui impliquent des populations pauvres et vulnérables puissent être soutenus et continuent de s’adapter à la nouvelle situation.</strong></p>
<p>Je termine avec un <strong>appel spécial</strong> pour participer activement et contribuer à cette initiative solidaire. <strong>Plus que jamais, Itaka-Escolapios dépend du succès de cette campagne en termes de sensibilisation et de mobilisation des ressources.</strong> La situation que nous affrontons est compliquée, mais nous avons la conviction que nous pouvons la surpasser et que notre réseau en sortira plus fort grâce au compromis et à l’aide de tant de gens qui participent et comptent sur Itaka-Escolapios en tant que plateforme de solidarité et d’impulsion des Écoles Pies.  Nous espérons que ce sera le cas. Merci beaucoup.</p>

<p>Au nom de la Commission Exécutive, des mots pour présenter la nouvelle campagne de solidarité 20-21 du réseau Itaka-Escolapios, sous le nom de « Un (nouveau) geste [&hellip;]</p>
