{"id":2762,"date":"2020-11-04T23:42:33","date_gmt":"2020-11-04T22:42:33","guid":{"rendered":"https:\/\/www.educa.itakaescolapios.org\/?page_id=2762"},"modified":"2021-01-08T12:38:07","modified_gmt":"2021-01-08T11:38:07","slug":"comparte","status":"publish","type":"page","link":"https:\/\/www.educa.itakaescolapios.org\/fr\/campanas\/2020-2021-reiniciando-para-transformar\/comparte","title":{"rendered":"Partage!"},"content":{"rendered":"<p><img decoding=\"async\" loading=\"lazy\" class=\"alignright wp-image-2805\" src=\"https:\/\/www.educa.itakaescolapios.org\/wp-content\/uploads\/2020\/11\/recorteCOMPARTE-Cartel-DFC-Espan\u0303a-516x730-2-251x300.png\" alt=\"\" width=\"350\" height=\"418\" srcset=\"https:\/\/www.educa.itakaescolapios.org\/wp-content\/uploads\/2020\/11\/recorteCOMPARTE-Cartel-DFC-Espan\u0303a-516x730-2-251x300.png 251w, https:\/\/www.educa.itakaescolapios.org\/wp-content\/uploads\/2020\/11\/recorteCOMPARTE-Cartel-DFC-Espan\u0303a-516x730-2-250x299.png 250w, https:\/\/www.educa.itakaescolapios.org\/wp-content\/uploads\/2020\/11\/recorteCOMPARTE-Cartel-DFC-Espan\u0303a-516x730-2.png 435w\" sizes=\"(max-width: 350px) 100vw, 350px\" \/><\/p>\n<p>Si tu lis ces lignes, cela veut dire que tu es plong\u00e9 dans le d\u00e9veloppement de la campagne de solidarit\u00e9 piariste 20-21 \u00ab\u00a0Red\u00e9marrer pour transformer\u00a0\u00bb ou que tu l\u2019as d\u00e9j\u00e0 termin\u00e9e.<\/p>\n<p>C\u2019est le moment de Partager\u00a0! ces actions transformatrices que vous mettez en application ou que vous avez d\u00e9j\u00e0 r\u00e9alis\u00e9es.<\/p>\n<p>Tu es dans la cinqui\u00e8me phase de la m\u00e9thodologie \u00ab\u00a0Design for change &#8211; Design pour le changement\u00a0\u00bb, PARTAGE.<\/p>\n<p>Nous te demandons de partager sur le r\u00e9seau Educa, sur les sites Web et les r\u00e9seaux sociaux de ton \u00e9cole, de ta paroisse, du mouvement Calasanz, du bureau d\u2019Itaka-Escolapios ou de tes r\u00e9seaux sociaux personnels\u2026 les actions transformatrices r\u00e9alis\u00e9es pendant la campagne.<\/p>\n<p><strong>Nous te proposons cette diffusion avec trois objectifs\u00a0:<\/strong><\/p>\n<ol>\n<li><strong>Reconna\u00eetre le travail des<\/strong> \u00e9l\u00e8ves, membres des groupes, \u00e9tablissements\u2026 en racontant les actions solidaires r\u00e9alis\u00e9es.<\/li>\n<li><strong>Sugg\u00e9rer et encourager<\/strong> d\u2019autres \u00e9coles, paroisses, groupes, bureaux du r\u00e9seau Itaka-Escolapios \u00e0 mettre en application des actions transformatrices pendant la campagne \u00ab\u00a0Red\u00e9marrer pour transformer.\u00a0\u00bb<\/li>\n<li><strong>Inviter \u00e0 participer financi\u00e8rement ou en \u00e9tant b\u00e9n\u00e9vole aupr\u00e8s de la campagne<\/strong> de solidarit\u00e9 piariste 20-21 \u00ab\u00a0Red\u00e9marrer pour transformer.\u00a0\u00bb<\/li>\n<\/ol>\n<p><strong>Nous te proposons de Partager ! via les moyens suivants:<\/strong><\/p>\n<ul>\n<li><strong>Sites web et r\u00e9seaux sociaux<\/strong> institutionnels ou personnels.<\/li>\n<li>Sur le <strong>site d\u2019Itaka-Escolapios<\/strong> en envoyant les informations \u00e0 <a href=\"mailto:itakaescolapio@itakaescolapios.org\">itakaescolapio@itakaescolapios.org<\/a><\/li>\n<li>Mettre en ligne l\u2019action transformatrice sur <strong>le r\u00e9seau educa.itakaescolapios<\/strong> en remplissant ce simple formulaire\u00a0: <a href=\"https:\/\/www.educa.itakaescolapios.org\/it\/participa\">https:\/\/www.educa.itakaescolapios.org\/it\/participa<\/a><\/li>\n<\/ul>\n<p>\u00c0 titre d\u2019exemple, voici quelques <strong>gestes de solidarit\u00e9<\/strong> d\u00e9j\u00e0 r\u00e9alis\u00e9s\u00a0:<\/p>\n<p>&#8211; Dans certaines communaut\u00e9s \u00e9ducatives, les associations de parents d\u2019\u00e9l\u00e8ves, les clubs sportifs, etc. ont fait des <strong>donations extraordinaires<\/strong> pour la mission piariste.<\/p>\n<p>&#8211; Certains religieux de l\u2019Ordre ont <strong>r\u00e9duit au minimum leur assignation personnelle<\/strong>, dans le but de se concentrer davantage sur les besoins les plus prioritaires.<\/p>\n<p>&#8211; Dans certaines fraternit\u00e9s il a \u00e9t\u00e9 propos\u00e9 de <strong>renforcer l\u2019engagement solidaire au-del\u00e0 de la d\u00eeme<\/strong>, dans cette situation de besoin sp\u00e9ciale.<\/p>\n<p>&#8211; D\u2019autres personnes dont les revenus n\u2019ont pas baiss\u00e9 ont exprim\u00e9 leur volont\u00e9 de convertir <strong>leur prime de salaire en une donation sp\u00e9ciale<\/strong>.<\/p>\n<p>&nbsp;<\/p>","protected":false},"excerpt":{"rendered":"<p>Si tu lis ces lignes, cela veut dire que tu es plong\u00e9 dans le d\u00e9veloppement de la campagne de solidarit\u00e9 piariste 20-21 \u00ab\u00a0Red\u00e9marrer pour transformer\u00a0\u00bb ou [&hellip;]<\/p>\n","protected":false},"author":5,"featured_media":0,"parent":2618,"menu_order":6,"comment_status":"closed","ping_status":"closed","template":"","meta":[],"acf":[],"_links":{"self":[{"href":"https:\/\/www.educa.itakaescolapios.org\/fr\/wp-json\/wp\/v2\/pages\/2762"}],"collection":[{"href":"https:\/\/www.educa.itakaescolapios.org\/fr\/wp-json\/wp\/v2\/pages"}],"about":[{"href":"https:\/\/www.educa.itakaescolapios.org\/fr\/wp-json\/wp\/v2\/types\/page"}],"author":[{"embeddable":true,"href":"https:\/\/www.educa.itakaescolapios.org\/fr\/wp-json\/wp\/v2\/users\/5"}],"replies":[{"embeddable":true,"href":"https:\/\/www.educa.itakaescolapios.org\/fr\/wp-json\/wp\/v2\/comments?post=2762"}],"version-history":[{"count":15,"href":"https:\/\/www.educa.itakaescolapios.org\/fr\/wp-json\/wp\/v2\/pages\/2762\/revisions"}],"predecessor-version":[{"id":4319,"href":"https:\/\/www.educa.itakaescolapios.org\/fr\/wp-json\/wp\/v2\/pages\/2762\/revisions\/4319"}],"up":[{"embeddable":true,"href":"https:\/\/www.educa.itakaescolapios.org\/fr\/wp-json\/wp\/v2\/pages\/2618"}],"wp:attachment":[{"href":"https:\/\/www.educa.itakaescolapios.org\/fr\/wp-json\/wp\/v2\/media?parent=2762"}],"curies":[{"name":"wp","href":"https:\/\/api.w.org\/{rel}","templated":true}]}}

<p><img decoding="async" loading="lazy" class="alignright wp-image-2805" src="https://www.educa.itakaescolapios.org/wp-content/uploads/2020/11/recorteCOMPARTE-Cartel-DFC-España-516x730-2-251x300.png" alt="" width="350" height="418" srcset="https://www.educa.itakaescolapios.org/wp-content/uploads/2020/11/recorteCOMPARTE-Cartel-DFC-España-516x730-2-251x300.png 251w, https://www.educa.itakaescolapios.org/wp-content/uploads/2020/11/recorteCOMPARTE-Cartel-DFC-España-516x730-2-250x299.png 250w, https://www.educa.itakaescolapios.org/wp-content/uploads/2020/11/recorteCOMPARTE-Cartel-DFC-España-516x730-2.png 435w" sizes="(max-width: 350px) 100vw, 350px" /></p>
<p>Si tu lis ces lignes, cela veut dire que tu es plongé dans le développement de la campagne de solidarité piariste 20-21 « Redémarrer pour transformer » ou que tu l’as déjà terminée.</p>
<p>C’est le moment de Partager ! ces actions transformatrices que vous mettez en application ou que vous avez déjà réalisées.</p>
<p>Tu es dans la cinquième phase de la méthodologie « Design for change &#8211; Design pour le changement », PARTAGE.</p>
<p>Nous te demandons de partager sur le réseau Educa, sur les sites Web et les réseaux sociaux de ton école, de ta paroisse, du mouvement Calasanz, du bureau d’Itaka-Escolapios ou de tes réseaux sociaux personnels… les actions transformatrices réalisées pendant la campagne.</p>
<p><strong>Nous te proposons cette diffusion avec trois objectifs :</strong></p>
<ol>
<li><strong>Reconnaître le travail des</strong> élèves, membres des groupes, établissements… en racontant les actions solidaires réalisées.</li>
<li><strong>Suggérer et encourager</strong> d’autres écoles, paroisses, groupes, bureaux du réseau Itaka-Escolapios à mettre en application des actions transformatrices pendant la campagne « Redémarrer pour transformer. »</li>
<li><strong>Inviter à participer financièrement ou en étant bénévole auprès de la campagne</strong> de solidarité piariste 20-21 « Redémarrer pour transformer. »</li>
</ol>
<p><strong>Nous te proposons de Partager ! via les moyens suivants:</strong></p>
<ul>
<li><strong>Sites web et réseaux sociaux</strong> institutionnels ou personnels.</li>
<li>Sur le <strong>site d’Itaka-Escolapios</strong> en envoyant les informations à <a href="mailto:itakaescolapio@itakaescolapios.org">itakaescolapio@itakaescolapios.org</a></li>
<li>Mettre en ligne l’action transformatrice sur <strong>le réseau educa.itakaescolapios</strong> en remplissant ce simple formulaire : <a href="https://www.educa.itakaescolapios.org/it/participa">https://www.educa.itakaescolapios.org/it/participa</a></li>
</ul>
<p>À titre d’exemple, voici quelques <strong>gestes de solidarité</strong> déjà réalisés :</p>
<p>&#8211; Dans certaines communautés éducatives, les associations de parents d’élèves, les clubs sportifs, etc. ont fait des <strong>donations extraordinaires</strong> pour la mission piariste.</p>
<p>&#8211; Certains religieux de l’Ordre ont <strong>réduit au minimum leur assignation personnelle</strong>, dans le but de se concentrer davantage sur les besoins les plus prioritaires.</p>
<p>&#8211; Dans certaines fraternités il a été proposé de <strong>renforcer l’engagement solidaire au-delà de la dîme</strong>, dans cette situation de besoin spéciale.</p>
<p>&#8211; D’autres personnes dont les revenus n’ont pas baissé ont exprimé leur volonté de convertir <strong>leur prime de salaire en une donation spéciale</strong>.</p>
<p>&nbsp;</p>

<p>Si tu lis ces lignes, cela veut dire que tu es plongé dans le développement de la campagne de solidarité piariste 20-21 « Redémarrer pour transformer » ou [&hellip;]</p>
