{"id":4910,"date":"2021-09-09T18:10:25","date_gmt":"2021-09-09T16:10:25","guid":{"rendered":"https:\/\/www.educa.itakaescolapios.org\/?page_id=4910"},"modified":"2021-09-17T10:52:01","modified_gmt":"2021-09-17T08:52:01","slug":"dia-internacional-de-los-derechos-humanos","status":"publish","type":"page","link":"https:\/\/www.educa.itakaescolapios.org\/fr\/dias-significativos\/dia-internacional-de-los-derechos-humanos","title":{"rendered":"D\u00eda Internacional de los Derechos Humanos"},"content":{"rendered":"<p class=\"qtranxs-available-languages-message qtranxs-available-languages-message-fr\">D\u00e9sol\u00e9, cet article est seulement disponible en <a href=\"https:\/\/www.educa.itakaescolapios.org\/es\/wp-json\/wp\/v2\/pages\/4910\" class=\"qtranxs-available-language-link qtranxs-available-language-link-es\" title=\"Espa\u00f1ol\">Espagnol Europ\u00e9en<\/a>.<\/p><p>&nbsp;<\/p>\n<hr \/>\n<p style=\"text-align: center;\"><a href=\"https:\/\/www.educa.itakaescolapios.org\/valor-de-la-educacion\/dia-internacional-de-los-derechos-humanos-2020\" target=\"_blank\" rel=\"noopener noreferrer\"><span style=\"font-size: 24px;\">2020<\/span><\/a><\/p>\n<p style=\"text-align: center;\"><a href=\"https:\/\/www.educa.itakaescolapios.org\/valor-de-la-educacion\/dia-internacional-de-los-derechos-humanos-2020\" target=\"_blank\" rel=\"noopener noreferrer\">10 de diciembre d\u00eda Internacional de los Derechos Humanos\u00a0<\/a><\/p>\n<p style=\"text-align: center;\"><a href=\"https:\/\/www.educa.itakaescolapios.org\/valor-de-la-educacion\/dia-internacional-de-los-derechos-humanos-2020\" target=\"_blank\" rel=\"noopener noreferrer\"><img decoding=\"async\" loading=\"lazy\" class=\"aligncenter size-medium wp-image-4906\" src=\"https:\/\/www.educa.itakaescolapios.org\/wp-content\/uploads\/2021\/09\/Imagen2-300x300.png\" alt=\"\" width=\"300\" height=\"300\" srcset=\"https:\/\/www.educa.itakaescolapios.org\/wp-content\/uploads\/2021\/09\/Imagen2-300x300.png 300w, https:\/\/www.educa.itakaescolapios.org\/wp-content\/uploads\/2021\/09\/Imagen2-150x150.png 150w, https:\/\/www.educa.itakaescolapios.org\/wp-content\/uploads\/2021\/09\/Imagen2-250x250.png 250w, https:\/\/www.educa.itakaescolapios.org\/wp-content\/uploads\/2021\/09\/Imagen2.png 400w\" sizes=\"(max-width: 300px) 100vw, 300px\" \/><\/a><img decoding=\"async\" loading=\"lazy\" class=\"aligncenter wp-image-2969\" src=\"https:\/\/www.educa.itakaescolapios.org\/wp-content\/uploads\/2020\/11\/mano-click-verde-150x150.png\" alt=\"\" width=\"100\" height=\"100\" srcset=\"https:\/\/www.educa.itakaescolapios.org\/wp-content\/uploads\/2020\/11\/mano-click-verde-150x150.png 150w, https:\/\/www.educa.itakaescolapios.org\/wp-content\/uploads\/2020\/11\/mano-click-verde-300x300.png 300w, https:\/\/www.educa.itakaescolapios.org\/wp-content\/uploads\/2020\/11\/mano-click-verde-768x769.png 768w, https:\/\/www.educa.itakaescolapios.org\/wp-content\/uploads\/2020\/11\/mano-click-verde-250x250.png 250w, https:\/\/www.educa.itakaescolapios.org\/wp-content\/uploads\/2020\/11\/mano-click-verde.png 786w\" sizes=\"(max-width: 100px) 100vw, 100px\" \/><\/p>\n<p>&nbsp;<\/p>\n<p>&nbsp;<\/p>\n<p>&nbsp;<\/p>\n<p>&nbsp;<\/p>\n<p>&nbsp;<\/p>\n<p>&nbsp;<\/p>\n<p>&nbsp;<\/p>\n<p>&nbsp;<\/p>\n<p>&nbsp;<\/p>\n<p>&nbsp;<\/p>\n<p>&nbsp;<\/p>","protected":false},"excerpt":{"rendered":"<p>D\u00e9sol\u00e9, cet article est seulement disponible en Espagnol Europ\u00e9en.&nbsp; 2020 10 de diciembre d\u00eda Internacional de los Derechos Humanos\u00a0 &nbsp; &nbsp; &nbsp; &nbsp; &nbsp; &nbsp; &nbsp; [&hellip;]<\/p>\n","protected":false},"author":5,"featured_media":4906,"parent":4908,"menu_order":0,"comment_status":"closed","ping_status":"closed","template":"","meta":[],"acf":[],"_links":{"self":[{"href":"https:\/\/www.educa.itakaescolapios.org\/fr\/wp-json\/wp\/v2\/pages\/4910"}],"collection":[{"href":"https:\/\/www.educa.itakaescolapios.org\/fr\/wp-json\/wp\/v2\/pages"}],"about":[{"href":"https:\/\/www.educa.itakaescolapios.org\/fr\/wp-json\/wp\/v2\/types\/page"}],"author":[{"embeddable":true,"href":"https:\/\/www.educa.itakaescolapios.org\/fr\/wp-json\/wp\/v2\/users\/5"}],"replies":[{"embeddable":true,"href":"https:\/\/www.educa.itakaescolapios.org\/fr\/wp-json\/wp\/v2\/comments?post=4910"}],"version-history":[{"count":15,"href":"https:\/\/www.educa.itakaescolapios.org\/fr\/wp-json\/wp\/v2\/pages\/4910\/revisions"}],"predecessor-version":[{"id":4944,"href":"https:\/\/www.educa.itakaescolapios.org\/fr\/wp-json\/wp\/v2\/pages\/4910\/revisions\/4944"}],"up":[{"embeddable":true,"href":"https:\/\/www.educa.itakaescolapios.org\/fr\/wp-json\/wp\/v2\/pages\/4908"}],"wp:featuredmedia":[{"embeddable":true,"href":"https:\/\/www.educa.itakaescolapios.org\/fr\/wp-json\/wp\/v2\/media\/4906"}],"wp:attachment":[{"href":"https:\/\/www.educa.itakaescolapios.org\/fr\/wp-json\/wp\/v2\/media?parent=4910"}],"curies":[{"name":"wp","href":"https:\/\/api.w.org\/{rel}","templated":true}]}}

Día Internacional de los Derechos Humanos

<p class="qtranxs-available-languages-message qtranxs-available-languages-message-fr">Désolé, cet article est seulement disponible en <a href="https://www.educa.itakaescolapios.org/es/wp-json/wp/v2/pages/4910" class="qtranxs-available-language-link qtranxs-available-language-link-es" title="Español">Espagnol Européen</a>.</p><p>&nbsp;</p>
<hr />
<p style="text-align: center;"><a href="https://www.educa.itakaescolapios.org/valor-de-la-educacion/dia-internacional-de-los-derechos-humanos-2020" target="_blank" rel="noopener noreferrer"><span style="font-size: 24px;">2020</span></a></p>
<p style="text-align: center;"><a href="https://www.educa.itakaescolapios.org/valor-de-la-educacion/dia-internacional-de-los-derechos-humanos-2020" target="_blank" rel="noopener noreferrer">10 de diciembre día Internacional de los Derechos Humanos </a></p>
<p style="text-align: center;"><a href="https://www.educa.itakaescolapios.org/valor-de-la-educacion/dia-internacional-de-los-derechos-humanos-2020" target="_blank" rel="noopener noreferrer"><img decoding="async" loading="lazy" class="aligncenter size-medium wp-image-4906" src="https://www.educa.itakaescolapios.org/wp-content/uploads/2021/09/Imagen2-300x300.png" alt="" width="300" height="300" srcset="https://www.educa.itakaescolapios.org/wp-content/uploads/2021/09/Imagen2-300x300.png 300w, https://www.educa.itakaescolapios.org/wp-content/uploads/2021/09/Imagen2-150x150.png 150w, https://www.educa.itakaescolapios.org/wp-content/uploads/2021/09/Imagen2-250x250.png 250w, https://www.educa.itakaescolapios.org/wp-content/uploads/2021/09/Imagen2.png 400w" sizes="(max-width: 300px) 100vw, 300px" /></a><img decoding="async" loading="lazy" class="aligncenter wp-image-2969" src="https://www.educa.itakaescolapios.org/wp-content/uploads/2020/11/mano-click-verde-150x150.png" alt="" width="100" height="100" srcset="https://www.educa.itakaescolapios.org/wp-content/uploads/2020/11/mano-click-verde-150x150.png 150w, https://www.educa.itakaescolapios.org/wp-content/uploads/2020/11/mano-click-verde-300x300.png 300w, https://www.educa.itakaescolapios.org/wp-content/uploads/2020/11/mano-click-verde-768x769.png 768w, https://www.educa.itakaescolapios.org/wp-content/uploads/2020/11/mano-click-verde-250x250.png 250w, https://www.educa.itakaescolapios.org/wp-content/uploads/2020/11/mano-click-verde.png 786w" sizes="(max-width: 100px) 100vw, 100px" /></p>
<p>&nbsp;</p>
<p>&nbsp;</p>
<p>&nbsp;</p>
<p>&nbsp;</p>
<p>&nbsp;</p>
<p>&nbsp;</p>
<p>&nbsp;</p>
<p>&nbsp;</p>
<p>&nbsp;</p>
<p>&nbsp;</p>
<p>&nbsp;</p>

<p>Désolé, cet article est seulement disponible en Espagnol Européen.&nbsp; 2020 10 de diciembre día Internacional de los Derechos Humanos  &nbsp; &nbsp; &nbsp; &nbsp; &nbsp; &nbsp; &nbsp; [&hellip;]</p>
