{"id":4957,"date":"2021-10-26T12:38:35","date_gmt":"2021-10-26T10:38:35","guid":{"rendered":"https:\/\/www.educa.itakaescolapios.org\/?page_id=4957"},"modified":"2021-12-09T09:26:09","modified_gmt":"2021-12-09T08:26:09","slug":"recordando-la-campana-reiniciando-para-transformar","status":"publish","type":"page","link":"https:\/\/www.educa.itakaescolapios.org\/fr\/campanas\/2021-2022-centros-que-cambian-cambia-tu-centro\/recordando-la-campana-reiniciando-para-transformar","title":{"rendered":"Rappel de la campagne \u00ab\u00a0En recomman\u00e7ant pour transformer\u00a0\u00bb"},"content":{"rendered":"<p><\/p>\n<p style=\"text-align: justify;\"><span style=\"font-family: arial, helvetica, sans-serif;\">La campagne de solidarit\u00e9 piariste 20-21 a \u00e9t\u00e9 men\u00e9e dans le contexte de la pand\u00e9mie mondiale caus\u00e9e par le Covid-19.<\/span><\/p>\n<p style=\"text-align: justify;\"><span style=\"font-family: arial, helvetica, sans-serif;\">La pand\u00e9mie est \u00e0 l\u2019origine d\u2019une grande vuln\u00e9rabilit\u00e9, non seulement des populations, mais aussi au sein des institutions. Les projets concrets que les piaristes d\u2019Itaka-Escolapios soutiennent ont \u00e9galement \u00e9t\u00e9 affect\u00e9s.<\/span><\/p>\n<p style=\"text-align: justify;\"><span style=\"font-family: arial, helvetica, sans-serif;\">Par cons\u00e9quent, la totalit\u00e9 des recettes a \u00e9t\u00e9 utilis\u00e9e pour couvrir les d\u00e9penses ordinaires de la Mission piariste.<\/span><\/p>\n<p style=\"text-align: justify;\"><span style=\"font-family: arial, helvetica, sans-serif;\">Avec le slogan \u00ab<a href=\"https:\/\/www.educa.itakaescolapios.org\/wp-content\/uploads\/2020\/11\/LOGO-CAMPA%C3%91A-ITAKA-2021-fra.png\" target=\"_blank\" rel=\"noopener noreferrer\"><strong>En recomman\u00e7ant pour transformer<\/strong><\/a>\u00bb nous avons voulu mettre en valeur que, bien qu\u2019Itaka-Escolapios n\u2019a jamais arr\u00eat\u00e9 d\u2019agir, bien que nous continuons \u00e0 essayer de r\u00e9pondre aux besoins sociaux \u00e0 travers de nouvelles initiatives, peut-\u00eatre plus cr\u00e9atives, nous avons voulu r\u00e9affirmer notre solidarit\u00e9 pour continuer \u00e0 semer le changement.<\/span><\/p>\n<p style=\"text-align: justify;\"><img decoding=\"async\" loading=\"lazy\" src=\"https:\/\/www.educa.itakaescolapios.org\/wp-content\/uploads\/2021\/12\/CARTEL-GRACIAS-2021-fra.jpg\" alt=\"\" width=\"100%\" height=\"100%\" \/><\/p>\n<p><img decoding=\"async\" src=\"https:\/\/www.educa.itakaescolapios.org\/wp-content\/uploads\/2021\/11\/CARTEL-GRACIAS-2021-WEB.pdf\" alt=\"\" \/><\/p>","protected":false},"excerpt":{"rendered":"<p>La campagne de solidarit\u00e9 piariste 20-21 a \u00e9t\u00e9 men\u00e9e dans le contexte de la pand\u00e9mie mondiale caus\u00e9e par le Covid-19. La pand\u00e9mie est \u00e0 l\u2019origine d\u2019une [&hellip;]<\/p>\n","protected":false},"author":5,"featured_media":0,"parent":4946,"menu_order":1,"comment_status":"closed","ping_status":"closed","template":"","meta":[],"acf":[],"_links":{"self":[{"href":"https:\/\/www.educa.itakaescolapios.org\/fr\/wp-json\/wp\/v2\/pages\/4957"}],"collection":[{"href":"https:\/\/www.educa.itakaescolapios.org\/fr\/wp-json\/wp\/v2\/pages"}],"about":[{"href":"https:\/\/www.educa.itakaescolapios.org\/fr\/wp-json\/wp\/v2\/types\/page"}],"author":[{"embeddable":true,"href":"https:\/\/www.educa.itakaescolapios.org\/fr\/wp-json\/wp\/v2\/users\/5"}],"replies":[{"embeddable":true,"href":"https:\/\/www.educa.itakaescolapios.org\/fr\/wp-json\/wp\/v2\/comments?post=4957"}],"version-history":[{"count":23,"href":"https:\/\/www.educa.itakaescolapios.org\/fr\/wp-json\/wp\/v2\/pages\/4957\/revisions"}],"predecessor-version":[{"id":5723,"href":"https:\/\/www.educa.itakaescolapios.org\/fr\/wp-json\/wp\/v2\/pages\/4957\/revisions\/5723"}],"up":[{"embeddable":true,"href":"https:\/\/www.educa.itakaescolapios.org\/fr\/wp-json\/wp\/v2\/pages\/4946"}],"wp:attachment":[{"href":"https:\/\/www.educa.itakaescolapios.org\/fr\/wp-json\/wp\/v2\/media?parent=4957"}],"curies":[{"name":"wp","href":"https:\/\/api.w.org\/{rel}","templated":true}]}}

Rappel de la campagne « En recommançant pour transformer »

<p></p>
<p style="text-align: justify;"><span style="font-family: arial, helvetica, sans-serif;">La campagne de solidarité piariste 20-21 a été menée dans le contexte de la pandémie mondiale causée par le Covid-19.</span></p>
<p style="text-align: justify;"><span style="font-family: arial, helvetica, sans-serif;">La pandémie est à l’origine d’une grande vulnérabilité, non seulement des populations, mais aussi au sein des institutions. Les projets concrets que les piaristes d’Itaka-Escolapios soutiennent ont également été affectés.</span></p>
<p style="text-align: justify;"><span style="font-family: arial, helvetica, sans-serif;">Par conséquent, la totalité des recettes a été utilisée pour couvrir les dépenses ordinaires de la Mission piariste.</span></p>
<p style="text-align: justify;"><span style="font-family: arial, helvetica, sans-serif;">Avec le slogan «<a href="https://www.educa.itakaescolapios.org/wp-content/uploads/2020/11/LOGO-CAMPA%C3%91A-ITAKA-2021-fra.png" target="_blank" rel="noopener noreferrer"><strong>En recommançant pour transformer</strong></a>» nous avons voulu mettre en valeur que, bien qu’Itaka-Escolapios n’a jamais arrêté d’agir, bien que nous continuons à essayer de répondre aux besoins sociaux à travers de nouvelles initiatives, peut-être plus créatives, nous avons voulu réaffirmer notre solidarité pour continuer à semer le changement.</span></p>
<p style="text-align: justify;"><img decoding="async" loading="lazy" src="https://www.educa.itakaescolapios.org/wp-content/uploads/2021/12/CARTEL-GRACIAS-2021-fra.jpg" alt="" width="100%" height="100%" /></p>
<p><img decoding="async" src="https://www.educa.itakaescolapios.org/wp-content/uploads/2021/11/CARTEL-GRACIAS-2021-WEB.pdf" alt="" /></p>

<p>La campagne de solidarité piariste 20-21 a été menée dans le contexte de la pandémie mondiale causée par le Covid-19. La pandémie est à l’origine d’une [&hellip;]</p>
