{"id":5045,"date":"2021-10-26T12:46:26","date_gmt":"2021-10-26T10:46:26","guid":{"rendered":"https:\/\/www.educa.itakaescolapios.org\/?page_id=5045"},"modified":"2021-12-10T20:07:05","modified_gmt":"2021-12-10T19:07:05","slug":"mision-medioambiente","status":"publish","type":"page","link":"https:\/\/www.educa.itakaescolapios.org\/fr\/campanas\/2021-2022-centros-que-cambian-cambia-tu-centro\/actividades\/mision-medioambiente","title":{"rendered":"Mission Environnement"},"content":{"rendered":"<p><\/p>\n<p style=\"text-align: justify;\"><span style=\"font-family: arial, helvetica, sans-serif;\"><img decoding=\"async\" loading=\"lazy\" class=\"alignright\" style=\"margin: 5px;\" src=\"https:\/\/www.educa.itakaescolapios.org\/wp-content\/uploads\/2021\/10\/Misi\u00f3n-MEDIOAMBIENTE.png\" alt=\"\" width=\"60%\" height=\"60%\" \/><\/span><\/p>\n<p style=\"text-align: justify;\"><span style=\"font-family: arial, helvetica, sans-serif;\">Les centres Piaristes sont appel\u00e9s \u00e0 d\u00e9fendre l\u2019environnement, avec leurs participants, dans leur entourage et dans le reste du monde. Comme \u00e0 Campeche, au Mexique, o\u00f9 le centre culturel Calasanz, avec un groupe de jeunes, a collect\u00e9 et recycl\u00e9 des tonnes de plastique PET afin d\u2019\u00e9viter qu\u2019il ne soit br\u00fbl\u00e9 et ne pollue l\u2019atmosph\u00e8re.<\/span><\/p>\n<p style=\"text-align: justify;\"><span style=\"font-family: arial, helvetica, sans-serif;\">Quisap et Look souhaitent vous inviter \u00e0 rejoindre la Mission Environnement. Rejoignez-les pour \u0153uvrer \u00e0 la durabilit\u00e9 \u00e9conomique, revoir vos habitudes de consommation et voir comment vous pouvez aider la nature \u00e0 se remettre des dommages que nous lui infligeons. Impliquez-vous et participez pour obtenir le dipl\u00f4me de l\u2019environnement.<\/span><\/p>\n<p style=\"text-align: justify;\"><span style=\"font-family: arial, helvetica, sans-serif;\">De nombreuses activit\u00e9s sont \u00e0 votre disposition pour vous aider \u00e0 r\u00e9aliser la mission environnement, ainsi qu\u2019une lettre de f\u00e9licitations de Dorotea pour lorsque vous y arriverez.\u00a0 \u00a0(<\/span><span style=\"font-family: arial, helvetica, sans-serif;\"><a href=\"https:\/\/www.educa.itakaescolapios.org\/wp-content\/uploads\/2021\/12\/FR.-Carta-Dorotea-fin-MEDIOAMBIENTE.pdf\" target=\"_blank\" rel=\"noopener noreferrer\">Lettre de fin de mission)<\/a><\/span><\/p>\n<p>&nbsp;<\/p>\n<p style=\"padding-left: 120px;\"><span style=\"font-family: arial, helvetica, sans-serif;\"><a href=\"https:\/\/www.educa.itakaescolapios.org\/sostenibilidad\/sumando-granos-de-arena\" target=\"_blank\" rel=\"noopener noreferrer\">Apporter sa pierre \u00e0 l\u2019\u00e9difice (de 3 \u00e0 18 ans)<\/a><\/span><\/p>\n<p style=\"padding-left: 120px;\"><span style=\"font-family: arial, helvetica, sans-serif;\"><a href=\"https:\/\/www.educa.itakaescolapios.org\/sostenibilidad\/compara-y-contrasta-entre-la-naturaleza-actual-y-cuidada\" target=\"_blank\" rel=\"noopener noreferrer\">Qu\u2019est-ce qui a chang\u00e9 ? (Comparer et contraster) (de 3 \u00e0 18 ans)<\/a><\/span><\/p>\n<p style=\"padding-left: 120px;\"><span style=\"font-family: arial, helvetica, sans-serif;\"><a href=\"https:\/\/www.educa.itakaescolapios.org\/sostenibilidad\/imagina-como-se-siente-la-naturaleza\" target=\"_blank\" rel=\"noopener noreferrer\">IMAGINE. Comment la Nature se sent-elle? (de 3 \u00e0 18 ans)<\/a><\/span><\/p>\n<p style=\"padding-left: 120px;\"><span style=\"font-family: arial, helvetica, sans-serif;\"><a href=\"https:\/\/www.educa.itakaescolapios.org\/sostenibilidad\/repensando-los-problemas-medioambientales\" target=\"_blank\" rel=\"noopener noreferrer\">Repenser les questions environnementales (\u00e0 partir de 12 ans)<\/a><\/span><\/p>\n<p style=\"padding-left: 120px;\"><span style=\"font-family: arial, helvetica, sans-serif;\"><a href=\"https:\/\/www.educa.itakaescolapios.org\/sostenibilidad\/la-energia-de-mi-cole\" target=\"_blank\" rel=\"noopener noreferrer\">L\u2019\u00e9nergie de mon \u00e9cole (de 3 \u00e0 5 ans)<\/a><\/span><\/p>\n<p style=\"padding-left: 120px;\"><span style=\"font-family: arial, helvetica, sans-serif;\"><a href=\"https:\/\/www.educa.itakaescolapios.org\/sostenibilidad\/para-que-quiero-los-pies\" target=\"_blank\" rel=\"noopener noreferrer\">Pourquoi avoir des pieds? (de 8 \u00e0 14 ans)<\/a><\/span><\/p>\n<p style=\"padding-left: 120px;\"><span style=\"font-family: arial, helvetica, sans-serif;\"><a href=\"https:\/\/www.educa.itakaescolapios.org\/sostenibilidad\/sin-energia-en-la-ciudad\" target=\"_blank\" rel=\"noopener noreferrer\">P\u00e9nurie d\u2019\u00e9nergie (de 12 \u00e0 16 ans)<\/a><\/span><\/p>\n<p><img decoding=\"async\" loading=\"lazy\" class=\"size-medium wp-image-2975 alignright\" src=\"https:\/\/www.educa.itakaescolapios.org\/wp-content\/uploads\/2020\/11\/mano-click-verde-por-dos-300x156.jpg\" alt=\"\" width=\"20%\" height=\"20%\" srcset=\"https:\/\/www.educa.itakaescolapios.org\/wp-content\/uploads\/2020\/11\/mano-click-verde-por-dos-300x156.jpg 300w, https:\/\/www.educa.itakaescolapios.org\/wp-content\/uploads\/2020\/11\/mano-click-verde-por-dos-1024x532.jpg 1024w, https:\/\/www.educa.itakaescolapios.org\/wp-content\/uploads\/2020\/11\/mano-click-verde-por-dos-768x399.jpg 768w, https:\/\/www.educa.itakaescolapios.org\/wp-content\/uploads\/2020\/11\/mano-click-verde-por-dos-1536x799.jpg 1536w, https:\/\/www.educa.itakaescolapios.org\/wp-content\/uploads\/2020\/11\/mano-click-verde-por-dos-2048x1065.jpg 2048w, https:\/\/www.educa.itakaescolapios.org\/wp-content\/uploads\/2020\/11\/mano-click-verde-por-dos-250x130.jpg 250w\" sizes=\"(max-width: 300px) 100vw, 300px\" \/><\/p>\n<p>&nbsp;<\/p>\n<hr \/>\n<p>&nbsp;<\/p>\n<p>&nbsp;<\/p>","protected":false},"excerpt":{"rendered":"<p>Les centres Piaristes sont appel\u00e9s \u00e0 d\u00e9fendre l\u2019environnement, avec leurs participants, dans leur entourage et dans le reste du monde. Comme \u00e0 Campeche, au Mexique, o\u00f9 [&hellip;]<\/p>\n","protected":false},"author":5,"featured_media":0,"parent":5117,"menu_order":6,"comment_status":"closed","ping_status":"closed","template":"","meta":[],"acf":[],"_links":{"self":[{"href":"https:\/\/www.educa.itakaescolapios.org\/fr\/wp-json\/wp\/v2\/pages\/5045"}],"collection":[{"href":"https:\/\/www.educa.itakaescolapios.org\/fr\/wp-json\/wp\/v2\/pages"}],"about":[{"href":"https:\/\/www.educa.itakaescolapios.org\/fr\/wp-json\/wp\/v2\/types\/page"}],"author":[{"embeddable":true,"href":"https:\/\/www.educa.itakaescolapios.org\/fr\/wp-json\/wp\/v2\/users\/5"}],"replies":[{"embeddable":true,"href":"https:\/\/www.educa.itakaescolapios.org\/fr\/wp-json\/wp\/v2\/comments?post=5045"}],"version-history":[{"count":25,"href":"https:\/\/www.educa.itakaescolapios.org\/fr\/wp-json\/wp\/v2\/pages\/5045\/revisions"}],"predecessor-version":[{"id":5836,"href":"https:\/\/www.educa.itakaescolapios.org\/fr\/wp-json\/wp\/v2\/pages\/5045\/revisions\/5836"}],"up":[{"embeddable":true,"href":"https:\/\/www.educa.itakaescolapios.org\/fr\/wp-json\/wp\/v2\/pages\/5117"}],"wp:attachment":[{"href":"https:\/\/www.educa.itakaescolapios.org\/fr\/wp-json\/wp\/v2\/media?parent=5045"}],"curies":[{"name":"wp","href":"https:\/\/api.w.org\/{rel}","templated":true}]}}

<p></p>
<p style="text-align: justify;"><span style="font-family: arial, helvetica, sans-serif;"><img decoding="async" loading="lazy" class="alignright" style="margin: 5px;" src="https://www.educa.itakaescolapios.org/wp-content/uploads/2021/10/Misión-MEDIOAMBIENTE.png" alt="" width="60%" height="60%" /></span></p>
<p style="text-align: justify;"><span style="font-family: arial, helvetica, sans-serif;">Les centres Piaristes sont appelés à défendre l’environnement, avec leurs participants, dans leur entourage et dans le reste du monde. Comme à Campeche, au Mexique, où le centre culturel Calasanz, avec un groupe de jeunes, a collecté et recyclé des tonnes de plastique PET afin d’éviter qu’il ne soit brûlé et ne pollue l’atmosphère.</span></p>
<p style="text-align: justify;"><span style="font-family: arial, helvetica, sans-serif;">Quisap et Look souhaitent vous inviter à rejoindre la Mission Environnement. Rejoignez-les pour œuvrer à la durabilité économique, revoir vos habitudes de consommation et voir comment vous pouvez aider la nature à se remettre des dommages que nous lui infligeons. Impliquez-vous et participez pour obtenir le diplôme de l’environnement.</span></p>
<p style="text-align: justify;"><span style="font-family: arial, helvetica, sans-serif;">De nombreuses activités sont à votre disposition pour vous aider à réaliser la mission environnement, ainsi qu’une lettre de félicitations de Dorotea pour lorsque vous y arriverez.   (</span><span style="font-family: arial, helvetica, sans-serif;"><a href="https://www.educa.itakaescolapios.org/wp-content/uploads/2021/12/FR.-Carta-Dorotea-fin-MEDIOAMBIENTE.pdf" target="_blank" rel="noopener noreferrer">Lettre de fin de mission)</a></span></p>
<p>&nbsp;</p>
<p style="padding-left: 120px;"><span style="font-family: arial, helvetica, sans-serif;"><a href="https://www.educa.itakaescolapios.org/sostenibilidad/sumando-granos-de-arena" target="_blank" rel="noopener noreferrer">Apporter sa pierre à l’édifice (de 3 à 18 ans)</a></span></p>
<p style="padding-left: 120px;"><span style="font-family: arial, helvetica, sans-serif;"><a href="https://www.educa.itakaescolapios.org/sostenibilidad/compara-y-contrasta-entre-la-naturaleza-actual-y-cuidada" target="_blank" rel="noopener noreferrer">Qu’est-ce qui a changé ? (Comparer et contraster) (de 3 à 18 ans)</a></span></p>
<p style="padding-left: 120px;"><span style="font-family: arial, helvetica, sans-serif;"><a href="https://www.educa.itakaescolapios.org/sostenibilidad/imagina-como-se-siente-la-naturaleza" target="_blank" rel="noopener noreferrer">IMAGINE. Comment la Nature se sent-elle? (de 3 à 18 ans)</a></span></p>
<p style="padding-left: 120px;"><span style="font-family: arial, helvetica, sans-serif;"><a href="https://www.educa.itakaescolapios.org/sostenibilidad/repensando-los-problemas-medioambientales" target="_blank" rel="noopener noreferrer">Repenser les questions environnementales (à partir de 12 ans)</a></span></p>
<p style="padding-left: 120px;"><span style="font-family: arial, helvetica, sans-serif;"><a href="https://www.educa.itakaescolapios.org/sostenibilidad/la-energia-de-mi-cole" target="_blank" rel="noopener noreferrer">L’énergie de mon école (de 3 à 5 ans)</a></span></p>
<p style="padding-left: 120px;"><span style="font-family: arial, helvetica, sans-serif;"><a href="https://www.educa.itakaescolapios.org/sostenibilidad/para-que-quiero-los-pies" target="_blank" rel="noopener noreferrer">Pourquoi avoir des pieds? (de 8 à 14 ans)</a></span></p>
<p style="padding-left: 120px;"><span style="font-family: arial, helvetica, sans-serif;"><a href="https://www.educa.itakaescolapios.org/sostenibilidad/sin-energia-en-la-ciudad" target="_blank" rel="noopener noreferrer">Pénurie d’énergie (de 12 à 16 ans)</a></span></p>
<p><img decoding="async" loading="lazy" class="size-medium wp-image-2975 alignright" src="https://www.educa.itakaescolapios.org/wp-content/uploads/2020/11/mano-click-verde-por-dos-300x156.jpg" alt="" width="20%" height="20%" srcset="https://www.educa.itakaescolapios.org/wp-content/uploads/2020/11/mano-click-verde-por-dos-300x156.jpg 300w, https://www.educa.itakaescolapios.org/wp-content/uploads/2020/11/mano-click-verde-por-dos-1024x532.jpg 1024w, https://www.educa.itakaescolapios.org/wp-content/uploads/2020/11/mano-click-verde-por-dos-768x399.jpg 768w, https://www.educa.itakaescolapios.org/wp-content/uploads/2020/11/mano-click-verde-por-dos-1536x799.jpg 1536w, https://www.educa.itakaescolapios.org/wp-content/uploads/2020/11/mano-click-verde-por-dos-2048x1065.jpg 2048w, https://www.educa.itakaescolapios.org/wp-content/uploads/2020/11/mano-click-verde-por-dos-250x130.jpg 250w" sizes="(max-width: 300px) 100vw, 300px" /></p>
<p>&nbsp;</p>
<hr />
<p>&nbsp;</p>
<p>&nbsp;</p>

<p>Les centres Piaristes sont appelés à défendre l’environnement, avec leurs participants, dans leur entourage et dans le reste du monde. Comme à Campeche, au Mexique, où [&hellip;]</p>
