{"id":7679,"date":"2023-11-14T12:03:09","date_gmt":"2023-11-14T11:03:09","guid":{"rendered":"https:\/\/www.educa.itakaescolapios.org\/?page_id=7679"},"modified":"2024-12-09T17:55:53","modified_gmt":"2024-12-09T16:55:53","slug":"2023-2024-en-algun-lugar-del-mundo","status":"publish","type":"page","link":"https:\/\/www.educa.itakaescolapios.org\/fr\/campanas\/2023-2024-en-algun-lugar-del-mundo","title":{"rendered":"2023-2024 &#8211; Quelque part dans le monde"},"content":{"rendered":"<p>&nbsp;<\/p>\n<p style=\"text-align: justify;\"><span style=\"font-family: arial, helvetica, sans-serif;\">Une de nso cl\u00e9s pour stimuler la mission priariste dans le monde entier, est le travail dans un mod\u00e8le de sensibilisation qui vise la transformation sociale. Par cons\u00e9quent, avec d&rsquo;autres initiatives, depuis de nombreuses ann\u00e9es nous prenons soin sp\u00e9cialement les campagnes de solidarit\u00e9 avec lesquelles nous donnons chaque ann\u00e9e mieux les actions, projets et \u0153uvres partag\u00e9es dans le r\u00e9seau international d&rsquo;Itaka-Escolapios.<br \/>\nIl n&rsquo;est pas \u00e9trange d&rsquo;\u00e9couter des slogans comme par exemple:<em>\u00ab \u00c0 la rencontre avec Atambua \u00bb, \u00ab Le tr\u00e9sor de S\u00e9n\u00e9gal \u00bb, \u00ab Au rythme du Congo \u00bb, \u00ab Centres qui changent, change ton centre \u00bb,<\/em>, ou dans le cours pass\u00e9, \u201c<em>Une voix, un million de changements <\/em>\u00ab\u00a0.<\/span><\/p>\n<p style=\"text-align: justify;\"><span style=\"font-family: arial, helvetica, sans-serif;\">Pendant ce cours, par le slogan \u201c<em>Quelque part dans le monde &#8230; <\/em>\u201d, nous voulons vous inviter \u00e0 conna\u00eetre et \u00e0 r\u00e9fl\u00e9chir sur les diverses r\u00e9alit\u00e9s qui existent au-del\u00e0 de notre environnement imm\u00e9diat, ainsi que d&rsquo;explorer, comprendre et am\u00e9liorer notre monde depuis l&rsquo;\u00e9ducation, tant formelle que non formelle. Ce slogan nous pousse \u00e0 reconna\u00eetre que chaque coin de la plan\u00e8te a sa propre histoire, culture et d\u00e9fis uniques, et nous rappelle que nos actions peuvent avoir un impact significatif sur le bien-\u00eatre d&rsquo;autres personnes et dans la construction d&rsquo;un monde plus juste et humain, un monde \u00ab comme Dieu commande \u00bb<\/span><\/p>\n<p style=\"text-align: justify;\"><span style=\"font-family: arial, helvetica, sans-serif;\">Pour cela, d&rsquo;Itaka-Escolapios, nous voulons vous encourager \u00e0 encourager dans nos enfants et jeunes : la curiosit\u00e9, l&#8217;empathie et le respect pour d&rsquo;autres cultures et contextes non toujours proches ; mais \u00e9galement \u00e0 les accompagner dans la d\u00e9couverte de certains probl\u00e8mes sociaux et dans la recherche de solutions. Parce qu&rsquo;ils et eux, ont beaucoup \u00e0 dire et \u00e0 apporter au monde. Ce sont le futur et l&rsquo;espoir.<\/span><\/p>\n<p style=\"text-align: center;\"><iframe loading=\"lazy\" src=\"\/\/www.youtube.com\/embed\/yAKM-KbVVUg?t=3s\" width=\"100%\" height=\"400\" allowfullscreen=\"allowfullscreen\" data-mce-fragment=\"1\">&lt;span data-mce-type=\u00a0\u00bbbookmark\u00a0\u00bb style=\u00a0\u00bbdisplay: inline-block; width: 0px; overflow: hidden; line-height: 0;\u00a0\u00bb class=\u00a0\u00bbmce_SELRES_start\u00a0\u00bb&gt;\ufeff&lt;\/span&gt;&amp;lt;span data-mce-type=\u00a0\u00bbbookmark\u00a0\u00bb style=\u00a0\u00bbdisplay: inline-block; width: 0px; overflow: hidden; line-height: 0;\u00a0\u00bb class=\u00a0\u00bbmce_SELRES_start\u00a0\u00bb&amp;gt;\ufeff&amp;lt;\/span&amp;gt;<\/iframe><\/p>\n<p>&nbsp;<\/p>\n<ul class=\"children\">\n<li class=\"page_item page-item-5055\" style=\"text-align: left;\"><span style=\"text-decoration: underline;\"><span style=\"font-size: 20px;\"><a href=\"https:\/\/www.educa.itakaescolapios.org\/campanas\/2023-2024-en-algun-lugar-del-mundo\/recordando-una-voz-un-millon-de-cambios\" target=\"_blank\" rel=\"noopener\"><span style=\"font-family: arial, helvetica, sans-serif;\">Rappelant la campagne pr\u00e9c\u00e9dente \u00ab Une voix, un million de changements \u00bb.<\/span><\/a><\/span><\/span><\/li>\n<li class=\"page_item page-item-5055\" style=\"text-align: left;\"><span style=\"text-decoration: underline;\"><span style=\"font-family: arial, helvetica, sans-serif; font-size: 20px;\"><a href=\"https:\/\/www.educa.itakaescolapios.org\/campanas\/2023-2024-en-algun-lugar-del-mundo\/conoce-mejor-la-campana-en-algun-lugar-del-mundo\" target=\"_blank\" rel=\"noopener\">Conna\u00eetre la campagne \u00ab Quelque part dans le monde \u00bb.item-5055&Prime; style=\u00a0\u00bbtext-align: left;\u00a0\u00bb&gt;<\/a><a href=\"https:\/\/www.educa.itakaescolapios.org\/campanas\/2023-2024-en-algun-lugar-del-mundo\/metodologia-de-la-campana-en-algun-lugar-del-mundo\" target=\"_blank\" rel=\"noopener\">M\u00e9thodologie de travail<\/a><\/span><\/span><\/li>\n<li class=\"page_item page-item-5055\" style=\"text-align: left;\"><span style=\"text-decoration: underline;\"><span style=\"font-family: arial, helvetica, sans-serif; font-size: 20px;\"><a href=\"https:\/\/www.educa.itakaescolapios.org\/campanas\/2023-2024-en-algun-lugar-del-mundo\/carteleria-y-ambientacion-en-algun-lugar-del-mundo\" target=\"_blank\" rel=\"noopener\">Affichage et ambiance<\/a><\/span><\/span><\/li>\n<li class=\"page_item page-item-5055\" style=\"text-align: left;\"><span style=\"text-decoration: underline;\"><span style=\"font-family: arial, helvetica, sans-serif; font-size: 20px;\"><a href=\"https:\/\/www.educa.itakaescolapios.org\/campanas\/2023-2024-en-algun-lugar-del-mundo\/7784-2\" target=\"_blank\" rel=\"noopener\">Bonnes pratiques<\/a><\/span><\/span><\/li>\n<li class=\"page_item page-item-5055\" style=\"text-align: left;\"><span style=\"text-decoration: underline;\"><span style=\"font-family: arial, helvetica, sans-serif; font-size: 20px;\"><a href=\"https:\/\/www.educa.itakaescolapios.org\/campanas\/2023-2024-en-algun-lugar-del-mundo\/evaluacion-en-algun-lugar-del-mundo\" target=\"_blank\" rel=\"noopener\">Ev\u00e0luation<\/a><\/span><\/span><\/li>\n<li class=\"page_item page-item-5055\" style=\"text-align: left;\"><span style=\"text-decoration: underline;\"><span style=\"font-family: arial, helvetica, sans-serif; font-size: 20px;\"><a href=\"https:\/\/www.educa.itakaescolapios.org\/campanas\/2023-2024-en-algun-lugar-del-mundo\/haz-un-donativo\" target=\"_blank\" rel=\"noopener\">Donateurs<\/a><\/span><\/span><\/li>\n<\/ul>\n<p><img decoding=\"async\" loading=\"lazy\" class=\"aligncenter\" style=\"font-family: arial, helvetica, sans-serif; font-size: 20px;\" src=\"https:\/\/www.educa.itakaescolapios.org\/wp-content\/uploads\/2020\/11\/mano-click-verde-en-el-medio-scaled.jpg\" alt=\"\" width=\"20%\" height=\"20%\" \/><\/p>","protected":false},"excerpt":{"rendered":"<p>&nbsp; Une de nso cl\u00e9s pour stimuler la mission priariste dans le monde entier, est le travail dans un mod\u00e8le de sensibilisation qui vise la transformation [&hellip;]<\/p>\n","protected":false},"author":7,"featured_media":7745,"parent":70,"menu_order":0,"comment_status":"closed","ping_status":"closed","template":"","meta":[],"acf":[],"_links":{"self":[{"href":"https:\/\/www.educa.itakaescolapios.org\/fr\/wp-json\/wp\/v2\/pages\/7679"}],"collection":[{"href":"https:\/\/www.educa.itakaescolapios.org\/fr\/wp-json\/wp\/v2\/pages"}],"about":[{"href":"https:\/\/www.educa.itakaescolapios.org\/fr\/wp-json\/wp\/v2\/types\/page"}],"author":[{"embeddable":true,"href":"https:\/\/www.educa.itakaescolapios.org\/fr\/wp-json\/wp\/v2\/users\/7"}],"replies":[{"embeddable":true,"href":"https:\/\/www.educa.itakaescolapios.org\/fr\/wp-json\/wp\/v2\/comments?post=7679"}],"version-history":[{"count":36,"href":"https:\/\/www.educa.itakaescolapios.org\/fr\/wp-json\/wp\/v2\/pages\/7679\/revisions"}],"predecessor-version":[{"id":8668,"href":"https:\/\/www.educa.itakaescolapios.org\/fr\/wp-json\/wp\/v2\/pages\/7679\/revisions\/8668"}],"up":[{"embeddable":true,"href":"https:\/\/www.educa.itakaescolapios.org\/fr\/wp-json\/wp\/v2\/pages\/70"}],"wp:featuredmedia":[{"embeddable":true,"href":"https:\/\/www.educa.itakaescolapios.org\/fr\/wp-json\/wp\/v2\/media\/7745"}],"wp:attachment":[{"href":"https:\/\/www.educa.itakaescolapios.org\/fr\/wp-json\/wp\/v2\/media?parent=7679"}],"curies":[{"name":"wp","href":"https:\/\/api.w.org\/{rel}","templated":true}]}}

<p>&nbsp;</p>
<p style="text-align: justify;"><span style="font-family: arial, helvetica, sans-serif;">Une de nso clés pour stimuler la mission priariste dans le monde entier, est le travail dans un modèle de sensibilisation qui vise la transformation sociale. Par conséquent, avec d&rsquo;autres initiatives, depuis de nombreuses années nous prenons soin spécialement les campagnes de solidarité avec lesquelles nous donnons chaque année mieux les actions, projets et œuvres partagées dans le réseau international d&rsquo;Itaka-Escolapios.<br />
Il n&rsquo;est pas étrange d&rsquo;écouter des slogans comme par exemple:<em>« À la rencontre avec Atambua », « Le trésor de Sénégal », « Au rythme du Congo », « Centres qui changent, change ton centre »,</em>, ou dans le cours passé, “<em>Une voix, un million de changements </em>« .</span></p>
<p style="text-align: justify;"><span style="font-family: arial, helvetica, sans-serif;">Pendant ce cours, par le slogan “<em>Quelque part dans le monde &#8230; </em>”, nous voulons vous inviter à connaître et à réfléchir sur les diverses réalités qui existent au-delà de notre environnement immédiat, ainsi que d&rsquo;explorer, comprendre et améliorer notre monde depuis l&rsquo;éducation, tant formelle que non formelle. Ce slogan nous pousse à reconnaître que chaque coin de la planète a sa propre histoire, culture et défis uniques, et nous rappelle que nos actions peuvent avoir un impact significatif sur le bien-être d&rsquo;autres personnes et dans la construction d&rsquo;un monde plus juste et humain, un monde « comme Dieu commande »</span></p>
<p style="text-align: justify;"><span style="font-family: arial, helvetica, sans-serif;">Pour cela, d&rsquo;Itaka-Escolapios, nous voulons vous encourager à encourager dans nos enfants et jeunes : la curiosité, l&#8217;empathie et le respect pour d&rsquo;autres cultures et contextes non toujours proches ; mais également à les accompagner dans la découverte de certains problèmes sociaux et dans la recherche de solutions. Parce qu&rsquo;ils et eux, ont beaucoup à dire et à apporter au monde. Ce sont le futur et l&rsquo;espoir.</span></p>
<p style="text-align: center;"><iframe loading="lazy" src="//www.youtube.com/embed/yAKM-KbVVUg?t=3s" width="100%" height="400" allowfullscreen="allowfullscreen" data-mce-fragment="1">&lt;span data-mce-type= »bookmark » style= »display: inline-block; width: 0px; overflow: hidden; line-height: 0; » class= »mce_SELRES_start »&gt;﻿&lt;/span&gt;&amp;lt;span data-mce-type= »bookmark » style= »display: inline-block; width: 0px; overflow: hidden; line-height: 0; » class= »mce_SELRES_start »&amp;gt;﻿&amp;lt;/span&amp;gt;</iframe></p>
<p>&nbsp;</p>
<ul class="children">
<li class="page_item page-item-5055" style="text-align: left;"><span style="text-decoration: underline;"><span style="font-size: 20px;"><a href="https://www.educa.itakaescolapios.org/campanas/2023-2024-en-algun-lugar-del-mundo/recordando-una-voz-un-millon-de-cambios" target="_blank" rel="noopener"><span style="font-family: arial, helvetica, sans-serif;">Rappelant la campagne précédente « Une voix, un million de changements ».</span></a></span></span></li>
<li class="page_item page-item-5055" style="text-align: left;"><span style="text-decoration: underline;"><span style="font-family: arial, helvetica, sans-serif; font-size: 20px;"><a href="https://www.educa.itakaescolapios.org/campanas/2023-2024-en-algun-lugar-del-mundo/conoce-mejor-la-campana-en-algun-lugar-del-mundo" target="_blank" rel="noopener">Connaître la campagne « Quelque part dans le monde ».item-5055&Prime; style= »text-align: left; »&gt;</a><a href="https://www.educa.itakaescolapios.org/campanas/2023-2024-en-algun-lugar-del-mundo/metodologia-de-la-campana-en-algun-lugar-del-mundo" target="_blank" rel="noopener">Méthodologie de travail</a></span></span></li>
<li class="page_item page-item-5055" style="text-align: left;"><span style="text-decoration: underline;"><span style="font-family: arial, helvetica, sans-serif; font-size: 20px;"><a href="https://www.educa.itakaescolapios.org/campanas/2023-2024-en-algun-lugar-del-mundo/carteleria-y-ambientacion-en-algun-lugar-del-mundo" target="_blank" rel="noopener">Affichage et ambiance</a></span></span></li>
<li class="page_item page-item-5055" style="text-align: left;"><span style="text-decoration: underline;"><span style="font-family: arial, helvetica, sans-serif; font-size: 20px;"><a href="https://www.educa.itakaescolapios.org/campanas/2023-2024-en-algun-lugar-del-mundo/7784-2" target="_blank" rel="noopener">Bonnes pratiques</a></span></span></li>
<li class="page_item page-item-5055" style="text-align: left;"><span style="text-decoration: underline;"><span style="font-family: arial, helvetica, sans-serif; font-size: 20px;"><a href="https://www.educa.itakaescolapios.org/campanas/2023-2024-en-algun-lugar-del-mundo/evaluacion-en-algun-lugar-del-mundo" target="_blank" rel="noopener">Evàluation</a></span></span></li>
<li class="page_item page-item-5055" style="text-align: left;"><span style="text-decoration: underline;"><span style="font-family: arial, helvetica, sans-serif; font-size: 20px;"><a href="https://www.educa.itakaescolapios.org/campanas/2023-2024-en-algun-lugar-del-mundo/haz-un-donativo" target="_blank" rel="noopener">Donateurs</a></span></span></li>
</ul>
<p><img decoding="async" loading="lazy" class="aligncenter" style="font-family: arial, helvetica, sans-serif; font-size: 20px;" src="https://www.educa.itakaescolapios.org/wp-content/uploads/2020/11/mano-click-verde-en-el-medio-scaled.jpg" alt="" width="20%" height="20%" /></p>

<p>&nbsp; Une de nso clés pour stimuler la mission priariste dans le monde entier, est le travail dans un modèle de sensibilisation qui vise la transformation [&hellip;]</p>
