{"id":8543,"date":"2024-11-04T09:49:59","date_gmt":"2024-11-04T08:49:59","guid":{"rendered":"https:\/\/www.educa.itakaescolapios.org\/?page_id=8543"},"modified":"2025-02-12T14:15:04","modified_gmt":"2025-02-12T13:15:04","slug":"2024-2025-abriendo-caminos","status":"publish","type":"page","link":"https:\/\/www.educa.itakaescolapios.org\/fr\/campanas\/2024-2025-abriendo-caminos","title":{"rendered":"2024-2025 Ouvrir des Chemins"},"content":{"rendered":"<p><img decoding=\"async\" loading=\"lazy\" class=\"alignright\" src=\"https:\/\/www.educa.itakaescolapios.org\/wp-content\/uploads\/2024\/11\/Calasanz-mochila.png\" alt=\"\" width=\"30%\" height=\"30%\" \/><\/p>\n<p><strong>OUVRIR DES CHEMINS<\/strong>, telle est le th\u00e8me de cette ann\u00e9e et, avec le nouveau logo d&rsquo;Itaka-Escolapios qui cherche \u00e0 mettre en \u00e9vidence l&rsquo;accueil et la grandeur du c\u0153ur de Calasanz, \u00e0 Itaka-Escolapios nous nous concentrons sur le chemin qu&rsquo;il a commenc\u00e9 il y a plus de quatre si\u00e8cles pour transformer la soci\u00e9t\u00e9 \u00e0 travers l&rsquo;\u00e9ducation.<\/p>\n<p>Ce chemin, en effet, et tous ceux qui en partent dans tant de pays du monde, o\u00f9 nous continuons \u00e0 ouvrir et \u00e0 marcher comme des \u00c9coles Pies avec le m\u00eame objectif : \u00e9liminer les mauvaises herbes de l&rsquo;injustice et de l&rsquo;in\u00e9galit\u00e9 qui poussent dans les endroits les moins fr\u00e9quent\u00e9s, pour r\u00e9cup\u00e9rer des espaces de paix, de joie, d&rsquo;esp\u00e9rance et de justice sociale. Des lieux o\u00f9 grandir en tant que chr\u00e9tiens travaillant pour le bien commun, \u00e0 la mani\u00e8re de Calasanz. Des routes sur lesquelles <strong>faire un p\u00e8lerinage dans l&rsquo;esp\u00e9rance <\/strong> vers le monde que Dieu veut pour ses filles et ses fils.<\/p>\n<p>Avec le th\u00e8me <strong>OUVRIR DES CHEMINS<\/strong>, nous voulons, cette ann\u00e9e encore, placer au centre de notre mission les enfants, les adolescents et les jeunes qui participent activement aux \u0153uvres piaristes. Mais aussi leurs familles, leurs \u00e9ducateurs, leurs enseignants et leurs accompagnateurs. Allons-y, agissons, car <u>nous pouvons \u00eatre les protagonistes du changement<\/u>, et c&rsquo;est pourquoi nous sommes invit\u00e9s \u00e0 adopter une attitude proactive dans la recherche de l&rsquo;am\u00e9lioration de la soci\u00e9t\u00e9, car nous sommes r\u00e9ellement en mesure d&rsquo;ouvrir la voie \u00e0 de nombreuses personnes autour de nous qui ont plus de difficult\u00e9s.<\/p>\n<p>Parcourir les chemins de l&rsquo;esp\u00e9rance qui nous entourent est l&rsquo;une des cl\u00e9s de cette ann\u00e9e dans les \u00c9coles Pies et dans l&rsquo;\u00c9glise Catholique, c&rsquo;est pourquoi la campagne de cette ann\u00e9e nous invite \u00e0 ouvrir de nouveaux chemins avec d\u00e9termination et esp\u00e9rance dans un monde plus juste, plus fraternel et plus humain.<\/p>\n<p>Calasanz nous accompagnera dans cette t\u00e2che. Sa vie consacr\u00e9e \u00e0 l&rsquo;\u00e9ducation et au service des personnes les plus vuln\u00e9rables de son temps oriente et guide notre mission aujourd&rsquo;hui, plus de 400 ans plus tard. Charg\u00e9 d&rsquo;un sac \u00e0 dos plein d&rsquo;\u00e9vangile et de vie, il nous guide sur le chemin de l&rsquo;engagement social et \u00e9ducatif pour avancer dans la construction du Royaume de Dieu, ici et maintenant.<\/p>\n<p><strong>OUVRIR DES CHEMINS<\/strong> veut \u00eatre plus qu&rsquo;un slogan, il veut \u00eatre une invitation \u00e0 l&rsquo;action, \u00e0 la confiance, au changement et \u00e0 un apprentissage constant et significatif, et, en fin de compte, \u00e0 la vie. \u00c0 vivre dans l`esp\u00e9rance.<\/p>\n<p>Il nous rappelle que chaque \u00e9tape de notre voyage est pr\u00e9cieuse et qu&rsquo;avec toutes nos mains (plus il y en a, mieux c&rsquo;est), nous pouvons transformer le monde. En connaissant les projets d&rsquo;Itaka-Escolapios, nous nous rendons compte que l&rsquo;\u00e9ducation est vraiment un outil puissant et n\u00e9cessaire pour parvenir, un jour, \u00e0 ce monde de justice, de paix et d&rsquo;amour que Dieu veut. C&rsquo;est aussi notre espoir, car nous savons que chaque gar\u00e7on et chaque fille piariste dans le monde a un grand potentiel pour y parvenir.<\/p>\n<p>&nbsp;<\/p>\n<p>Comme le dit le pape Fran\u00e7ois:<\/p>\n<p><em>\u201cNous devons maintenir allum\u00e9e la flamme de l&rsquo;esp\u00e9rance qui nous a \u00e9t\u00e9 donn\u00e9e et faire tout notre possible pour redonner \u00e0 chacun la force et la certitude de regarder l&rsquo;avenir avec un esprit ouvert, un c\u0153ur confiant et une large perspective (&#8230;) Tout cela sera possible si nous sommes capables de retrouver le sens de la fraternit\u00e9 universelle, si nous ne fermons pas les yeux sur la trag\u00e9die de la pauvret\u00e9 end\u00e9mique qui emp\u00eache des millions d&rsquo;hommes, de femmes, de jeunes et d&rsquo;enfants de vivre dans la dignit\u00e9 humaine \u201d.<\/em><\/p>\n<p><em>\u00a0<\/em><\/p>\n<p>Qu&rsquo;il en soit ainsi. <strong>OUVRONS DES CHEMINS<\/strong>.<\/p>\n<p>&nbsp;<\/p>","protected":false},"excerpt":{"rendered":"<p>OUVRIR DES CHEMINS, telle est le th\u00e8me de cette ann\u00e9e et, avec le nouveau logo d&rsquo;Itaka-Escolapios qui cherche \u00e0 mettre en \u00e9vidence l&rsquo;accueil et la grandeur [&hellip;]<\/p>\n","protected":false},"author":7,"featured_media":8545,"parent":70,"menu_order":0,"comment_status":"closed","ping_status":"closed","template":"","meta":[],"acf":[],"_links":{"self":[{"href":"https:\/\/www.educa.itakaescolapios.org\/fr\/wp-json\/wp\/v2\/pages\/8543"}],"collection":[{"href":"https:\/\/www.educa.itakaescolapios.org\/fr\/wp-json\/wp\/v2\/pages"}],"about":[{"href":"https:\/\/www.educa.itakaescolapios.org\/fr\/wp-json\/wp\/v2\/types\/page"}],"author":[{"embeddable":true,"href":"https:\/\/www.educa.itakaescolapios.org\/fr\/wp-json\/wp\/v2\/users\/7"}],"replies":[{"embeddable":true,"href":"https:\/\/www.educa.itakaescolapios.org\/fr\/wp-json\/wp\/v2\/comments?post=8543"}],"version-history":[{"count":17,"href":"https:\/\/www.educa.itakaescolapios.org\/fr\/wp-json\/wp\/v2\/pages\/8543\/revisions"}],"predecessor-version":[{"id":8811,"href":"https:\/\/www.educa.itakaescolapios.org\/fr\/wp-json\/wp\/v2\/pages\/8543\/revisions\/8811"}],"up":[{"embeddable":true,"href":"https:\/\/www.educa.itakaescolapios.org\/fr\/wp-json\/wp\/v2\/pages\/70"}],"wp:featuredmedia":[{"embeddable":true,"href":"https:\/\/www.educa.itakaescolapios.org\/fr\/wp-json\/wp\/v2\/media\/8545"}],"wp:attachment":[{"href":"https:\/\/www.educa.itakaescolapios.org\/fr\/wp-json\/wp\/v2\/media?parent=8543"}],"curies":[{"name":"wp","href":"https:\/\/api.w.org\/{rel}","templated":true}]}}

<p><img decoding="async" loading="lazy" class="alignright" src="https://www.educa.itakaescolapios.org/wp-content/uploads/2024/11/Calasanz-mochila.png" alt="" width="30%" height="30%" /></p>
<p><strong>OUVRIR DES CHEMINS</strong>, telle est le thème de cette année et, avec le nouveau logo d&rsquo;Itaka-Escolapios qui cherche à mettre en évidence l&rsquo;accueil et la grandeur du cœur de Calasanz, à Itaka-Escolapios nous nous concentrons sur le chemin qu&rsquo;il a commencé il y a plus de quatre siècles pour transformer la société à travers l&rsquo;éducation.</p>
<p>Ce chemin, en effet, et tous ceux qui en partent dans tant de pays du monde, où nous continuons à ouvrir et à marcher comme des Écoles Pies avec le même objectif : éliminer les mauvaises herbes de l&rsquo;injustice et de l&rsquo;inégalité qui poussent dans les endroits les moins fréquentés, pour récupérer des espaces de paix, de joie, d&rsquo;espérance et de justice sociale. Des lieux où grandir en tant que chrétiens travaillant pour le bien commun, à la manière de Calasanz. Des routes sur lesquelles <strong>faire un pèlerinage dans l&rsquo;espérance </strong> vers le monde que Dieu veut pour ses filles et ses fils.</p>
<p>Avec le thème <strong>OUVRIR DES CHEMINS</strong>, nous voulons, cette année encore, placer au centre de notre mission les enfants, les adolescents et les jeunes qui participent activement aux œuvres piaristes. Mais aussi leurs familles, leurs éducateurs, leurs enseignants et leurs accompagnateurs. Allons-y, agissons, car <u>nous pouvons être les protagonistes du changement</u>, et c&rsquo;est pourquoi nous sommes invités à adopter une attitude proactive dans la recherche de l&rsquo;amélioration de la société, car nous sommes réellement en mesure d&rsquo;ouvrir la voie à de nombreuses personnes autour de nous qui ont plus de difficultés.</p>
<p>Parcourir les chemins de l&rsquo;espérance qui nous entourent est l&rsquo;une des clés de cette année dans les Écoles Pies et dans l&rsquo;Église Catholique, c&rsquo;est pourquoi la campagne de cette année nous invite à ouvrir de nouveaux chemins avec détermination et espérance dans un monde plus juste, plus fraternel et plus humain.</p>
<p>Calasanz nous accompagnera dans cette tâche. Sa vie consacrée à l&rsquo;éducation et au service des personnes les plus vulnérables de son temps oriente et guide notre mission aujourd&rsquo;hui, plus de 400 ans plus tard. Chargé d&rsquo;un sac à dos plein d&rsquo;évangile et de vie, il nous guide sur le chemin de l&rsquo;engagement social et éducatif pour avancer dans la construction du Royaume de Dieu, ici et maintenant.</p>
<p><strong>OUVRIR DES CHEMINS</strong> veut être plus qu&rsquo;un slogan, il veut être une invitation à l&rsquo;action, à la confiance, au changement et à un apprentissage constant et significatif, et, en fin de compte, à la vie. À vivre dans l`espérance.</p>
<p>Il nous rappelle que chaque étape de notre voyage est précieuse et qu&rsquo;avec toutes nos mains (plus il y en a, mieux c&rsquo;est), nous pouvons transformer le monde. En connaissant les projets d&rsquo;Itaka-Escolapios, nous nous rendons compte que l&rsquo;éducation est vraiment un outil puissant et nécessaire pour parvenir, un jour, à ce monde de justice, de paix et d&rsquo;amour que Dieu veut. C&rsquo;est aussi notre espoir, car nous savons que chaque garçon et chaque fille piariste dans le monde a un grand potentiel pour y parvenir.</p>
<p>&nbsp;</p>
<p>Comme le dit le pape François:</p>
<p><em>“Nous devons maintenir allumée la flamme de l&rsquo;espérance qui nous a été donnée et faire tout notre possible pour redonner à chacun la force et la certitude de regarder l&rsquo;avenir avec un esprit ouvert, un cœur confiant et une large perspective (&#8230;) Tout cela sera possible si nous sommes capables de retrouver le sens de la fraternité universelle, si nous ne fermons pas les yeux sur la tragédie de la pauvreté endémique qui empêche des millions d&rsquo;hommes, de femmes, de jeunes et d&rsquo;enfants de vivre dans la dignité humaine ”.</em></p>
<p><em> </em></p>
<p>Qu&rsquo;il en soit ainsi. <strong>OUVRONS DES CHEMINS</strong>.</p>
<p>&nbsp;</p>

<p>OUVRIR DES CHEMINS, telle est le thème de cette année et, avec le nouveau logo d&rsquo;Itaka-Escolapios qui cherche à mettre en évidence l&rsquo;accueil et la grandeur [&hellip;]</p>
