{"id":9077,"date":"2025-12-05T11:12:50","date_gmt":"2025-12-05T10:12:50","guid":{"rendered":"https:\/\/www.educa.itakaescolapios.org\/?page_id=9077"},"modified":"2026-02-18T19:10:26","modified_gmt":"2026-02-18T18:10:26","slug":"metodologia-de-la-campana","status":"publish","type":"page","link":"https:\/\/www.educa.itakaescolapios.org\/fr\/campanas\/2025-2026-25-anos-extendiendo-raices\/metodologia-de-la-campana","title":{"rendered":"Metodolog\u00eda de la campa\u00f1a"},"content":{"rendered":"<p class=\"qtranxs-available-languages-message qtranxs-available-languages-message-fr\">D\u00e9sol\u00e9, cet article est seulement disponible en <a href=\"https:\/\/www.educa.itakaescolapios.org\/es\/wp-json\/wp\/v2\/pages\/9077\" class=\"qtranxs-available-language-link qtranxs-available-language-link-es\" title=\"Espa\u00f1ol\">Espagnol Europ\u00e9en<\/a>, <a href=\"https:\/\/www.educa.itakaescolapios.org\/en\/wp-json\/wp\/v2\/pages\/9077\" class=\"qtranxs-available-language-link qtranxs-available-language-link-en\" title=\"English\">Anglais Am\u00e9ricain<\/a>, <a href=\"https:\/\/www.educa.itakaescolapios.org\/eu\/wp-json\/wp\/v2\/pages\/9077\" class=\"qtranxs-available-language-link qtranxs-available-language-link-eu\" title=\"Euskera\">Basque<\/a> et <a href=\"https:\/\/www.educa.itakaescolapios.org\/pt\/wp-json\/wp\/v2\/pages\/9077\" class=\"qtranxs-available-language-link qtranxs-available-language-link-pt\" title=\"Portugu\u00eas\">Portugais Europ\u00e9en<\/a>.<\/p><p><\/p>\n<p data-pm-slice=\"1 1 []\"><strong>METODOLOG\u00cdA: UN CAMINO PARA TRANSFORMARNOS JUNTOS<\/strong><\/p>\n<p>\u00a1Estamos de celebraci\u00f3n! En el 25 aniversario de Itaka-Escolapios, queremos que nuestra propuesta educativa llegue a todos los rincones. La campa\u00f1a <strong>\u00ab\u00a025 a\u00f1os extendiendo ra\u00edces\u00a0\u00bb<\/strong> no es una actividad suelta, \u00a1qu\u00e9 va! Es todo un recorrido para unir fuerzas: desde las aulas (con Aprendizaje-Servicio) hasta los grupos de tiempo libre (Movimiento Calasanz), e incluyendo tambi\u00e9n a los adultos.<\/p>\n<p>Aqu\u00ed te contamos el plan para este curso:<\/p>\n<h3>1. EN EL COLE: APRENDEMOS AYUDANDO (ApS)<\/h3>\n<p>La idea es sencilla: conectar lo que aprendemos en clase con el mundo real. Cada edad tiene su propia misi\u00f3n para echar una mano en nuestro entorno mientras aprendemos un mont\u00f3n.<\/p>\n<ul>\n<li><strong>Infantil (3-5 a\u00f1os): \u00ab\u00a0Alimentar el mundo\u00a0\u00bb.<\/strong> \u00a1A comer sano! Vamos a trabajar los h\u00e1bitos saludables. Los peques conocer\u00e1n<\/li>\n<li><img decoding=\"async\" loading=\"lazy\" class=\" wp-image-9176 alignright\" src=\"https:\/\/www.educa.itakaescolapios.org\/wp-content\/uploads\/2025\/12\/Dorotea-bailando-219x300.jpg\" alt=\"\" width=\"388\" height=\"532\" srcset=\"https:\/\/www.educa.itakaescolapios.org\/wp-content\/uploads\/2025\/12\/Dorotea-bailando-219x300.jpg 219w, https:\/\/www.educa.itakaescolapios.org\/wp-content\/uploads\/2025\/12\/Dorotea-bailando-250x343.jpg 250w, https:\/\/www.educa.itakaescolapios.org\/wp-content\/uploads\/2025\/12\/Dorotea-bailando.jpg 747w\" sizes=\"(max-width: 388px) 100vw, 388px\" \/>\u00a0nuestros comedores en Camer\u00fan y Venezuela y se convertir\u00e1n en \u00ab\u00a0peque\u00f1os embajadores\u00a0\u00bb. \u00bfEl gran final? Organizar\u00e1n un evento para ense\u00f1ar a sus familias a comer de forma justa y solidaria.<\/li>\n<li><strong>Primaria &#8211; 1\u00ba Ciclo (6-8 a\u00f1os): \u00ab\u00a0Mi casa, tu casa\u00a0\u00bb.<\/strong> Aqu\u00ed toca hablar de acogida. Conectando con nuestra red de Hogares, trabajaremos la diversidad de las familias y la migraci\u00f3n. Los ni\u00f1os crear\u00e1n cuentos y materiales para romper prejuicios y hacer que todos se sientan como en casa.<\/li>\n<li><strong>Primaria &#8211; 2\u00ba Ciclo (8-10 a\u00f1os): \u00ab\u00a0Escuelas hermanas\u00a0\u00bb.<\/strong> \u00a1Vamos a hacer amigos al otro lado del mundo! Trabajaremos el derecho a la educaci\u00f3n conectando de verdad con coles escolapios de otros continentes. Cartas, videollamadas y hasta un libro de juegos compartido para sentirnos compa\u00f1eros de clase globales.<\/li>\n<li><strong>Primaria &#8211; 3\u00ba Ciclo (10-12 a\u00f1os): \u00ab\u00a0Palabras que abren puertas\u00a0\u00bb.<\/strong> La educaci\u00f3n es clave. Los estudiantes dise\u00f1ar\u00e1n herramientas s\u00faper \u00fatiles \u2014como diccionarios b\u00e1sicos o pictogramas\u2014 para ayudar a los programas de alfabetizaci\u00f3n y facilitar que las personas migrantes del barrio se sientan integradas.<\/li>\n<li><strong>Secundaria (12-15 a\u00f1os): \u00ab\u00a0Construimos futuro\u00a0\u00bb.<\/strong> \u00a1Os toca ser influencers de los buenos! Los j\u00f3venes actuar\u00e1n como una agencia de comunicaci\u00f3n: analizar\u00e1n por qu\u00e9 existe la vulnerabilidad y lanzar\u00e1n campa\u00f1as profesionales en redes sociales para apoyar a nuestros Centros Socioeducativos.<\/li>\n<li><strong>Bachillerato (15-18 a\u00f1os): \u00ab\u00a0Agentes de cambio\u00a0\u00bb.<\/strong> El voluntariado es poder. Investigaremos c\u00f3mo los movimientos sociales cambian la historia y dise\u00f1aremos estrategias para animar a m\u00e1s gente a ser voluntaria. \u00a1Liderazgo en acci\u00f3n!<\/li>\n<\/ul>\n<h3>2. EN EL GRUPO: MOVIMIENTO CALASANZ<\/h3>\n<p>Y para los grupos de pastoral, bajo el lema \u00ab\u00a0T\u00fa ra\u00edz\u00a0\u00bb, tenemos unas din\u00e1micas geniales para profundizar en qui\u00e9nes somos y nuestras ganas de servir.<\/p>\n<ul>\n<li><strong>3-5 a\u00f1os: \u00ab\u00a0Tu Ra\u00edz es Jes\u00fas\u00a0\u00bb.<\/strong> Con el \u00ab\u00a0\u00c1rbol de la Amistad\u00a0\u00bb, los m\u00e1s peques ver\u00e1n que Jes\u00fas es esa ra\u00edz que nos da fuerza y que nuestros gestos de cari\u00f1o son los frutos.<\/li>\n<li><strong>6-8 a\u00f1os: \u00ab\u00a0El mapa de la misi\u00f3n\u00a0\u00bb.<\/strong> \u00a1A explorar! Buscaremos nuestra \u00ab\u00a0huella de servicio\u00a0\u00bb en el mapa y veremos c\u00f3mo nuestras peque\u00f1as acciones conectan con los hogares escolapios de todo el mundo.<\/li>\n<li><strong>8-10 a\u00f1os: \u00ab\u00a0La Br\u00fajula de Calasanz\u00a0\u00bb.<\/strong> Un juego de rastreo muy divertido. Descubriremos que esta misi\u00f3n es una aventura que empieza en Jes\u00fas y termina ayudando a los dem\u00e1s, recorriendo nuestros 25 a\u00f1os de historia.<\/li>\n<li><strong>10-12 a\u00f1os: \u00ab\u00a0Tejiendo la red\u00a0\u00bb.<\/strong> Usaremos hilos de colores para ver c\u00f3mo la fe y la cultura (Piedad y Letras) se unen. \u00a1Tejeremos una red gigante entre todos para ver que juntos somos m\u00e1s fuertes!<\/li>\n<li><strong>12-15 a\u00f1os: \u00ab\u00a0El sism\u00f3grafo social\u00a0\u00bb.<\/strong> Igual que un sism\u00f3grafo detecta terremotos, nosotros detectaremos injusticias. Veremos c\u00f3mo nuestros valores nos ayudan a responder con fuerza y compromiso.<\/li>\n<li><strong>15-18 a\u00f1os: \u00ab\u00a0El Arquitecto de la vocaci\u00f3n\u00a0\u00bb.<\/strong> Momento de mirarse al espejo. Con un an\u00e1lisis personal (FODA), pensaremos en nuestro futuro y en c\u00f3mo Itaka-Escolapios puede ser parte de nuestro proyecto de vida.<\/li>\n<\/ul>\n<h3>3. Y PARA LOS ADULTOS&#8230;<\/h3>\n<p>Los 25 a\u00f1os son un momento perfecto para dar un paso adelante. Para equipos, profes, familias y fraternidades, traemos <strong>\u00ab\u00a025 a\u00f1os de huellas de Calasanz\u00a0\u00bb<\/strong>.<\/p>\n<p>Queremos pasar de la teor\u00eda a la acci\u00f3n con din\u00e1micas profundas:<\/p>\n<ul>\n<li><strong>\u00ab\u00a0La Br\u00fajula Carism\u00e1tica\u00a0\u00bb:<\/strong> Un taller para ver c\u00f3mo equilibrar el coraz\u00f3n (servicio) y la cabeza (formaci\u00f3n) para que nuestros proyectos transformen de verdad.<\/li>\n<li><strong>\u00ab\u00a0Del Yo al Nosotros\u00a0\u00bb:<\/strong> Un momento para pararse a pensar: \u00ab\u00a0\u00bfCu\u00e1nto me implico yo?\u00a0\u00bb y ver c\u00f3mo podemos avanzar hacia un compromiso m\u00e1s constante y compartido.<\/li>\n<\/ul>\n<p>\u00a1Os animamos a renovar vuestra vocaci\u00f3n de ser esa \u00ab\u00a0ra\u00edz\u00a0\u00bb que sostiene todo esto!<\/p>","protected":false},"excerpt":{"rendered":"<p>D\u00e9sol\u00e9, cet article est seulement disponible en Espagnol Europ\u00e9en, Anglais Am\u00e9ricain, Basque et Portugais Europ\u00e9en. METODOLOG\u00cdA: UN CAMINO PARA TRANSFORMARNOS JUNTOS \u00a1Estamos de celebraci\u00f3n! En el [&hellip;]<\/p>\n","protected":false},"author":11,"featured_media":0,"parent":9047,"menu_order":3,"comment_status":"closed","ping_status":"closed","template":"","meta":[],"acf":[],"_links":{"self":[{"href":"https:\/\/www.educa.itakaescolapios.org\/fr\/wp-json\/wp\/v2\/pages\/9077"}],"collection":[{"href":"https:\/\/www.educa.itakaescolapios.org\/fr\/wp-json\/wp\/v2\/pages"}],"about":[{"href":"https:\/\/www.educa.itakaescolapios.org\/fr\/wp-json\/wp\/v2\/types\/page"}],"author":[{"embeddable":true,"href":"https:\/\/www.educa.itakaescolapios.org\/fr\/wp-json\/wp\/v2\/users\/11"}],"replies":[{"embeddable":true,"href":"https:\/\/www.educa.itakaescolapios.org\/fr\/wp-json\/wp\/v2\/comments?post=9077"}],"version-history":[{"count":19,"href":"https:\/\/www.educa.itakaescolapios.org\/fr\/wp-json\/wp\/v2\/pages\/9077\/revisions"}],"predecessor-version":[{"id":9489,"href":"https:\/\/www.educa.itakaescolapios.org\/fr\/wp-json\/wp\/v2\/pages\/9077\/revisions\/9489"}],"up":[{"embeddable":true,"href":"https:\/\/www.educa.itakaescolapios.org\/fr\/wp-json\/wp\/v2\/pages\/9047"}],"wp:attachment":[{"href":"https:\/\/www.educa.itakaescolapios.org\/fr\/wp-json\/wp\/v2\/media?parent=9077"}],"curies":[{"name":"wp","href":"https:\/\/api.w.org\/{rel}","templated":true}]}}

Metodología de la campaña

<p class="qtranxs-available-languages-message qtranxs-available-languages-message-fr">Désolé, cet article est seulement disponible en <a href="https://www.educa.itakaescolapios.org/es/wp-json/wp/v2/pages/9077" class="qtranxs-available-language-link qtranxs-available-language-link-es" title="Español">Espagnol Européen</a>, <a href="https://www.educa.itakaescolapios.org/en/wp-json/wp/v2/pages/9077" class="qtranxs-available-language-link qtranxs-available-language-link-en" title="English">Anglais Américain</a>, <a href="https://www.educa.itakaescolapios.org/eu/wp-json/wp/v2/pages/9077" class="qtranxs-available-language-link qtranxs-available-language-link-eu" title="Euskera">Basque</a> et <a href="https://www.educa.itakaescolapios.org/pt/wp-json/wp/v2/pages/9077" class="qtranxs-available-language-link qtranxs-available-language-link-pt" title="Português">Portugais Européen</a>.</p><p></p>
<p data-pm-slice="1 1 []"><strong>METODOLOGÍA: UN CAMINO PARA TRANSFORMARNOS JUNTOS</strong></p>
<p>¡Estamos de celebración! En el 25 aniversario de Itaka-Escolapios, queremos que nuestra propuesta educativa llegue a todos los rincones. La campaña <strong>« 25 años extendiendo raíces »</strong> no es una actividad suelta, ¡qué va! Es todo un recorrido para unir fuerzas: desde las aulas (con Aprendizaje-Servicio) hasta los grupos de tiempo libre (Movimiento Calasanz), e incluyendo también a los adultos.</p>
<p>Aquí te contamos el plan para este curso:</p>
<h3>1. EN EL COLE: APRENDEMOS AYUDANDO (ApS)</h3>
<p>La idea es sencilla: conectar lo que aprendemos en clase con el mundo real. Cada edad tiene su propia misión para echar una mano en nuestro entorno mientras aprendemos un montón.</p>
<ul>
<li><strong>Infantil (3-5 años): « Alimentar el mundo ».</strong> ¡A comer sano! Vamos a trabajar los hábitos saludables. Los peques conocerán</li>
<li><img decoding="async" loading="lazy" class=" wp-image-9176 alignright" src="https://www.educa.itakaescolapios.org/wp-content/uploads/2025/12/Dorotea-bailando-219x300.jpg" alt="" width="388" height="532" srcset="https://www.educa.itakaescolapios.org/wp-content/uploads/2025/12/Dorotea-bailando-219x300.jpg 219w, https://www.educa.itakaescolapios.org/wp-content/uploads/2025/12/Dorotea-bailando-250x343.jpg 250w, https://www.educa.itakaescolapios.org/wp-content/uploads/2025/12/Dorotea-bailando.jpg 747w" sizes="(max-width: 388px) 100vw, 388px" /> nuestros comedores en Camerún y Venezuela y se convertirán en « pequeños embajadores ». ¿El gran final? Organizarán un evento para enseñar a sus familias a comer de forma justa y solidaria.</li>
<li><strong>Primaria &#8211; 1º Ciclo (6-8 años): « Mi casa, tu casa ».</strong> Aquí toca hablar de acogida. Conectando con nuestra red de Hogares, trabajaremos la diversidad de las familias y la migración. Los niños crearán cuentos y materiales para romper prejuicios y hacer que todos se sientan como en casa.</li>
<li><strong>Primaria &#8211; 2º Ciclo (8-10 años): « Escuelas hermanas ».</strong> ¡Vamos a hacer amigos al otro lado del mundo! Trabajaremos el derecho a la educación conectando de verdad con coles escolapios de otros continentes. Cartas, videollamadas y hasta un libro de juegos compartido para sentirnos compañeros de clase globales.</li>
<li><strong>Primaria &#8211; 3º Ciclo (10-12 años): « Palabras que abren puertas ».</strong> La educación es clave. Los estudiantes diseñarán herramientas súper útiles —como diccionarios básicos o pictogramas— para ayudar a los programas de alfabetización y facilitar que las personas migrantes del barrio se sientan integradas.</li>
<li><strong>Secundaria (12-15 años): « Construimos futuro ».</strong> ¡Os toca ser influencers de los buenos! Los jóvenes actuarán como una agencia de comunicación: analizarán por qué existe la vulnerabilidad y lanzarán campañas profesionales en redes sociales para apoyar a nuestros Centros Socioeducativos.</li>
<li><strong>Bachillerato (15-18 años): « Agentes de cambio ».</strong> El voluntariado es poder. Investigaremos cómo los movimientos sociales cambian la historia y diseñaremos estrategias para animar a más gente a ser voluntaria. ¡Liderazgo en acción!</li>
</ul>
<h3>2. EN EL GRUPO: MOVIMIENTO CALASANZ</h3>
<p>Y para los grupos de pastoral, bajo el lema « Tú raíz », tenemos unas dinámicas geniales para profundizar en quiénes somos y nuestras ganas de servir.</p>
<ul>
<li><strong>3-5 años: « Tu Raíz es Jesús ».</strong> Con el « Árbol de la Amistad », los más peques verán que Jesús es esa raíz que nos da fuerza y que nuestros gestos de cariño son los frutos.</li>
<li><strong>6-8 años: « El mapa de la misión ».</strong> ¡A explorar! Buscaremos nuestra « huella de servicio » en el mapa y veremos cómo nuestras pequeñas acciones conectan con los hogares escolapios de todo el mundo.</li>
<li><strong>8-10 años: « La Brújula de Calasanz ».</strong> Un juego de rastreo muy divertido. Descubriremos que esta misión es una aventura que empieza en Jesús y termina ayudando a los demás, recorriendo nuestros 25 años de historia.</li>
<li><strong>10-12 años: « Tejiendo la red ».</strong> Usaremos hilos de colores para ver cómo la fe y la cultura (Piedad y Letras) se unen. ¡Tejeremos una red gigante entre todos para ver que juntos somos más fuertes!</li>
<li><strong>12-15 años: « El sismógrafo social ».</strong> Igual que un sismógrafo detecta terremotos, nosotros detectaremos injusticias. Veremos cómo nuestros valores nos ayudan a responder con fuerza y compromiso.</li>
<li><strong>15-18 años: « El Arquitecto de la vocación ».</strong> Momento de mirarse al espejo. Con un análisis personal (FODA), pensaremos en nuestro futuro y en cómo Itaka-Escolapios puede ser parte de nuestro proyecto de vida.</li>
</ul>
<h3>3. Y PARA LOS ADULTOS&#8230;</h3>
<p>Los 25 años son un momento perfecto para dar un paso adelante. Para equipos, profes, familias y fraternidades, traemos <strong>« 25 años de huellas de Calasanz »</strong>.</p>
<p>Queremos pasar de la teoría a la acción con dinámicas profundas:</p>
<ul>
<li><strong>« La Brújula Carismática »:</strong> Un taller para ver cómo equilibrar el corazón (servicio) y la cabeza (formación) para que nuestros proyectos transformen de verdad.</li>
<li><strong>« Del Yo al Nosotros »:</strong> Un momento para pararse a pensar: « ¿Cuánto me implico yo? » y ver cómo podemos avanzar hacia un compromiso más constante y compartido.</li>
</ul>
<p>¡Os animamos a renovar vuestra vocación de ser esa « raíz » que sostiene todo esto!</p>

<p>Désolé, cet article est seulement disponible en Espagnol Européen, Anglais Américain, Basque et Portugais Européen. METODOLOGÍA: UN CAMINO PARA TRANSFORMARNOS JUNTOS ¡Estamos de celebración! En el [&hellip;]</p>
