{"id":2286,"date":"2020-06-21T09:06:13","date_gmt":"2020-06-21T07:06:13","guid":{"rendered":"https:\/\/www.educa.itakaescolapios.org\/?page_id=2286"},"modified":"2020-06-21T09:06:13","modified_gmt":"2020-06-21T07:06:13","slug":"compartiendo-mucha-vida","status":"publish","type":"page","link":"https:\/\/www.educa.itakaescolapios.org\/it\/campanas\/2019-2020-compartiendo-mucha-vida\/compartiendo-mucha-vida","title":{"rendered":"COMPARTIENDO MUCHA VIDA"},"content":{"rendered":"<p class=\"qtranxs-available-languages-message qtranxs-available-languages-message-it\">Ci spiace, ma questo articolo \u00e8 disponibile soltanto in <a href=\"https:\/\/www.educa.itakaescolapios.org\/es\/wp-json\/wp\/v2\/pages\/2286\" class=\"qtranxs-available-language-link qtranxs-available-language-link-es\" title=\"Espa\u00f1ol\">Spagnolo Europeo<\/a>.<\/p><p><\/p>\n<p><iframe loading=\"lazy\" src=\"https:\/\/www.youtube.com\/embed\/RmyOd-bPlCQ\" width=\"504\" height=\"283\" frameborder=\"0\" allowfullscreen=\"allowfullscreen\"><\/iframe><\/p>\n<p>Desde la red Itaka-Escolapios presentamos la Campa\u00f1a de Solidaridad de Itaka-Escolapios, que tiene como lema <strong>COMPARTIENDO MUCHA VIDA #juventuditakaescolapios<\/strong>. Un lema que <strong>nos invita a proseguir el ilusionante camino con el reciente s\u00ednodo de la juventud<\/strong>, que tan intensamente hemos vivido en las Escuelas P\u00edas y en Itaka-Escolapios.<\/p>\n<p>La idea clave de esta campa\u00f1a es l<strong>a importancia y la urgencia de la misi\u00f3n escolapia con los y las m\u00e1s j\u00f3venes<\/strong>, incluyendo el Movimiento Calasanz como parte fundamental de ella. <strong>Especialmente la misi\u00f3n con quienes est\u00e1n en situaci\u00f3n de mayor vulnerabilidad, de exclusi\u00f3n o en palabras del Papa Francisco son descartados y descartadas<\/strong>.<\/p>\n<p>La red Itaka-Escolapios est\u00e1 impulsando numerosos proyectos para dar respuesta a las necesidades educativas y sociales de estos j\u00f3venes. La presente campa\u00f1a<strong> vamos a dirigir la mirada a<\/strong> un continente en que estos proyectos son especialmente significativos: <strong>Am\u00e9rica<\/strong>.<\/p>\n<p>En el continente americano <strong>la misi\u00f3n que compartimos en Itaka-Escolapios es responsable de sostener con el protagonismo juvenil numerosas iniciativas<\/strong> que est\u00e1n ofreciendo un presente y un futuro mejor para j\u00f3venes en situaci\u00f3n de pobreza y vulnerabilidad. As\u00ed los centros socioeducativos o centros culturales de M\u00e9xico, Centroam\u00e9rica y Caribe, Brasil y Bolivia a los que vamos a mirar fundamentalmente en esta campa\u00f1a.<\/p>\n<p>Se trata de una labor extraordinaria que vamos a conocer mejor y a apoyar con los recursos de esta campa\u00f1a, para que pueda seguir adelante y crecer como respuesta a la problem\u00e1tica que viven los j\u00f3venes en cada uno de estos lugares.<\/p>\n<p>El reciente s\u00ednodo de la juventud y el <strong>Papa Francisco nos llaman a fortalecer el compromiso social<\/strong>. En Itaka-Escolapios hacemos nuestra esta llamada, a comprometernos en iniciativas de voluntariado, ciudadan\u00eda activa y solidaridad social. Pensamos que esta campa\u00f1a es una muy buena oportunidad para ello y para como dice el lema <strong>\u201cCOMPARTIR MUCHA VIDA\u201d.<\/strong><\/p>\n<p>&nbsp;<\/p>\n<p>\t\t\t\t<\/p>","protected":false},"excerpt":{"rendered":"<p>Ci spiace, ma questo articolo \u00e8 disponibile soltanto in Spagnolo Europeo. Desde la red Itaka-Escolapios presentamos la Campa\u00f1a de Solidaridad de Itaka-Escolapios, que tiene como lema [&hellip;]<\/p>\n","protected":false},"author":1,"featured_media":0,"parent":2273,"menu_order":0,"comment_status":"closed","ping_status":"closed","template":"","meta":[],"acf":[],"_links":{"self":[{"href":"https:\/\/www.educa.itakaescolapios.org\/it\/wp-json\/wp\/v2\/pages\/2286"}],"collection":[{"href":"https:\/\/www.educa.itakaescolapios.org\/it\/wp-json\/wp\/v2\/pages"}],"about":[{"href":"https:\/\/www.educa.itakaescolapios.org\/it\/wp-json\/wp\/v2\/types\/page"}],"author":[{"embeddable":true,"href":"https:\/\/www.educa.itakaescolapios.org\/it\/wp-json\/wp\/v2\/users\/1"}],"replies":[{"embeddable":true,"href":"https:\/\/www.educa.itakaescolapios.org\/it\/wp-json\/wp\/v2\/comments?post=2286"}],"version-history":[{"count":1,"href":"https:\/\/www.educa.itakaescolapios.org\/it\/wp-json\/wp\/v2\/pages\/2286\/revisions"}],"predecessor-version":[{"id":2287,"href":"https:\/\/www.educa.itakaescolapios.org\/it\/wp-json\/wp\/v2\/pages\/2286\/revisions\/2287"}],"up":[{"embeddable":true,"href":"https:\/\/www.educa.itakaescolapios.org\/it\/wp-json\/wp\/v2\/pages\/2273"}],"wp:attachment":[{"href":"https:\/\/www.educa.itakaescolapios.org\/it\/wp-json\/wp\/v2\/media?parent=2286"}],"curies":[{"name":"wp","href":"https:\/\/api.w.org\/{rel}","templated":true}]}}

<p class="qtranxs-available-languages-message qtranxs-available-languages-message-it">Ci spiace, ma questo articolo è disponibile soltanto in <a href="https://www.educa.itakaescolapios.org/es/wp-json/wp/v2/pages/2286" class="qtranxs-available-language-link qtranxs-available-language-link-es" title="Español">Spagnolo Europeo</a>.</p><p></p>
<p><iframe loading="lazy" src="https://www.youtube.com/embed/RmyOd-bPlCQ" width="504" height="283" frameborder="0" allowfullscreen="allowfullscreen"></iframe></p>
<p>Desde la red Itaka-Escolapios presentamos la Campaña de Solidaridad de Itaka-Escolapios, que tiene como lema <strong>COMPARTIENDO MUCHA VIDA #juventuditakaescolapios</strong>. Un lema que <strong>nos invita a proseguir el ilusionante camino con el reciente sínodo de la juventud</strong>, que tan intensamente hemos vivido en las Escuelas Pías y en Itaka-Escolapios.</p>
<p>La idea clave de esta campaña es l<strong>a importancia y la urgencia de la misión escolapia con los y las más jóvenes</strong>, incluyendo el Movimiento Calasanz como parte fundamental de ella. <strong>Especialmente la misión con quienes están en situación de mayor vulnerabilidad, de exclusión o en palabras del Papa Francisco son descartados y descartadas</strong>.</p>
<p>La red Itaka-Escolapios está impulsando numerosos proyectos para dar respuesta a las necesidades educativas y sociales de estos jóvenes. La presente campaña<strong> vamos a dirigir la mirada a</strong> un continente en que estos proyectos son especialmente significativos: <strong>América</strong>.</p>
<p>En el continente americano <strong>la misión que compartimos en Itaka-Escolapios es responsable de sostener con el protagonismo juvenil numerosas iniciativas</strong> que están ofreciendo un presente y un futuro mejor para jóvenes en situación de pobreza y vulnerabilidad. Así los centros socioeducativos o centros culturales de México, Centroamérica y Caribe, Brasil y Bolivia a los que vamos a mirar fundamentalmente en esta campaña.</p>
<p>Se trata de una labor extraordinaria que vamos a conocer mejor y a apoyar con los recursos de esta campaña, para que pueda seguir adelante y crecer como respuesta a la problemática que viven los jóvenes en cada uno de estos lugares.</p>
<p>El reciente sínodo de la juventud y el <strong>Papa Francisco nos llaman a fortalecer el compromiso social</strong>. En Itaka-Escolapios hacemos nuestra esta llamada, a comprometernos en iniciativas de voluntariado, ciudadanía activa y solidaridad social. Pensamos que esta campaña es una muy buena oportunidad para ello y para como dice el lema <strong>“COMPARTIR MUCHA VIDA”.</strong></p>
<p>&nbsp;</p>
<p>				</p>

<p>Ci spiace, ma questo articolo è disponibile soltanto in Spagnolo Europeo. Desde la red Itaka-Escolapios presentamos la Campaña de Solidaridad de Itaka-Escolapios, que tiene como lema [&hellip;]</p>
