{"id":2718,"date":"2020-11-04T18:09:08","date_gmt":"2020-11-04T17:09:08","guid":{"rendered":"https:\/\/www.educa.itakaescolapios.org\/?page_id=2718"},"modified":"2021-01-03T11:43:39","modified_gmt":"2021-01-03T10:43:39","slug":"capsula-del-tiempo","status":"publish","type":"page","link":"https:\/\/www.educa.itakaescolapios.org\/it\/campanas\/2020-2021-reiniciando-para-transformar\/siente\/capsula-del-tiempo","title":{"rendered":"C\u00e1psula del tiempo (2 a +18)"},"content":{"rendered":"<p class=\"qtranxs-available-languages-message qtranxs-available-languages-message-it\">Ci spiace, ma questo articolo \u00e8 disponibile soltanto in <a href=\"https:\/\/www.educa.itakaescolapios.org\/es\/wp-json\/wp\/v2\/pages\/2718\" class=\"qtranxs-available-language-link qtranxs-available-language-link-es\" title=\"Espa\u00f1ol\">Spagnolo Europeo<\/a>, <a href=\"https:\/\/www.educa.itakaescolapios.org\/en\/wp-json\/wp\/v2\/pages\/2718\" class=\"qtranxs-available-language-link qtranxs-available-language-link-en\" title=\"English\">Inglese Americano<\/a>, <a href=\"https:\/\/www.educa.itakaescolapios.org\/eu\/wp-json\/wp\/v2\/pages\/2718\" class=\"qtranxs-available-language-link qtranxs-available-language-link-eu\" title=\"Euskera\">Basco<\/a>, <a href=\"https:\/\/www.educa.itakaescolapios.org\/fr\/wp-json\/wp\/v2\/pages\/2718\" class=\"qtranxs-available-language-link qtranxs-available-language-link-fr\" title=\"Fran\u00e7ais\">Francese<\/a> e <a href=\"https:\/\/www.educa.itakaescolapios.org\/pt\/wp-json\/wp\/v2\/pages\/2718\" class=\"qtranxs-available-language-link qtranxs-available-language-link-pt\" title=\"Portugu\u00eas\">Portoghese Europeo<\/a>.<\/p><p>Vivimos tiempos hist\u00f3ricos, que en el futuro ser\u00e1n recordados en los libros, y estudiados en las escuelas. <em>\u201cLos meses que nos obligaron a parar un poco el mundo para luego poder seguir\u201d.<\/em><\/p>\n<p><strong>\u00bfCreemos que merece la pena contarlo para que en el futuro sepan lo que pas\u00f3?<\/strong> Para eso vamos a hacer una c\u00e1psula del tiempo.<\/p>\n<p>&nbsp;<\/p>\n<p style=\"padding-left: 40px;\"><strong><a href=\"https:\/\/www.educa.itakaescolapios.org\/wp-content\/uploads\/2020\/11\/Capsula-del-tiempo.pdf\" target=\"_blank\" rel=\"noopener noreferrer\">Ficha PDF: Capsula del tiempo<\/a><\/strong><\/p>\n<p><strong><a href=\"https:\/\/www.educa.itakaescolapios.org\/wp-content\/uploads\/2020\/11\/Capsula-del-tiempo.pdf\" target=\"_blank\" rel=\"noopener noreferrer\"><img decoding=\"async\" loading=\"lazy\" class=\"alignleft size-medium wp-image-3014\" src=\"https:\/\/www.educa.itakaescolapios.org\/wp-content\/uploads\/2020\/11\/mano-click-verde-en-el-medio-300x107.jpg\" alt=\"\" width=\"300\" height=\"107\" srcset=\"https:\/\/www.educa.itakaescolapios.org\/wp-content\/uploads\/2020\/11\/mano-click-verde-en-el-medio-300x107.jpg 300w, https:\/\/www.educa.itakaescolapios.org\/wp-content\/uploads\/2020\/11\/mano-click-verde-en-el-medio-1024x366.jpg 1024w, https:\/\/www.educa.itakaescolapios.org\/wp-content\/uploads\/2020\/11\/mano-click-verde-en-el-medio-768x275.jpg 768w, https:\/\/www.educa.itakaescolapios.org\/wp-content\/uploads\/2020\/11\/mano-click-verde-en-el-medio-1536x549.jpg 1536w, https:\/\/www.educa.itakaescolapios.org\/wp-content\/uploads\/2020\/11\/mano-click-verde-en-el-medio-2048x732.jpg 2048w, https:\/\/www.educa.itakaescolapios.org\/wp-content\/uploads\/2020\/11\/mano-click-verde-en-el-medio-250x89.jpg 250w\" sizes=\"(max-width: 300px) 100vw, 300px\" \/><\/a><\/strong><img decoding=\"async\" loading=\"lazy\" class=\"aligncenter wp-image-2719\" src=\"https:\/\/www.educa.itakaescolapios.org\/wp-content\/uploads\/2020\/11\/BLA_COLOR-recortada-1024x962.jpg\" alt=\"\" width=\"820\" height=\"770\" srcset=\"https:\/\/www.educa.itakaescolapios.org\/wp-content\/uploads\/2020\/11\/BLA_COLOR-recortada-1024x962.jpg 1024w, https:\/\/www.educa.itakaescolapios.org\/wp-content\/uploads\/2020\/11\/BLA_COLOR-recortada-300x282.jpg 300w, https:\/\/www.educa.itakaescolapios.org\/wp-content\/uploads\/2020\/11\/BLA_COLOR-recortada-768x721.jpg 768w, https:\/\/www.educa.itakaescolapios.org\/wp-content\/uploads\/2020\/11\/BLA_COLOR-recortada-1536x1443.jpg 1536w, https:\/\/www.educa.itakaescolapios.org\/wp-content\/uploads\/2020\/11\/BLA_COLOR-recortada-2048x1924.jpg 2048w, https:\/\/www.educa.itakaescolapios.org\/wp-content\/uploads\/2020\/11\/BLA_COLOR-recortada-250x235.jpg 250w\" sizes=\"(max-width: 820px) 100vw, 820px\" \/><\/p>\n<p>&nbsp;<\/p>\n<p>&nbsp;<\/p>","protected":false},"excerpt":{"rendered":"<p>Ci spiace, ma questo articolo \u00e8 disponibile soltanto in Spagnolo Europeo, Inglese Americano, Basco, Francese e Portoghese Europeo.Vivimos tiempos hist\u00f3ricos, que en el futuro ser\u00e1n recordados [&hellip;]<\/p>\n","protected":false},"author":5,"featured_media":0,"parent":2658,"menu_order":6,"comment_status":"closed","ping_status":"closed","template":"","meta":[],"acf":[],"_links":{"self":[{"href":"https:\/\/www.educa.itakaescolapios.org\/it\/wp-json\/wp\/v2\/pages\/2718"}],"collection":[{"href":"https:\/\/www.educa.itakaescolapios.org\/it\/wp-json\/wp\/v2\/pages"}],"about":[{"href":"https:\/\/www.educa.itakaescolapios.org\/it\/wp-json\/wp\/v2\/types\/page"}],"author":[{"embeddable":true,"href":"https:\/\/www.educa.itakaescolapios.org\/it\/wp-json\/wp\/v2\/users\/5"}],"replies":[{"embeddable":true,"href":"https:\/\/www.educa.itakaescolapios.org\/it\/wp-json\/wp\/v2\/comments?post=2718"}],"version-history":[{"count":19,"href":"https:\/\/www.educa.itakaescolapios.org\/it\/wp-json\/wp\/v2\/pages\/2718\/revisions"}],"predecessor-version":[{"id":4267,"href":"https:\/\/www.educa.itakaescolapios.org\/it\/wp-json\/wp\/v2\/pages\/2718\/revisions\/4267"}],"up":[{"embeddable":true,"href":"https:\/\/www.educa.itakaescolapios.org\/it\/wp-json\/wp\/v2\/pages\/2658"}],"wp:attachment":[{"href":"https:\/\/www.educa.itakaescolapios.org\/it\/wp-json\/wp\/v2\/media?parent=2718"}],"curies":[{"name":"wp","href":"https:\/\/api.w.org\/{rel}","templated":true}]}}

Cápsula del tiempo (2 a +18)

<p class="qtranxs-available-languages-message qtranxs-available-languages-message-it">Ci spiace, ma questo articolo è disponibile soltanto in <a href="https://www.educa.itakaescolapios.org/es/wp-json/wp/v2/pages/2718" class="qtranxs-available-language-link qtranxs-available-language-link-es" title="Español">Spagnolo Europeo</a>, <a href="https://www.educa.itakaescolapios.org/en/wp-json/wp/v2/pages/2718" class="qtranxs-available-language-link qtranxs-available-language-link-en" title="English">Inglese Americano</a>, <a href="https://www.educa.itakaescolapios.org/eu/wp-json/wp/v2/pages/2718" class="qtranxs-available-language-link qtranxs-available-language-link-eu" title="Euskera">Basco</a>, <a href="https://www.educa.itakaescolapios.org/fr/wp-json/wp/v2/pages/2718" class="qtranxs-available-language-link qtranxs-available-language-link-fr" title="Français">Francese</a> e <a href="https://www.educa.itakaescolapios.org/pt/wp-json/wp/v2/pages/2718" class="qtranxs-available-language-link qtranxs-available-language-link-pt" title="Português">Portoghese Europeo</a>.</p><p>Vivimos tiempos históricos, que en el futuro serán recordados en los libros, y estudiados en las escuelas. <em>“Los meses que nos obligaron a parar un poco el mundo para luego poder seguir”.</em></p>
<p><strong>¿Creemos que merece la pena contarlo para que en el futuro sepan lo que pasó?</strong> Para eso vamos a hacer una cápsula del tiempo.</p>
<p>&nbsp;</p>
<p style="padding-left: 40px;"><strong><a href="https://www.educa.itakaescolapios.org/wp-content/uploads/2020/11/Capsula-del-tiempo.pdf" target="_blank" rel="noopener noreferrer">Ficha PDF: Capsula del tiempo</a></strong></p>
<p><strong><a href="https://www.educa.itakaescolapios.org/wp-content/uploads/2020/11/Capsula-del-tiempo.pdf" target="_blank" rel="noopener noreferrer"><img decoding="async" loading="lazy" class="alignleft size-medium wp-image-3014" src="https://www.educa.itakaescolapios.org/wp-content/uploads/2020/11/mano-click-verde-en-el-medio-300x107.jpg" alt="" width="300" height="107" srcset="https://www.educa.itakaescolapios.org/wp-content/uploads/2020/11/mano-click-verde-en-el-medio-300x107.jpg 300w, https://www.educa.itakaescolapios.org/wp-content/uploads/2020/11/mano-click-verde-en-el-medio-1024x366.jpg 1024w, https://www.educa.itakaescolapios.org/wp-content/uploads/2020/11/mano-click-verde-en-el-medio-768x275.jpg 768w, https://www.educa.itakaescolapios.org/wp-content/uploads/2020/11/mano-click-verde-en-el-medio-1536x549.jpg 1536w, https://www.educa.itakaescolapios.org/wp-content/uploads/2020/11/mano-click-verde-en-el-medio-2048x732.jpg 2048w, https://www.educa.itakaescolapios.org/wp-content/uploads/2020/11/mano-click-verde-en-el-medio-250x89.jpg 250w" sizes="(max-width: 300px) 100vw, 300px" /></a></strong><img decoding="async" loading="lazy" class="aligncenter wp-image-2719" src="https://www.educa.itakaescolapios.org/wp-content/uploads/2020/11/BLA_COLOR-recortada-1024x962.jpg" alt="" width="820" height="770" srcset="https://www.educa.itakaescolapios.org/wp-content/uploads/2020/11/BLA_COLOR-recortada-1024x962.jpg 1024w, https://www.educa.itakaescolapios.org/wp-content/uploads/2020/11/BLA_COLOR-recortada-300x282.jpg 300w, https://www.educa.itakaescolapios.org/wp-content/uploads/2020/11/BLA_COLOR-recortada-768x721.jpg 768w, https://www.educa.itakaescolapios.org/wp-content/uploads/2020/11/BLA_COLOR-recortada-1536x1443.jpg 1536w, https://www.educa.itakaescolapios.org/wp-content/uploads/2020/11/BLA_COLOR-recortada-2048x1924.jpg 2048w, https://www.educa.itakaescolapios.org/wp-content/uploads/2020/11/BLA_COLOR-recortada-250x235.jpg 250w" sizes="(max-width: 820px) 100vw, 820px" /></p>
<p>&nbsp;</p>
<p>&nbsp;</p>

<p>Ci spiace, ma questo articolo è disponibile soltanto in Spagnolo Europeo, Inglese Americano, Basco, Francese e Portoghese Europeo.Vivimos tiempos históricos, que en el futuro serán recordados [&hellip;]</p>
