{"id":5045,"date":"2021-10-26T12:46:26","date_gmt":"2021-10-26T10:46:26","guid":{"rendered":"https:\/\/www.educa.itakaescolapios.org\/?page_id=5045"},"modified":"2021-12-10T20:07:05","modified_gmt":"2021-12-10T19:07:05","slug":"mision-medioambiente","status":"publish","type":"page","link":"https:\/\/www.educa.itakaescolapios.org\/it\/campanas\/2021-2022-centros-que-cambian-cambia-tu-centro\/actividades\/mision-medioambiente","title":{"rendered":"Misi\u00f3n MEDIOAMBIENTE"},"content":{"rendered":"<p class=\"qtranxs-available-languages-message qtranxs-available-languages-message-it\">Ci spiace, ma questo articolo \u00e8 disponibile soltanto in <a href=\"https:\/\/www.educa.itakaescolapios.org\/es\/wp-json\/wp\/v2\/pages\/5045\" class=\"qtranxs-available-language-link qtranxs-available-language-link-es\" title=\"Espa\u00f1ol\">Spagnolo Europeo<\/a>, <a href=\"https:\/\/www.educa.itakaescolapios.org\/en\/wp-json\/wp\/v2\/pages\/5045\" class=\"qtranxs-available-language-link qtranxs-available-language-link-en\" title=\"English\">Inglese Americano<\/a>, <a href=\"https:\/\/www.educa.itakaescolapios.org\/eu\/wp-json\/wp\/v2\/pages\/5045\" class=\"qtranxs-available-language-link qtranxs-available-language-link-eu\" title=\"Euskera\">Basco<\/a>, <a href=\"https:\/\/www.educa.itakaescolapios.org\/fr\/wp-json\/wp\/v2\/pages\/5045\" class=\"qtranxs-available-language-link qtranxs-available-language-link-fr\" title=\"Fran\u00e7ais\">Francese<\/a> e <a href=\"https:\/\/www.educa.itakaescolapios.org\/pt\/wp-json\/wp\/v2\/pages\/5045\" class=\"qtranxs-available-language-link qtranxs-available-language-link-pt\" title=\"Portugu\u00eas\">Portoghese Europeo<\/a>.<\/p><p><\/p>\n<p style=\"text-align: justify;\"><span style=\"font-family: arial, helvetica, sans-serif;\"><img decoding=\"async\" loading=\"lazy\" class=\"alignright\" style=\"margin: 5px;\" src=\"https:\/\/www.educa.itakaescolapios.org\/wp-content\/uploads\/2021\/10\/Misi\u00f3n-MEDIOAMBIENTE.png\" alt=\"\" width=\"60%\" height=\"60%\" \/>Los centros Escolapios est\u00e1n llamados a ser centros defensores del medioambiente , con sus participantes, en su entorno y en el resto del mundo.<\/span><br \/>\n<span style=\"font-family: arial, helvetica, sans-serif;\">Como en Campeche, M\u00e9xico d\u00f3nde el Centro Cultural Calasanz con un grupo de j\u00f3venes ha recogido y reciclado toneladas de pl\u00e1stico PET para evitar que sean quemadas y contaminen la atm\u00f3sfera.<\/span><br \/>\n<span style=\"font-family: arial, helvetica, sans-serif;\">Quisap y Look quieren invitarte a la Misi\u00f3n Medioambiente. S\u00famate a ellos para trabajar por la sostenibilidad ecol\u00f3gica, revisar tus h\u00e1bitos de consumo y la forma en la que puedes ayudar a la naturaleza a recuperarse del da\u00f1o que le hacemos. Comprom\u00e9tete y participa para lograr el diploma del Medioambiente.<\/span><\/p>\n<p style=\"text-align: justify;\"><span style=\"font-family: arial, helvetica, sans-serif;\">Cuentas con numerosas actividades para sacar adelante la misi\u00f3n medioambiente y con una carta de enhorabuena de Dorotea para cuando lo consigas. \u00a0(<a href=\"https:\/\/www.educa.itakaescolapios.org\/wp-content\/uploads\/2021\/11\/Carta-Dorotea-fin-MEDIOAMBIENTE.pdf\" target=\"_blank\" rel=\"noopener noreferrer\">Carta final de misi\u00f3n<\/a>)<\/span><\/p>\n<p>&nbsp;<\/p>\n<p style=\"padding-left: 120px;\"><span style=\"font-family: arial, helvetica, sans-serif;\"><a href=\"https:\/\/www.educa.itakaescolapios.org\/sostenibilidad\/sumando-granos-de-arena\" target=\"_blank\" rel=\"noopener noreferrer\">Sumando granos de arena, creando monta\u00f1as de soluciones (de 3 a 18 a\u00f1os)<\/a><\/span><\/p>\n<p style=\"padding-left: 120px;\"><span style=\"font-family: arial, helvetica, sans-serif;\"><a href=\"https:\/\/www.educa.itakaescolapios.org\/sostenibilidad\/compara-y-contrasta-entre-la-naturaleza-actual-y-cuidada\" target=\"_blank\" rel=\"noopener noreferrer\">\u00bfQu\u00e9 ha cambiado? (Compara y contrasta) (de 3 a 18 a\u00f1os)<\/a><\/span><\/p>\n<p style=\"padding-left: 120px;\"><span style=\"font-family: arial, helvetica, sans-serif;\"><a href=\"https:\/\/www.educa.itakaescolapios.org\/sostenibilidad\/imagina-como-se-siente-la-naturaleza\" target=\"_blank\" rel=\"noopener noreferrer\">IMAGINA \u00bfC\u00f3mo se siente la Naturaleza? (de 3 a 18 a\u00f1os)<\/a><\/span><\/p>\n<p style=\"padding-left: 120px;\"><span style=\"font-family: arial, helvetica, sans-serif;\"><a href=\"https:\/\/www.educa.itakaescolapios.org\/sostenibilidad\/repensando-los-problemas-medioambientales\" target=\"_blank\" rel=\"noopener noreferrer\">Repensando los problemas medioambientales (desde 12 a\u00f1os)<\/a><\/span><\/p>\n<p style=\"padding-left: 120px;\"><span style=\"font-family: arial, helvetica, sans-serif;\"><a href=\"https:\/\/www.educa.itakaescolapios.org\/sostenibilidad\/la-energia-de-mi-cole\" target=\"_blank\" rel=\"noopener noreferrer\">La energ\u00eda de mi cole (de 3 a 5 a\u00f1os)<\/a><\/span><\/p>\n<p style=\"padding-left: 120px;\"><span style=\"font-family: arial, helvetica, sans-serif;\"><a href=\"https:\/\/www.educa.itakaescolapios.org\/sostenibilidad\/para-que-quiero-los-pies\" target=\"_blank\" rel=\"noopener noreferrer\">Para qu\u00e9 quieres los pies (de 8 a 14 a\u00f1os)<\/a><\/span><\/p>\n<p style=\"padding-left: 120px;\"><span style=\"font-family: arial, helvetica, sans-serif;\"><a href=\"https:\/\/www.educa.itakaescolapios.org\/sostenibilidad\/sin-energia-en-la-ciudad\" target=\"_blank\" rel=\"noopener noreferrer\">Sin energ\u00eda en la ciudad (de 12 a 16 a\u00f1os)<\/a><\/span><\/p>\n<p><img decoding=\"async\" loading=\"lazy\" class=\"size-medium wp-image-2975 alignright\" src=\"https:\/\/www.educa.itakaescolapios.org\/wp-content\/uploads\/2020\/11\/mano-click-verde-por-dos-300x156.jpg\" alt=\"\" width=\"20%\" height=\"20%\" srcset=\"https:\/\/www.educa.itakaescolapios.org\/wp-content\/uploads\/2020\/11\/mano-click-verde-por-dos-300x156.jpg 300w, https:\/\/www.educa.itakaescolapios.org\/wp-content\/uploads\/2020\/11\/mano-click-verde-por-dos-1024x532.jpg 1024w, https:\/\/www.educa.itakaescolapios.org\/wp-content\/uploads\/2020\/11\/mano-click-verde-por-dos-768x399.jpg 768w, https:\/\/www.educa.itakaescolapios.org\/wp-content\/uploads\/2020\/11\/mano-click-verde-por-dos-1536x799.jpg 1536w, https:\/\/www.educa.itakaescolapios.org\/wp-content\/uploads\/2020\/11\/mano-click-verde-por-dos-2048x1065.jpg 2048w, https:\/\/www.educa.itakaescolapios.org\/wp-content\/uploads\/2020\/11\/mano-click-verde-por-dos-250x130.jpg 250w\" sizes=\"(max-width: 300px) 100vw, 300px\" \/><\/p>\n<hr \/>\n<p>&nbsp;<\/p>\n<p>&nbsp;<\/p>","protected":false},"excerpt":{"rendered":"<p>Ci spiace, ma questo articolo \u00e8 disponibile soltanto in Spagnolo Europeo, Inglese Americano, Basco, Francese e Portoghese Europeo. Los centros Escolapios est\u00e1n llamados a ser centros [&hellip;]<\/p>\n","protected":false},"author":5,"featured_media":0,"parent":5117,"menu_order":6,"comment_status":"closed","ping_status":"closed","template":"","meta":[],"acf":[],"_links":{"self":[{"href":"https:\/\/www.educa.itakaescolapios.org\/it\/wp-json\/wp\/v2\/pages\/5045"}],"collection":[{"href":"https:\/\/www.educa.itakaescolapios.org\/it\/wp-json\/wp\/v2\/pages"}],"about":[{"href":"https:\/\/www.educa.itakaescolapios.org\/it\/wp-json\/wp\/v2\/types\/page"}],"author":[{"embeddable":true,"href":"https:\/\/www.educa.itakaescolapios.org\/it\/wp-json\/wp\/v2\/users\/5"}],"replies":[{"embeddable":true,"href":"https:\/\/www.educa.itakaescolapios.org\/it\/wp-json\/wp\/v2\/comments?post=5045"}],"version-history":[{"count":25,"href":"https:\/\/www.educa.itakaescolapios.org\/it\/wp-json\/wp\/v2\/pages\/5045\/revisions"}],"predecessor-version":[{"id":5836,"href":"https:\/\/www.educa.itakaescolapios.org\/it\/wp-json\/wp\/v2\/pages\/5045\/revisions\/5836"}],"up":[{"embeddable":true,"href":"https:\/\/www.educa.itakaescolapios.org\/it\/wp-json\/wp\/v2\/pages\/5117"}],"wp:attachment":[{"href":"https:\/\/www.educa.itakaescolapios.org\/it\/wp-json\/wp\/v2\/media?parent=5045"}],"curies":[{"name":"wp","href":"https:\/\/api.w.org\/{rel}","templated":true}]}}

Misión MEDIOAMBIENTE

<p class="qtranxs-available-languages-message qtranxs-available-languages-message-it">Ci spiace, ma questo articolo è disponibile soltanto in <a href="https://www.educa.itakaescolapios.org/es/wp-json/wp/v2/pages/5045" class="qtranxs-available-language-link qtranxs-available-language-link-es" title="Español">Spagnolo Europeo</a>, <a href="https://www.educa.itakaescolapios.org/en/wp-json/wp/v2/pages/5045" class="qtranxs-available-language-link qtranxs-available-language-link-en" title="English">Inglese Americano</a>, <a href="https://www.educa.itakaescolapios.org/eu/wp-json/wp/v2/pages/5045" class="qtranxs-available-language-link qtranxs-available-language-link-eu" title="Euskera">Basco</a>, <a href="https://www.educa.itakaescolapios.org/fr/wp-json/wp/v2/pages/5045" class="qtranxs-available-language-link qtranxs-available-language-link-fr" title="Français">Francese</a> e <a href="https://www.educa.itakaescolapios.org/pt/wp-json/wp/v2/pages/5045" class="qtranxs-available-language-link qtranxs-available-language-link-pt" title="Português">Portoghese Europeo</a>.</p><p></p>
<p style="text-align: justify;"><span style="font-family: arial, helvetica, sans-serif;"><img decoding="async" loading="lazy" class="alignright" style="margin: 5px;" src="https://www.educa.itakaescolapios.org/wp-content/uploads/2021/10/Misión-MEDIOAMBIENTE.png" alt="" width="60%" height="60%" />Los centros Escolapios están llamados a ser centros defensores del medioambiente , con sus participantes, en su entorno y en el resto del mundo.</span><br />
<span style="font-family: arial, helvetica, sans-serif;">Como en Campeche, México dónde el Centro Cultural Calasanz con un grupo de jóvenes ha recogido y reciclado toneladas de plástico PET para evitar que sean quemadas y contaminen la atmósfera.</span><br />
<span style="font-family: arial, helvetica, sans-serif;">Quisap y Look quieren invitarte a la Misión Medioambiente. Súmate a ellos para trabajar por la sostenibilidad ecológica, revisar tus hábitos de consumo y la forma en la que puedes ayudar a la naturaleza a recuperarse del daño que le hacemos. Comprométete y participa para lograr el diploma del Medioambiente.</span></p>
<p style="text-align: justify;"><span style="font-family: arial, helvetica, sans-serif;">Cuentas con numerosas actividades para sacar adelante la misión medioambiente y con una carta de enhorabuena de Dorotea para cuando lo consigas.  (<a href="https://www.educa.itakaescolapios.org/wp-content/uploads/2021/11/Carta-Dorotea-fin-MEDIOAMBIENTE.pdf" target="_blank" rel="noopener noreferrer">Carta final de misión</a>)</span></p>
<p>&nbsp;</p>
<p style="padding-left: 120px;"><span style="font-family: arial, helvetica, sans-serif;"><a href="https://www.educa.itakaescolapios.org/sostenibilidad/sumando-granos-de-arena" target="_blank" rel="noopener noreferrer">Sumando granos de arena, creando montañas de soluciones (de 3 a 18 años)</a></span></p>
<p style="padding-left: 120px;"><span style="font-family: arial, helvetica, sans-serif;"><a href="https://www.educa.itakaescolapios.org/sostenibilidad/compara-y-contrasta-entre-la-naturaleza-actual-y-cuidada" target="_blank" rel="noopener noreferrer">¿Qué ha cambiado? (Compara y contrasta) (de 3 a 18 años)</a></span></p>
<p style="padding-left: 120px;"><span style="font-family: arial, helvetica, sans-serif;"><a href="https://www.educa.itakaescolapios.org/sostenibilidad/imagina-como-se-siente-la-naturaleza" target="_blank" rel="noopener noreferrer">IMAGINA ¿Cómo se siente la Naturaleza? (de 3 a 18 años)</a></span></p>
<p style="padding-left: 120px;"><span style="font-family: arial, helvetica, sans-serif;"><a href="https://www.educa.itakaescolapios.org/sostenibilidad/repensando-los-problemas-medioambientales" target="_blank" rel="noopener noreferrer">Repensando los problemas medioambientales (desde 12 años)</a></span></p>
<p style="padding-left: 120px;"><span style="font-family: arial, helvetica, sans-serif;"><a href="https://www.educa.itakaescolapios.org/sostenibilidad/la-energia-de-mi-cole" target="_blank" rel="noopener noreferrer">La energía de mi cole (de 3 a 5 años)</a></span></p>
<p style="padding-left: 120px;"><span style="font-family: arial, helvetica, sans-serif;"><a href="https://www.educa.itakaescolapios.org/sostenibilidad/para-que-quiero-los-pies" target="_blank" rel="noopener noreferrer">Para qué quieres los pies (de 8 a 14 años)</a></span></p>
<p style="padding-left: 120px;"><span style="font-family: arial, helvetica, sans-serif;"><a href="https://www.educa.itakaescolapios.org/sostenibilidad/sin-energia-en-la-ciudad" target="_blank" rel="noopener noreferrer">Sin energía en la ciudad (de 12 a 16 años)</a></span></p>
<p><img decoding="async" loading="lazy" class="size-medium wp-image-2975 alignright" src="https://www.educa.itakaescolapios.org/wp-content/uploads/2020/11/mano-click-verde-por-dos-300x156.jpg" alt="" width="20%" height="20%" srcset="https://www.educa.itakaescolapios.org/wp-content/uploads/2020/11/mano-click-verde-por-dos-300x156.jpg 300w, https://www.educa.itakaescolapios.org/wp-content/uploads/2020/11/mano-click-verde-por-dos-1024x532.jpg 1024w, https://www.educa.itakaescolapios.org/wp-content/uploads/2020/11/mano-click-verde-por-dos-768x399.jpg 768w, https://www.educa.itakaescolapios.org/wp-content/uploads/2020/11/mano-click-verde-por-dos-1536x799.jpg 1536w, https://www.educa.itakaescolapios.org/wp-content/uploads/2020/11/mano-click-verde-por-dos-2048x1065.jpg 2048w, https://www.educa.itakaescolapios.org/wp-content/uploads/2020/11/mano-click-verde-por-dos-250x130.jpg 250w" sizes="(max-width: 300px) 100vw, 300px" /></p>
<hr />
<p>&nbsp;</p>
<p>&nbsp;</p>

<p>Ci spiace, ma questo articolo è disponibile soltanto in Spagnolo Europeo, Inglese Americano, Basco, Francese e Portoghese Europeo. Los centros Escolapios están llamados a ser centros [&hellip;]</p>
