{"id":5379,"date":"2021-11-12T15:48:23","date_gmt":"2021-11-12T14:48:23","guid":{"rendered":"https:\/\/www.educa.itakaescolapios.org\/?page_id=5379"},"modified":"2021-12-03T13:23:11","modified_gmt":"2021-12-03T12:23:11","slug":"carta-de-motivacion-de-dorotea","status":"publish","type":"page","link":"https:\/\/www.educa.itakaescolapios.org\/it\/campanas\/2021-2022-centros-que-cambian-cambia-tu-centro\/actividades\/carta-de-motivacion-de-dorotea","title":{"rendered":"Carta de motivaci\u00f3n de Dorotea"},"content":{"rendered":"<p class=\"qtranxs-available-languages-message qtranxs-available-languages-message-it\">Ci spiace, ma questo articolo \u00e8 disponibile soltanto in <a href=\"https:\/\/www.educa.itakaescolapios.org\/es\/wp-json\/wp\/v2\/pages\/5379\" class=\"qtranxs-available-language-link qtranxs-available-language-link-es\" title=\"Espa\u00f1ol\">Spagnolo Europeo<\/a> e <a href=\"https:\/\/www.educa.itakaescolapios.org\/eu\/wp-json\/wp\/v2\/pages\/5379\" class=\"qtranxs-available-language-link qtranxs-available-language-link-eu\" title=\"Euskera\">Basco<\/a>.<\/p><p><\/p>\n<p style=\"text-align: justify;\"><span style=\"font-family: arial, helvetica, sans-serif; font-size: 20px;\">Queridos amigos y amigas:<\/span><\/p>\n<p style=\"text-align: justify;\"><span style=\"font-family: arial, helvetica, sans-serif; font-size: 20px;\">Lo primero, como soy muy educada, me presento. Me llamo Dorotea y soy una gran amiga de Calasanz. A \u00e9l ya le conoc\u00e9is muy bien, as\u00ed que no hace falta que os lo presente.<\/span><\/p>\n<p style=\"text-align: justify;\"><span style=\"font-family: arial, helvetica, sans-serif; font-size: 20px;\">Hace muchos, muchos a\u00f1os, que soy educadora( en colegios, en parroquias, en centros socioculturales\u2026 y en un sinf\u00edn de proyectos de Itaka Escolapios) y por esa raz\u00f3n he descubierto cu\u00e1n importante es la educaci\u00f3n para transformar la realidad. Vosotros y vosotras, junto a muchos otros, est\u00e1is haciendo que vuestro entorno sea un poco m\u00e1s hermoso y fraterno. Est\u00e1is haciendo un gran trabajo.\u00a0<img decoding=\"async\" loading=\"lazy\" class=\"alignright\" src=\"https:\/\/www.educa.itakaescolapios.org\/wp-content\/uploads\/2021\/11\/Dorotea-portada-.png\" alt=\"\" width=\"30%\" height=\"30%\" \/><\/span><\/p>\n<p><span style=\"font-family: arial, helvetica, sans-serif; font-size: 20px;\">Ya sab\u00e9is que los escolapios somos expertos en eso de cambiar el mundo, de transformarlo con los m\u00e1s peque\u00f1os para que sea cada d\u00eda un poco m\u00e1s justo. Y as\u00ed lo hacemos, junto a quien quiera apuntarse, desde hace much\u00edsimos a\u00f1os y en un mont\u00f3n de lugares del mundo.<\/span><\/p>\n<p style=\"text-align: justify;\"><span style=\"font-family: arial, helvetica, sans-serif; font-size: 20px;\">Este a\u00f1o queremos que todos nuestros colegios, obras, proyectos, grupos\u2026 sean todav\u00eda m\u00e1s transformadores y, para eso, necesitamos de mentes y corazones expertos como los vuestros. Calasanz y toda su tripulaci\u00f3n, estamos convencidos de que lo lograremos con vuestra ayuda.<\/span><\/p>\n<p style=\"text-align: justify;\"><span style=\"font-family: arial, helvetica, sans-serif; font-size: 20px;\">Os propongo un reto, una misi\u00f3n. \u00bfSer\u00e9is capaces de cambiar un poco m\u00e1s vuestro entorno y ayudar a otros ni\u00f1os y ni\u00f1as del mundo a hacerlo? Vuestros responsables tienen toda la informaci\u00f3n necesaria para ello, pero solo con vosotros y vosotras podremos superar la misi\u00f3n.<\/span><\/p>\n<p style=\"text-align: justify;\"><span style=\"font-family: arial, helvetica, sans-serif; font-size: 20px;\">\u00a1Adelante, tripulaci\u00f3n!<\/span><\/p>\n<p style=\"text-align: justify;\"><span style=\"font-family: arial, helvetica, sans-serif; font-size: 20px;\">Un abrazo muy fuerte.<\/span><\/p>\n<p>&nbsp;<\/p>\n<p>&nbsp;<\/p>\n<p><span style=\"font-family: arial, helvetica, sans-serif; font-size: 20px;\">Descarga la carta <a href=\"https:\/\/www.educa.itakaescolapios.org\/wp-content\/uploads\/2021\/11\/Carta-Dorotea-1.pdf\" target=\"_blank\" rel=\"noopener noreferrer\">aqu\u00ed<\/a>.\u00a0<\/span><\/p>","protected":false},"excerpt":{"rendered":"<p>Ci spiace, ma questo articolo \u00e8 disponibile soltanto in Spagnolo Europeo e Basco. Queridos amigos y amigas: Lo primero, como soy muy educada, me presento. Me [&hellip;]<\/p>\n","protected":false},"author":5,"featured_media":0,"parent":5117,"menu_order":3,"comment_status":"closed","ping_status":"closed","template":"","meta":[],"acf":[],"_links":{"self":[{"href":"https:\/\/www.educa.itakaescolapios.org\/it\/wp-json\/wp\/v2\/pages\/5379"}],"collection":[{"href":"https:\/\/www.educa.itakaescolapios.org\/it\/wp-json\/wp\/v2\/pages"}],"about":[{"href":"https:\/\/www.educa.itakaescolapios.org\/it\/wp-json\/wp\/v2\/types\/page"}],"author":[{"embeddable":true,"href":"https:\/\/www.educa.itakaescolapios.org\/it\/wp-json\/wp\/v2\/users\/5"}],"replies":[{"embeddable":true,"href":"https:\/\/www.educa.itakaescolapios.org\/it\/wp-json\/wp\/v2\/comments?post=5379"}],"version-history":[{"count":3,"href":"https:\/\/www.educa.itakaescolapios.org\/it\/wp-json\/wp\/v2\/pages\/5379\/revisions"}],"predecessor-version":[{"id":5594,"href":"https:\/\/www.educa.itakaescolapios.org\/it\/wp-json\/wp\/v2\/pages\/5379\/revisions\/5594"}],"up":[{"embeddable":true,"href":"https:\/\/www.educa.itakaescolapios.org\/it\/wp-json\/wp\/v2\/pages\/5117"}],"wp:attachment":[{"href":"https:\/\/www.educa.itakaescolapios.org\/it\/wp-json\/wp\/v2\/media?parent=5379"}],"curies":[{"name":"wp","href":"https:\/\/api.w.org\/{rel}","templated":true}]}}

Carta de motivación de Dorotea

<p class="qtranxs-available-languages-message qtranxs-available-languages-message-it">Ci spiace, ma questo articolo è disponibile soltanto in <a href="https://www.educa.itakaescolapios.org/es/wp-json/wp/v2/pages/5379" class="qtranxs-available-language-link qtranxs-available-language-link-es" title="Español">Spagnolo Europeo</a> e <a href="https://www.educa.itakaescolapios.org/eu/wp-json/wp/v2/pages/5379" class="qtranxs-available-language-link qtranxs-available-language-link-eu" title="Euskera">Basco</a>.</p><p></p>
<p style="text-align: justify;"><span style="font-family: arial, helvetica, sans-serif; font-size: 20px;">Queridos amigos y amigas:</span></p>
<p style="text-align: justify;"><span style="font-family: arial, helvetica, sans-serif; font-size: 20px;">Lo primero, como soy muy educada, me presento. Me llamo Dorotea y soy una gran amiga de Calasanz. A él ya le conocéis muy bien, así que no hace falta que os lo presente.</span></p>
<p style="text-align: justify;"><span style="font-family: arial, helvetica, sans-serif; font-size: 20px;">Hace muchos, muchos años, que soy educadora( en colegios, en parroquias, en centros socioculturales… y en un sinfín de proyectos de Itaka Escolapios) y por esa razón he descubierto cuán importante es la educación para transformar la realidad. Vosotros y vosotras, junto a muchos otros, estáis haciendo que vuestro entorno sea un poco más hermoso y fraterno. Estáis haciendo un gran trabajo. <img decoding="async" loading="lazy" class="alignright" src="https://www.educa.itakaescolapios.org/wp-content/uploads/2021/11/Dorotea-portada-.png" alt="" width="30%" height="30%" /></span></p>
<p><span style="font-family: arial, helvetica, sans-serif; font-size: 20px;">Ya sabéis que los escolapios somos expertos en eso de cambiar el mundo, de transformarlo con los más pequeños para que sea cada día un poco más justo. Y así lo hacemos, junto a quien quiera apuntarse, desde hace muchísimos años y en un montón de lugares del mundo.</span></p>
<p style="text-align: justify;"><span style="font-family: arial, helvetica, sans-serif; font-size: 20px;">Este año queremos que todos nuestros colegios, obras, proyectos, grupos… sean todavía más transformadores y, para eso, necesitamos de mentes y corazones expertos como los vuestros. Calasanz y toda su tripulación, estamos convencidos de que lo lograremos con vuestra ayuda.</span></p>
<p style="text-align: justify;"><span style="font-family: arial, helvetica, sans-serif; font-size: 20px;">Os propongo un reto, una misión. ¿Seréis capaces de cambiar un poco más vuestro entorno y ayudar a otros niños y niñas del mundo a hacerlo? Vuestros responsables tienen toda la información necesaria para ello, pero solo con vosotros y vosotras podremos superar la misión.</span></p>
<p style="text-align: justify;"><span style="font-family: arial, helvetica, sans-serif; font-size: 20px;">¡Adelante, tripulación!</span></p>
<p style="text-align: justify;"><span style="font-family: arial, helvetica, sans-serif; font-size: 20px;">Un abrazo muy fuerte.</span></p>
<p>&nbsp;</p>
<p>&nbsp;</p>
<p><span style="font-family: arial, helvetica, sans-serif; font-size: 20px;">Descarga la carta <a href="https://www.educa.itakaescolapios.org/wp-content/uploads/2021/11/Carta-Dorotea-1.pdf" target="_blank" rel="noopener noreferrer">aquí</a>. </span></p>

<p>Ci spiace, ma questo articolo è disponibile soltanto in Spagnolo Europeo e Basco. Queridos amigos y amigas: Lo primero, como soy muy educada, me presento. Me [&hellip;]</p>
