{"id":7695,"date":"2023-11-13T15:51:59","date_gmt":"2023-11-13T14:51:59","guid":{"rendered":"https:\/\/www.educa.itakaescolapios.org\/?page_id=7695"},"modified":"2025-02-26T17:19:19","modified_gmt":"2025-02-26T16:19:19","slug":"conoce-mejor-la-campana-en-algun-lugar-del-mundo","status":"publish","type":"page","link":"https:\/\/www.educa.itakaescolapios.org\/it\/campanas\/2023-2024-en-algun-lugar-del-mundo\/conoce-mejor-la-campana-en-algun-lugar-del-mundo","title":{"rendered":"Conoce la campa\u00f1a"},"content":{"rendered":"<p class=\"qtranxs-available-languages-message qtranxs-available-languages-message-it\">Ci spiace, ma questo articolo \u00e8 disponibile soltanto in <a href=\"https:\/\/www.educa.itakaescolapios.org\/es\/wp-json\/wp\/v2\/pages\/7695\" class=\"qtranxs-available-language-link qtranxs-available-language-link-es\" title=\"Espa\u00f1ol\">Spagnolo Europeo<\/a>, <a href=\"https:\/\/www.educa.itakaescolapios.org\/en\/wp-json\/wp\/v2\/pages\/7695\" class=\"qtranxs-available-language-link qtranxs-available-language-link-en\" title=\"English\">Inglese Americano<\/a>, <a href=\"https:\/\/www.educa.itakaescolapios.org\/eu\/wp-json\/wp\/v2\/pages\/7695\" class=\"qtranxs-available-language-link qtranxs-available-language-link-eu\" title=\"Euskera\">Basco<\/a>, <a href=\"https:\/\/www.educa.itakaescolapios.org\/fr\/wp-json\/wp\/v2\/pages\/7695\" class=\"qtranxs-available-language-link qtranxs-available-language-link-fr\" title=\"Fran\u00e7ais\">Francese<\/a> e <a href=\"https:\/\/www.educa.itakaescolapios.org\/pt\/wp-json\/wp\/v2\/pages\/7695\" class=\"qtranxs-available-language-link qtranxs-available-language-link-pt\" title=\"Portugu\u00eas\">Portoghese Europeo<\/a>.<\/p><p>&nbsp;<\/p>\n<p style=\"text-align: justify;\"><span style=\"text-decoration: underline; font-family: arial, helvetica, sans-serif;\"><span style=\"font-size: 20px;\">Objetivos de la campa\u00f1a<\/span><\/span><\/p>\n<ol>\n<li style=\"text-align: justify;\"><span style=\"font-family: arial, helvetica, sans-serif;\">Conocer y apoyar la labor educativa, pastoral y transformadora de los ocho proyectos impulsados por la red Itaka-Escolapios que se dan a conocer a trav\u00e9s de las actividades propuestas.<\/span><\/li>\n<li style=\"text-align: justify;\"><span style=\"font-family: arial, helvetica, sans-serif;\">Corresponsabilizarse del impulso de la misi\u00f3n escolapia en varios proyectos y pa\u00edses del mundo, y contribuir econ\u00f3micamente cubriendo parte del gasto ordinario que permite su viabilidad y sostenibilidad.<\/span><\/li>\n<li style=\"text-align: justify;\"><span style=\"font-family: arial, helvetica, sans-serif;\">Reflexionar y favorecer caminos de crecimiento y desarrollo del car\u00e1cter transformador de las Escuelas P\u00edas, a trav\u00e9s de la participaci\u00f3n en la RED EDUCA, como red de apoyo y conexi\u00f3n de centros educativos para la transformaci\u00f3n social.<\/span><\/li>\n<li style=\"text-align: justify;\"><span style=\"font-family: arial, helvetica, sans-serif;\">Integrar en nuestra propuesta educativa estrategias que promueven la transformaci\u00f3n de la sociedad en l\u00ednea con el Pacto Educativo Global, especialmente, los proyectos de Aprendizaje-Servicio.<\/span><\/li>\n<\/ol>\n<p>&nbsp;<\/p>\n<p style=\"text-align: center;\"><iframe loading=\"lazy\" src=\"\/\/www.youtube.com\/embed\/MouQS0ZRT0I\" width=\"100%\" height=\"400\" allowfullscreen=\"allowfullscreen\" data-mce-fragment=\"1\"><\/iframe><\/p>\n<p><span style=\"text-decoration: underline;\"><span style=\"font-family: arial, helvetica, sans-serif;\"><a href=\"https:\/\/www.educa.itakaescolapios.org\/wp-content\/uploads\/2023\/11\/Lema.pdf\" target=\"_blank\" rel=\"noopener noreferrer\">Pincha\u00a0 aqu\u00ed para el texto del video.<\/a><\/span><\/span><\/p>\n<p>&nbsp;<\/p>\n<p><strong><span style=\"font-family: arial, helvetica, sans-serif;\"><span style=\"font-size: 20px;\">Destino solidario<\/span><\/span><\/strong><\/p>\n<p style=\"text-align: justify;\"><span style=\"font-family: arial, helvetica, sans-serif;\">Desde su inicio, la red Itaka-Escolapios apoya la misi\u00f3n escolapia en diferentes lugares del mundo. En concreto, quienes hab\u00e9is colaborado en las campa\u00f1as de solidaridad los \u00faltimos a\u00f1os, hab\u00e9is contribuido a sostener educativa, pastoral y econ\u00f3micamente diversas obras y proyectos en m\u00e1s de 16 pa\u00edses con presencia escolapia en Am\u00e9rica, \u00c1frica, Asia y Europa.\u00a0<\/span><\/p>\n<p style=\"text-align: justify;\"><span style=\"font-family: arial, helvetica, sans-serif;\">Durante todo este a\u00f1o, los donativos que se recauden en la campa\u00f1a \u201cEn alg\u00fan lugar del mundo\u2026\u201d permitir\u00e1n dar continuidad a vuestra solidaridad de a\u00f1os anteriores, manteniendo obras y proyectos escolapios tanto de Educaci\u00f3n Formal como No Formal, en su funcionamiento ordinario, pero, sabiendo que tambi\u00e9n se podr\u00e1n asumir acciones que, de manera extraordinaria, surjan para dar respuesta a realidades imprevistas. Es decir, con tu apoyo podr\u00e1s favorecer la sostenibilidad de la misi\u00f3n escolapia para que continuemos educando por conseguir un cambio social en busca de un mundo m\u00e1s justo, fraterno y humano.<\/span><\/p>\n<p style=\"text-align: justify;\"><span style=\"font-family: arial, helvetica, sans-serif;\">Ser\u00e1n algunas caras conocidas como Marine, Sukal, Bla, Quisap, Elykia y Esengo (de la tripulaci\u00f3n capitaneada por Calasanz), quienes nos acompa\u00f1en a acercarnos a ocho proyectos muy diferentes de la red internacional de Itaka-Escolapios. Proyectos que dan respuesta a la realidad que las Escuelas P\u00edas han encontrado en Bolivia, Camer\u00fan, Cuba, Espa\u00f1a, Mozambique y Venezuela.<\/span><\/p>\n<p><span style=\"font-family: arial, helvetica, sans-serif;\"><u><img decoding=\"async\" loading=\"lazy\" class=\"alignleft\" src=\"https:\/\/www.educa.itakaescolapios.org\/wp-content\/uploads\/2023\/11\/CARTEL-CI-2324-ESP.jpg\" alt=\"\" width=\"311\" height=\"435\" \/><\/u><\/span><span style=\"font-family: arial, helvetica, sans-serif; font-size: 16px;\">Con BLA, los m\u00e1s peque\u00f1os trabajar\u00e1n la importancia de la comunicaci\u00f3n y la sensibilizaci\u00f3n social a trav\u00e9s de proyectos ya conocidos como el<strong>internado de Cocapata y el programa de acogida a personas migrantes en Espa\u00f1a.<\/strong><\/span><\/p>\n<p style=\"padding-left: 40px; text-align: justify;\"><span style=\"font-family: arial, helvetica, sans-serif; font-size: 16px;\">ELYKIA y ESENGO, presentar\u00e1n lo importante que es que todos los ni\u00f1os y ni\u00f1as trabajen y conozcan bien sus derechos, y luchen por que estos sean respetados como sucede especialmente en los <strong>centros socioeducativos de Madrid y Guanabacoa.<\/strong><\/span><\/p>\n<p style=\"padding-left: 40px; text-align: justify;\"><span style=\"font-family: arial, helvetica, sans-serif; font-size: 16px;\">SUKAL, nos ayudar\u00e1 a reflexionar sobre el desperdicio alimentario y sus consecuencias, y nos acercar\u00e1 a la experiencia de los <strong>comedores escolares de de Camer\u00fan.<\/strong><\/span><\/p>\n<p style=\"padding-left: 320px; text-align: left;\"><span style=\"font-family: arial, helvetica, sans-serif; font-size: 16px;\">QUISAP, mantiene su preocupaci\u00f3n por el cuidado de nuestra casa com\u00fan y por eso conoce bien la propuesta de <strong>educaci\u00f3n medioambiental del Movimiento Calasanz.<\/strong><\/span><\/p>\n<p style=\"padding-left: 320px; text-align: justify;\"><span style=\"font-family: arial, helvetica, sans-serif; font-size: 16px;\">Y, por \u00faltimo MARINE, siempre en busca de la justicia social nos acompa\u00f1ar\u00e1 a conocer nuevos proyectos que trabajan una renovaci\u00f3n de la econom\u00eda en algunas de nuestras presencias escolapias, como <strong>el programa agropastoral de Minenehue, o el proyecto de emprendimiento de Valencia (Venezuela).<\/strong><\/span><\/p>\n<p><span style=\"font-family: arial, helvetica, sans-serif; font-size: 20px;\">Puedes acercarte desde ahora mismo a estos proyectos a trav\u00e9s del trabajo que proponemos en cada una de las <\/span><span style=\"text-decoration: underline; font-family: arial, helvetica, sans-serif; font-size: 20px;\"><a href=\"https:\/\/www.educa.itakaescolapios.org\/campanas\/2023-2024-en-algun-lugar-del-mundo\/carteleria-y-ambientacion-en-algun-lugar-del-mundo\/actividades-para-la-transformacion-social\" target=\"_blank\" rel=\"noopener\">ACTIVIDADES (enlace directo)<\/a>,<\/span><span style=\"font-family: arial, helvetica, sans-serif; font-size: 20px;\"> o revisando toda la informaci\u00f3n incluida en sus fichas:<\/span><\/p>\n<ol>\n<li><a href=\"https:\/\/www.educa.itakaescolapios.org\/wp-content\/uploads\/2023\/11\/FICHA-CYS-COCAPATA-CI23-24.pdf\" target=\"_blank\" rel=\"noopener noreferrer\"><span style=\"font-family: arial, helvetica, sans-serif;\">Ficha: <span style=\"text-decoration: underline;\">Internado Cocapata (Bolivia).<\/span><\/span><\/a><\/li>\n<li><a href=\"https:\/\/www.educa.itakaescolapios.org\/wp-content\/uploads\/2023\/11\/FICHA-CYS-APM-CI23-24.pdf\" target=\"_blank\" rel=\"noopener noreferrer\"><span style=\"font-family: arial, helvetica, sans-serif;\">Ficha: <span style=\"text-decoration: underline;\">Acogida a Personas Migrantes (APM) en Ema\u00fas.<\/span><\/span><\/a><\/li>\n<li><a href=\"https:\/\/www.educa.itakaescolapios.org\/wp-content\/uploads\/2023\/11\/FICHA-DI-GUANABACOA-CI23-24.pdf\" target=\"_blank\" rel=\"noopener noreferrer\"><span style=\"font-family: arial, helvetica, sans-serif;\">Ficha: <span style=\"text-decoration: underline;\">Centro Socioeducativo Guanabacoa (Cuba).<\/span><\/span><\/a><\/li>\n<li><a href=\"https:\/\/www.educa.itakaescolapios.org\/wp-content\/uploads\/2024\/01\/FICHA-DI-CSE-ALUCHE.pdf\" target=\"_blank\" rel=\"noopener noreferrer\"><span style=\"font-family: arial, helvetica, sans-serif;\">Ficha: <span style=\"text-decoration: underline;\">Centro Socioeducativo Calasanz de Madrid (Espa\u00f1a).<\/span><\/span><\/a><\/li>\n<li><a href=\"https:\/\/www.educa.itakaescolapios.org\/wp-content\/uploads\/2023\/11\/FICHA-DA-CAMERUM-CI23-24.pdf\" target=\"_blank\" rel=\"noopener noreferrer\"><span style=\"font-family: arial, helvetica, sans-serif;\">Ficha: <span style=\"text-decoration: underline;\">Comedores escolares de Camer\u00fan.<\/span><\/span><\/a><\/li>\n<li><a href=\"https:\/\/www.educa.itakaescolapios.org\/wp-content\/uploads\/2023\/11\/FICHA-MA-MCAL-CI23-24.pdf\" target=\"_blank\" rel=\"noopener noreferrer\"><span style=\"font-family: arial, helvetica, sans-serif;\">Ficha:<span style=\"text-decoration: underline;\"> Movimiento Calasanz<\/span><\/span><\/a><\/li>\n<li><a href=\"https:\/\/www.educa.itakaescolapios.org\/wp-content\/uploads\/2023\/11\/FICHA-RS-AGROPASTORALCI23-24.pdf\" target=\"_blank\" rel=\"noopener noreferrer\"><span style=\"font-family: arial, helvetica, sans-serif;\">Ficha:<span style=\"text-decoration: underline;\"> Proyecto Agropastoral en Minenehue (Mozambique). <\/span><\/span><\/a><\/li>\n<li><a href=\"https:\/\/www.educa.itakaescolapios.org\/wp-content\/uploads\/2023\/11\/FICHA-RS-VENEZUELA-CI23-24.pdf\" target=\"_blank\" rel=\"noopener noreferrer\"><span style=\"font-family: arial, helvetica, sans-serif;\">Ficha: <span style=\"text-decoration: underline;\">Proyecto emprendimiento en Valencia (Venezuela).<\/span><\/span><\/a><\/li>\n<\/ol>\n<p><img decoding=\"async\" loading=\"lazy\" class=\"size-medium wp-image-3014 alignleft\" src=\"https:\/\/www.educa.itakaescolapios.org\/wp-content\/uploads\/2020\/11\/mano-click-verde-en-el-medio-300x107.jpg\" alt=\"\" width=\"300\" height=\"107\" srcset=\"https:\/\/www.educa.itakaescolapios.org\/wp-content\/uploads\/2020\/11\/mano-click-verde-en-el-medio-300x107.jpg 300w, https:\/\/www.educa.itakaescolapios.org\/wp-content\/uploads\/2020\/11\/mano-click-verde-en-el-medio-1024x366.jpg 1024w, https:\/\/www.educa.itakaescolapios.org\/wp-content\/uploads\/2020\/11\/mano-click-verde-en-el-medio-768x275.jpg 768w, https:\/\/www.educa.itakaescolapios.org\/wp-content\/uploads\/2020\/11\/mano-click-verde-en-el-medio-1536x549.jpg 1536w, https:\/\/www.educa.itakaescolapios.org\/wp-content\/uploads\/2020\/11\/mano-click-verde-en-el-medio-2048x732.jpg 2048w, https:\/\/www.educa.itakaescolapios.org\/wp-content\/uploads\/2020\/11\/mano-click-verde-en-el-medio-250x89.jpg 250w\" sizes=\"(max-width: 300px) 100vw, 300px\" \/><\/p>\n<p>&nbsp;<\/p>\n<p>&nbsp;<\/p>\n<p>&nbsp;<\/p>\n<p>&nbsp;<\/p>\n<p><span style=\"font-family: arial, helvetica, sans-serif;\">\u00a0<\/span><\/p>","protected":false},"excerpt":{"rendered":"<p>Ci spiace, ma questo articolo \u00e8 disponibile soltanto in Spagnolo Europeo, Inglese Americano, Basco, Francese e Portoghese Europeo.&nbsp; Objetivos de la campa\u00f1a Conocer y apoyar la [&hellip;]<\/p>\n","protected":false},"author":9,"featured_media":0,"parent":7679,"menu_order":2,"comment_status":"closed","ping_status":"closed","template":"","meta":[],"acf":[],"_links":{"self":[{"href":"https:\/\/www.educa.itakaescolapios.org\/it\/wp-json\/wp\/v2\/pages\/7695"}],"collection":[{"href":"https:\/\/www.educa.itakaescolapios.org\/it\/wp-json\/wp\/v2\/pages"}],"about":[{"href":"https:\/\/www.educa.itakaescolapios.org\/it\/wp-json\/wp\/v2\/types\/page"}],"author":[{"embeddable":true,"href":"https:\/\/www.educa.itakaescolapios.org\/it\/wp-json\/wp\/v2\/users\/9"}],"replies":[{"embeddable":true,"href":"https:\/\/www.educa.itakaescolapios.org\/it\/wp-json\/wp\/v2\/comments?post=7695"}],"version-history":[{"count":35,"href":"https:\/\/www.educa.itakaescolapios.org\/it\/wp-json\/wp\/v2\/pages\/7695\/revisions"}],"predecessor-version":[{"id":8889,"href":"https:\/\/www.educa.itakaescolapios.org\/it\/wp-json\/wp\/v2\/pages\/7695\/revisions\/8889"}],"up":[{"embeddable":true,"href":"https:\/\/www.educa.itakaescolapios.org\/it\/wp-json\/wp\/v2\/pages\/7679"}],"wp:attachment":[{"href":"https:\/\/www.educa.itakaescolapios.org\/it\/wp-json\/wp\/v2\/media?parent=7695"}],"curies":[{"name":"wp","href":"https:\/\/api.w.org\/{rel}","templated":true}]}}

Conoce la campaña

<p class="qtranxs-available-languages-message qtranxs-available-languages-message-it">Ci spiace, ma questo articolo è disponibile soltanto in <a href="https://www.educa.itakaescolapios.org/es/wp-json/wp/v2/pages/7695" class="qtranxs-available-language-link qtranxs-available-language-link-es" title="Español">Spagnolo Europeo</a>, <a href="https://www.educa.itakaescolapios.org/en/wp-json/wp/v2/pages/7695" class="qtranxs-available-language-link qtranxs-available-language-link-en" title="English">Inglese Americano</a>, <a href="https://www.educa.itakaescolapios.org/eu/wp-json/wp/v2/pages/7695" class="qtranxs-available-language-link qtranxs-available-language-link-eu" title="Euskera">Basco</a>, <a href="https://www.educa.itakaescolapios.org/fr/wp-json/wp/v2/pages/7695" class="qtranxs-available-language-link qtranxs-available-language-link-fr" title="Français">Francese</a> e <a href="https://www.educa.itakaescolapios.org/pt/wp-json/wp/v2/pages/7695" class="qtranxs-available-language-link qtranxs-available-language-link-pt" title="Português">Portoghese Europeo</a>.</p><p>&nbsp;</p>
<p style="text-align: justify;"><span style="text-decoration: underline; font-family: arial, helvetica, sans-serif;"><span style="font-size: 20px;">Objetivos de la campaña</span></span></p>
<ol>
<li style="text-align: justify;"><span style="font-family: arial, helvetica, sans-serif;">Conocer y apoyar la labor educativa, pastoral y transformadora de los ocho proyectos impulsados por la red Itaka-Escolapios que se dan a conocer a través de las actividades propuestas.</span></li>
<li style="text-align: justify;"><span style="font-family: arial, helvetica, sans-serif;">Corresponsabilizarse del impulso de la misión escolapia en varios proyectos y países del mundo, y contribuir económicamente cubriendo parte del gasto ordinario que permite su viabilidad y sostenibilidad.</span></li>
<li style="text-align: justify;"><span style="font-family: arial, helvetica, sans-serif;">Reflexionar y favorecer caminos de crecimiento y desarrollo del carácter transformador de las Escuelas Pías, a través de la participación en la RED EDUCA, como red de apoyo y conexión de centros educativos para la transformación social.</span></li>
<li style="text-align: justify;"><span style="font-family: arial, helvetica, sans-serif;">Integrar en nuestra propuesta educativa estrategias que promueven la transformación de la sociedad en línea con el Pacto Educativo Global, especialmente, los proyectos de Aprendizaje-Servicio.</span></li>
</ol>
<p>&nbsp;</p>
<p style="text-align: center;"><iframe loading="lazy" src="//www.youtube.com/embed/MouQS0ZRT0I" width="100%" height="400" allowfullscreen="allowfullscreen" data-mce-fragment="1"></iframe></p>
<p><span style="text-decoration: underline;"><span style="font-family: arial, helvetica, sans-serif;"><a href="https://www.educa.itakaescolapios.org/wp-content/uploads/2023/11/Lema.pdf" target="_blank" rel="noopener noreferrer">Pincha  aquí para el texto del video.</a></span></span></p>
<p>&nbsp;</p>
<p><strong><span style="font-family: arial, helvetica, sans-serif;"><span style="font-size: 20px;">Destino solidario</span></span></strong></p>
<p style="text-align: justify;"><span style="font-family: arial, helvetica, sans-serif;">Desde su inicio, la red Itaka-Escolapios apoya la misión escolapia en diferentes lugares del mundo. En concreto, quienes habéis colaborado en las campañas de solidaridad los últimos años, habéis contribuido a sostener educativa, pastoral y económicamente diversas obras y proyectos en más de 16 países con presencia escolapia en América, África, Asia y Europa. </span></p>
<p style="text-align: justify;"><span style="font-family: arial, helvetica, sans-serif;">Durante todo este año, los donativos que se recauden en la campaña “En algún lugar del mundo…” permitirán dar continuidad a vuestra solidaridad de años anteriores, manteniendo obras y proyectos escolapios tanto de Educación Formal como No Formal, en su funcionamiento ordinario, pero, sabiendo que también se podrán asumir acciones que, de manera extraordinaria, surjan para dar respuesta a realidades imprevistas. Es decir, con tu apoyo podrás favorecer la sostenibilidad de la misión escolapia para que continuemos educando por conseguir un cambio social en busca de un mundo más justo, fraterno y humano.</span></p>
<p style="text-align: justify;"><span style="font-family: arial, helvetica, sans-serif;">Serán algunas caras conocidas como Marine, Sukal, Bla, Quisap, Elykia y Esengo (de la tripulación capitaneada por Calasanz), quienes nos acompañen a acercarnos a ocho proyectos muy diferentes de la red internacional de Itaka-Escolapios. Proyectos que dan respuesta a la realidad que las Escuelas Pías han encontrado en Bolivia, Camerún, Cuba, España, Mozambique y Venezuela.</span></p>
<p><span style="font-family: arial, helvetica, sans-serif;"><u><img decoding="async" loading="lazy" class="alignleft" src="https://www.educa.itakaescolapios.org/wp-content/uploads/2023/11/CARTEL-CI-2324-ESP.jpg" alt="" width="311" height="435" /></u></span><span style="font-family: arial, helvetica, sans-serif; font-size: 16px;">Con BLA, los más pequeños trabajarán la importancia de la comunicación y la sensibilización social a través de proyectos ya conocidos como el<strong>internado de Cocapata y el programa de acogida a personas migrantes en España.</strong></span></p>
<p style="padding-left: 40px; text-align: justify;"><span style="font-family: arial, helvetica, sans-serif; font-size: 16px;">ELYKIA y ESENGO, presentarán lo importante que es que todos los niños y niñas trabajen y conozcan bien sus derechos, y luchen por que estos sean respetados como sucede especialmente en los <strong>centros socioeducativos de Madrid y Guanabacoa.</strong></span></p>
<p style="padding-left: 40px; text-align: justify;"><span style="font-family: arial, helvetica, sans-serif; font-size: 16px;">SUKAL, nos ayudará a reflexionar sobre el desperdicio alimentario y sus consecuencias, y nos acercará a la experiencia de los <strong>comedores escolares de de Camerún.</strong></span></p>
<p style="padding-left: 320px; text-align: left;"><span style="font-family: arial, helvetica, sans-serif; font-size: 16px;">QUISAP, mantiene su preocupación por el cuidado de nuestra casa común y por eso conoce bien la propuesta de <strong>educación medioambiental del Movimiento Calasanz.</strong></span></p>
<p style="padding-left: 320px; text-align: justify;"><span style="font-family: arial, helvetica, sans-serif; font-size: 16px;">Y, por último MARINE, siempre en busca de la justicia social nos acompañará a conocer nuevos proyectos que trabajan una renovación de la economía en algunas de nuestras presencias escolapias, como <strong>el programa agropastoral de Minenehue, o el proyecto de emprendimiento de Valencia (Venezuela).</strong></span></p>
<p><span style="font-family: arial, helvetica, sans-serif; font-size: 20px;">Puedes acercarte desde ahora mismo a estos proyectos a través del trabajo que proponemos en cada una de las </span><span style="text-decoration: underline; font-family: arial, helvetica, sans-serif; font-size: 20px;"><a href="https://www.educa.itakaescolapios.org/campanas/2023-2024-en-algun-lugar-del-mundo/carteleria-y-ambientacion-en-algun-lugar-del-mundo/actividades-para-la-transformacion-social" target="_blank" rel="noopener">ACTIVIDADES (enlace directo)</a>,</span><span style="font-family: arial, helvetica, sans-serif; font-size: 20px;"> o revisando toda la información incluida en sus fichas:</span></p>
<ol>
<li><a href="https://www.educa.itakaescolapios.org/wp-content/uploads/2023/11/FICHA-CYS-COCAPATA-CI23-24.pdf" target="_blank" rel="noopener noreferrer"><span style="font-family: arial, helvetica, sans-serif;">Ficha: <span style="text-decoration: underline;">Internado Cocapata (Bolivia).</span></span></a></li>
<li><a href="https://www.educa.itakaescolapios.org/wp-content/uploads/2023/11/FICHA-CYS-APM-CI23-24.pdf" target="_blank" rel="noopener noreferrer"><span style="font-family: arial, helvetica, sans-serif;">Ficha: <span style="text-decoration: underline;">Acogida a Personas Migrantes (APM) en Emaús.</span></span></a></li>
<li><a href="https://www.educa.itakaescolapios.org/wp-content/uploads/2023/11/FICHA-DI-GUANABACOA-CI23-24.pdf" target="_blank" rel="noopener noreferrer"><span style="font-family: arial, helvetica, sans-serif;">Ficha: <span style="text-decoration: underline;">Centro Socioeducativo Guanabacoa (Cuba).</span></span></a></li>
<li><a href="https://www.educa.itakaescolapios.org/wp-content/uploads/2024/01/FICHA-DI-CSE-ALUCHE.pdf" target="_blank" rel="noopener noreferrer"><span style="font-family: arial, helvetica, sans-serif;">Ficha: <span style="text-decoration: underline;">Centro Socioeducativo Calasanz de Madrid (España).</span></span></a></li>
<li><a href="https://www.educa.itakaescolapios.org/wp-content/uploads/2023/11/FICHA-DA-CAMERUM-CI23-24.pdf" target="_blank" rel="noopener noreferrer"><span style="font-family: arial, helvetica, sans-serif;">Ficha: <span style="text-decoration: underline;">Comedores escolares de Camerún.</span></span></a></li>
<li><a href="https://www.educa.itakaescolapios.org/wp-content/uploads/2023/11/FICHA-MA-MCAL-CI23-24.pdf" target="_blank" rel="noopener noreferrer"><span style="font-family: arial, helvetica, sans-serif;">Ficha:<span style="text-decoration: underline;"> Movimiento Calasanz</span></span></a></li>
<li><a href="https://www.educa.itakaescolapios.org/wp-content/uploads/2023/11/FICHA-RS-AGROPASTORALCI23-24.pdf" target="_blank" rel="noopener noreferrer"><span style="font-family: arial, helvetica, sans-serif;">Ficha:<span style="text-decoration: underline;"> Proyecto Agropastoral en Minenehue (Mozambique). </span></span></a></li>
<li><a href="https://www.educa.itakaescolapios.org/wp-content/uploads/2023/11/FICHA-RS-VENEZUELA-CI23-24.pdf" target="_blank" rel="noopener noreferrer"><span style="font-family: arial, helvetica, sans-serif;">Ficha: <span style="text-decoration: underline;">Proyecto emprendimiento en Valencia (Venezuela).</span></span></a></li>
</ol>
<p><img decoding="async" loading="lazy" class="size-medium wp-image-3014 alignleft" src="https://www.educa.itakaescolapios.org/wp-content/uploads/2020/11/mano-click-verde-en-el-medio-300x107.jpg" alt="" width="300" height="107" srcset="https://www.educa.itakaescolapios.org/wp-content/uploads/2020/11/mano-click-verde-en-el-medio-300x107.jpg 300w, https://www.educa.itakaescolapios.org/wp-content/uploads/2020/11/mano-click-verde-en-el-medio-1024x366.jpg 1024w, https://www.educa.itakaescolapios.org/wp-content/uploads/2020/11/mano-click-verde-en-el-medio-768x275.jpg 768w, https://www.educa.itakaescolapios.org/wp-content/uploads/2020/11/mano-click-verde-en-el-medio-1536x549.jpg 1536w, https://www.educa.itakaescolapios.org/wp-content/uploads/2020/11/mano-click-verde-en-el-medio-2048x732.jpg 2048w, https://www.educa.itakaescolapios.org/wp-content/uploads/2020/11/mano-click-verde-en-el-medio-250x89.jpg 250w" sizes="(max-width: 300px) 100vw, 300px" /></p>
<p>&nbsp;</p>
<p>&nbsp;</p>
<p>&nbsp;</p>
<p>&nbsp;</p>
<p><span style="font-family: arial, helvetica, sans-serif;"> </span></p>

<p>Ci spiace, ma questo articolo è disponibile soltanto in Spagnolo Europeo, Inglese Americano, Basco, Francese e Portoghese Europeo.&nbsp; Objetivos de la campaña Conocer y apoyar la [&hellip;]</p>
