{"id":8191,"date":"2024-01-02T11:38:12","date_gmt":"2024-01-02T10:38:12","guid":{"rendered":"https:\/\/www.educa.itakaescolapios.org\/?page_id=8191"},"modified":"2024-01-15T10:51:23","modified_gmt":"2024-01-15T09:51:23","slug":"2024-mi-lugar-es-el-mundo-mi-lugar-es-la-paz","status":"publish","type":"page","link":"https:\/\/www.educa.itakaescolapios.org\/it\/semanas-de-la-paz\/2024-mi-lugar-es-el-mundo-mi-lugar-es-la-paz","title":{"rendered":"2024 &#8211; Mi lugar es el mundo, mi lugar es la Paz."},"content":{"rendered":"<p class=\"qtranxs-available-languages-message qtranxs-available-languages-message-it\">Ci spiace, ma questo articolo \u00e8 disponibile soltanto in <a href=\"https:\/\/www.educa.itakaescolapios.org\/es\/wp-json\/wp\/v2\/pages\/8191\" class=\"qtranxs-available-language-link qtranxs-available-language-link-es\" title=\"Espa\u00f1ol\">Spagnolo Europeo<\/a>, <a href=\"https:\/\/www.educa.itakaescolapios.org\/en\/wp-json\/wp\/v2\/pages\/8191\" class=\"qtranxs-available-language-link qtranxs-available-language-link-en\" title=\"English\">Inglese Americano<\/a>, <a href=\"https:\/\/www.educa.itakaescolapios.org\/eu\/wp-json\/wp\/v2\/pages\/8191\" class=\"qtranxs-available-language-link qtranxs-available-language-link-eu\" title=\"Euskera\">Basco<\/a>, <a href=\"https:\/\/www.educa.itakaescolapios.org\/fr\/wp-json\/wp\/v2\/pages\/8191\" class=\"qtranxs-available-language-link qtranxs-available-language-link-fr\" title=\"Fran\u00e7ais\">Francese<\/a> e <a href=\"https:\/\/www.educa.itakaescolapios.org\/pt\/wp-json\/wp\/v2\/pages\/8191\" class=\"qtranxs-available-language-link qtranxs-available-language-link-pt\" title=\"Portugu\u00eas\">Portoghese Europeo<\/a>.<\/p><p>&nbsp;<\/p>\n<p style=\"font-weight: 400;\">En algunos lugares del mundo, donde Itaka-Escolapios est\u00e1 presente, se celebra el D\u00eda Escolar por la No Violencia y la Paz en torno al 30 de enero, aniversario de la muerte de Gandhi. En otros lugares no se denomina as\u00ed, pero trabajamos igualmente propuestas educativas que fomenten una cultura de paz y justicia. Ya sea porque se producen en sociedades donde la paz no es visible, ya sea porque empatizamos y nos solidarizamos con los pueblos y sociedades que viven en guerra o en ausencia de paz.<\/p>\n<p style=\"font-weight: 400;\">Lamentablemente, todos los a\u00f1os (y en repetidas ocasiones, por desgracia), hay motivos para seguir trabajando por fomentar en los ni\u00f1os, ni\u00f1as, j\u00f3venes y personas adultas de las Escuelas P\u00edas entornos, conductas y propuestas donde la PAZ y el AMOR sean prioritarios en las relaciones sociales, pol\u00edticas y de cualquier otro tipo.<\/p>\n<p style=\"font-weight: 400;\">Itaka-Escolapios es una entidad claramente cristiana y escolapia, por eso lanzamos propuestas pastorales educativas que nos ayuden a fomentar la cultura de paz en todas nuestras obras y proyectos. Este a\u00f1o, m\u00e1s que nunca, nos unimos a la oraci\u00f3n de tantos cristianos y cristianas del mundo, del Papa Francisco y de la Iglesia en general. Una oraci\u00f3n con la que acercarnos a la realidad, empatizar, acompa\u00f1ar u ofrecer consuelo y, sobre todo, insistir a Dios Padre para que nunca olvide el dolor humano en los lugares de conflicto, y se haga presente en todos y cada uno de los corazones sufrientes.<\/p>\n<p style=\"font-weight: 400;\">Porque, en alg\u00fan lugar del mundo, alguien necesita de nuestra oraci\u00f3n. Y por eso planteamos una serie de actividades sencillas a partir de una propuesta para la oraci\u00f3n de la ma\u00f1ana, que ser\u00e1 un poco m\u00e1s extensa que otros d\u00edas. Una oraci\u00f3n con la que acercarnos al dolor ajeno y podamos decir bien fuerte en nombre de cualquier persona: <span style=\"text-decoration: underline;\"><strong><a href=\"https:\/\/www.educa.itakaescolapios.org\/2024-mi-lugar-es-el-mundo-mi-lugar-es-la-paz\/actividades-paz-2024\" target=\"_blank\" rel=\"noopener\">MI LUGAR ES EL MUNDO, MI LUGAR ES LA PAZ<\/a><\/strong><\/span>.<\/p>\n<p>&nbsp;<\/p>\n<p><img decoding=\"async\" loading=\"lazy\" class=\"aligncenter\" src=\"https:\/\/www.educa.itakaescolapios.org\/wp-content\/uploads\/2024\/01\/Cartel-ESP-Paz-24.png\" alt=\"\" width=\"800\" height=\"1119,9\" \/><\/p>\n<p>&nbsp;<\/p>\n<p>&nbsp;<\/p>","protected":false},"excerpt":{"rendered":"<p>Ci spiace, ma questo articolo \u00e8 disponibile soltanto in Spagnolo Europeo, Inglese Americano, Basco, Francese e Portoghese Europeo.&nbsp; En algunos lugares del mundo, donde Itaka-Escolapios est\u00e1 [&hellip;]<\/p>\n","protected":false},"author":9,"featured_media":8290,"parent":713,"menu_order":0,"comment_status":"closed","ping_status":"closed","template":"","meta":[],"acf":[],"_links":{"self":[{"href":"https:\/\/www.educa.itakaescolapios.org\/it\/wp-json\/wp\/v2\/pages\/8191"}],"collection":[{"href":"https:\/\/www.educa.itakaescolapios.org\/it\/wp-json\/wp\/v2\/pages"}],"about":[{"href":"https:\/\/www.educa.itakaescolapios.org\/it\/wp-json\/wp\/v2\/types\/page"}],"author":[{"embeddable":true,"href":"https:\/\/www.educa.itakaescolapios.org\/it\/wp-json\/wp\/v2\/users\/9"}],"replies":[{"embeddable":true,"href":"https:\/\/www.educa.itakaescolapios.org\/it\/wp-json\/wp\/v2\/comments?post=8191"}],"version-history":[{"count":30,"href":"https:\/\/www.educa.itakaescolapios.org\/it\/wp-json\/wp\/v2\/pages\/8191\/revisions"}],"predecessor-version":[{"id":8316,"href":"https:\/\/www.educa.itakaescolapios.org\/it\/wp-json\/wp\/v2\/pages\/8191\/revisions\/8316"}],"up":[{"embeddable":true,"href":"https:\/\/www.educa.itakaescolapios.org\/it\/wp-json\/wp\/v2\/pages\/713"}],"wp:featuredmedia":[{"embeddable":true,"href":"https:\/\/www.educa.itakaescolapios.org\/it\/wp-json\/wp\/v2\/media\/8290"}],"wp:attachment":[{"href":"https:\/\/www.educa.itakaescolapios.org\/it\/wp-json\/wp\/v2\/media?parent=8191"}],"curies":[{"name":"wp","href":"https:\/\/api.w.org\/{rel}","templated":true}]}}

<p class="qtranxs-available-languages-message qtranxs-available-languages-message-it">Ci spiace, ma questo articolo è disponibile soltanto in <a href="https://www.educa.itakaescolapios.org/es/wp-json/wp/v2/pages/8191" class="qtranxs-available-language-link qtranxs-available-language-link-es" title="Español">Spagnolo Europeo</a>, <a href="https://www.educa.itakaescolapios.org/en/wp-json/wp/v2/pages/8191" class="qtranxs-available-language-link qtranxs-available-language-link-en" title="English">Inglese Americano</a>, <a href="https://www.educa.itakaescolapios.org/eu/wp-json/wp/v2/pages/8191" class="qtranxs-available-language-link qtranxs-available-language-link-eu" title="Euskera">Basco</a>, <a href="https://www.educa.itakaescolapios.org/fr/wp-json/wp/v2/pages/8191" class="qtranxs-available-language-link qtranxs-available-language-link-fr" title="Français">Francese</a> e <a href="https://www.educa.itakaescolapios.org/pt/wp-json/wp/v2/pages/8191" class="qtranxs-available-language-link qtranxs-available-language-link-pt" title="Português">Portoghese Europeo</a>.</p><p>&nbsp;</p>
<p style="font-weight: 400;">En algunos lugares del mundo, donde Itaka-Escolapios está presente, se celebra el Día Escolar por la No Violencia y la Paz en torno al 30 de enero, aniversario de la muerte de Gandhi. En otros lugares no se denomina así, pero trabajamos igualmente propuestas educativas que fomenten una cultura de paz y justicia. Ya sea porque se producen en sociedades donde la paz no es visible, ya sea porque empatizamos y nos solidarizamos con los pueblos y sociedades que viven en guerra o en ausencia de paz.</p>
<p style="font-weight: 400;">Lamentablemente, todos los años (y en repetidas ocasiones, por desgracia), hay motivos para seguir trabajando por fomentar en los niños, niñas, jóvenes y personas adultas de las Escuelas Pías entornos, conductas y propuestas donde la PAZ y el AMOR sean prioritarios en las relaciones sociales, políticas y de cualquier otro tipo.</p>
<p style="font-weight: 400;">Itaka-Escolapios es una entidad claramente cristiana y escolapia, por eso lanzamos propuestas pastorales educativas que nos ayuden a fomentar la cultura de paz en todas nuestras obras y proyectos. Este año, más que nunca, nos unimos a la oración de tantos cristianos y cristianas del mundo, del Papa Francisco y de la Iglesia en general. Una oración con la que acercarnos a la realidad, empatizar, acompañar u ofrecer consuelo y, sobre todo, insistir a Dios Padre para que nunca olvide el dolor humano en los lugares de conflicto, y se haga presente en todos y cada uno de los corazones sufrientes.</p>
<p style="font-weight: 400;">Porque, en algún lugar del mundo, alguien necesita de nuestra oración. Y por eso planteamos una serie de actividades sencillas a partir de una propuesta para la oración de la mañana, que será un poco más extensa que otros días. Una oración con la que acercarnos al dolor ajeno y podamos decir bien fuerte en nombre de cualquier persona: <span style="text-decoration: underline;"><strong><a href="https://www.educa.itakaescolapios.org/2024-mi-lugar-es-el-mundo-mi-lugar-es-la-paz/actividades-paz-2024" target="_blank" rel="noopener">MI LUGAR ES EL MUNDO, MI LUGAR ES LA PAZ</a></strong></span>.</p>
<p>&nbsp;</p>
<p><img decoding="async" loading="lazy" class="aligncenter" src="https://www.educa.itakaescolapios.org/wp-content/uploads/2024/01/Cartel-ESP-Paz-24.png" alt="" width="800" height="1119,9" /></p>
<p>&nbsp;</p>
<p>&nbsp;</p>

<p>Ci spiace, ma questo articolo è disponibile soltanto in Spagnolo Europeo, Inglese Americano, Basco, Francese e Portoghese Europeo.&nbsp; En algunos lugares del mundo, donde Itaka-Escolapios está [&hellip;]</p>
