{"id":9132,"date":"2025-12-05T14:03:57","date_gmt":"2025-12-05T13:03:57","guid":{"rendered":"https:\/\/www.educa.itakaescolapios.org\/?page_id=9132"},"modified":"2026-02-19T11:37:40","modified_gmt":"2026-02-19T10:37:40","slug":"fichas-de-proyectos-a-trabajar","status":"publish","type":"page","link":"https:\/\/www.educa.itakaescolapios.org\/it\/campanas\/2025-2026-25-anos-extendiendo-raices\/actividades-carteleria-y-ambientacion\/fichas-de-proyectos-a-trabajar","title":{"rendered":"Fichas de proyectos a trabajar"},"content":{"rendered":"<p class=\"qtranxs-available-languages-message qtranxs-available-languages-message-it\">Ci spiace, ma questo articolo \u00e8 disponibile soltanto in <a href=\"https:\/\/www.educa.itakaescolapios.org\/es\/wp-json\/wp\/v2\/pages\/9132\" class=\"qtranxs-available-language-link qtranxs-available-language-link-es\" title=\"Espa\u00f1ol\">Spagnolo Europeo<\/a>, <a href=\"https:\/\/www.educa.itakaescolapios.org\/eu\/wp-json\/wp\/v2\/pages\/9132\" class=\"qtranxs-available-language-link qtranxs-available-language-link-eu\" title=\"Euskera\">Basco<\/a> e <a href=\"https:\/\/www.educa.itakaescolapios.org\/pt\/wp-json\/wp\/v2\/pages\/9132\" class=\"qtranxs-available-language-link qtranxs-available-language-link-pt\" title=\"Portugu\u00eas\">Portoghese Europeo<\/a>.<\/p><p><\/p>\n<p data-pm-slice=\"1 1 []\"><img decoding=\"async\" loading=\"lazy\" class=\"size-medium wp-image-9158 alignleft\" src=\"https:\/\/www.educa.itakaescolapios.org\/wp-content\/uploads\/2025\/12\/look-senalando-219x300.png\" alt=\"\" width=\"219\" height=\"300\" srcset=\"https:\/\/www.educa.itakaescolapios.org\/wp-content\/uploads\/2025\/12\/look-senalando-219x300.png 219w, https:\/\/www.educa.itakaescolapios.org\/wp-content\/uploads\/2025\/12\/look-senalando-747x1024.png 747w, https:\/\/www.educa.itakaescolapios.org\/wp-content\/uploads\/2025\/12\/look-senalando-768x1052.png 768w, https:\/\/www.educa.itakaescolapios.org\/wp-content\/uploads\/2025\/12\/look-senalando-250x343.png 250w, https:\/\/www.educa.itakaescolapios.org\/wp-content\/uploads\/2025\/12\/look-senalando.png 864w\" sizes=\"(max-width: 219px) 100vw, 219px\" \/>En esta campa\u00f1a <strong>&#8220;25 a\u00f1os extendiendo ra\u00edces&#8221;<\/strong>, queremos que cada etapa educativa se acerque a una realidad concreta de nuestra Red. Hemos vinculado cada franja de edad con una tipolog\u00eda de proyecto espec\u00edfica, permitiendo as\u00ed conocer la diversidad de nuestra misi\u00f3n escolapia en el mundo.<\/p>\n<p>Aqu\u00ed te presentamos los \u00e1mbitos de actuaci\u00f3n en los que profundizaremos este curso:<\/p>\n<h3>DE 3 A 5 A\u00d1OS: COMEDORES ESCOLARES<\/h3>\n<p><strong>&#8220;La alimentaci\u00f3n, ra\u00edz del aprendizaje&#8221;<\/strong> Un ni\u00f1o con hambre no puede aprender ni so\u00f1ar. En esta etapa nos acercamos a la realidad de los <strong>Comedores Escolares<\/strong> y programas de refuerzo nutricional que Itaka-Escolapios sostiene en lugares como <strong>Camer\u00fan y Venezuela<\/strong>.<\/p>\n<ul>\n<li><strong>Nuestro objetivo:<\/strong> Garantizar que miles de ni\u00f1os y ni\u00f1as tengan la energ\u00eda necesaria para asistir a clase, concentrarse y crecer sanos.<\/li>\n<\/ul>\n<h3>DE 6 A 8 A\u00d1OS: HOGARES<\/h3>\n<p><strong>&#8220;Un suelo seguro para crecer&#8221;<\/strong> Para echar ra\u00edces, necesitamos sentirnos seguros. Trabajaremos sobre los <strong>Hogares y Centros de Acogida<\/strong> que ofrecen protecci\u00f3n integral a menores en situaci\u00f3n de vulnerabilidad, orfandad o riesgo social en pa\u00edses como <strong>Brasil y Espa\u00f1a<\/strong>.<\/p>\n<ul>\n<li><strong>Nuestro objetivo:<\/strong> Ofrecer mucho m\u00e1s que un techo: un entorno familiar, afecto y acompa\u00f1amiento educativo para que puedan reconstruir su historia.<\/li>\n<\/ul>\n<h3>DE 8 A 10 A\u00d1OS: COLEGIOS<\/h3>\n<p><strong>&#8220;La educaci\u00f3n transforma el mundo&#8221;<\/strong> La escuela es el coraz\u00f3n de la comunidad. En esta franja conoceremos la red de <strong>Colegios y Centros Educativos<\/strong> que impulsamos en <strong>\u00c1frica, Am\u00e9rica y Asia<\/strong>, donde m\u00e1s de 12.000 alumnos acceden a una educaci\u00f3n de calidad.<\/p>\n<ul>\n<li><strong>Nuestro objetivo:<\/strong> Romper el c\u00edrculo de la pobreza a trav\u00e9s de la formaci\u00f3n acad\u00e9mica y t\u00e9cnica, asegurando que el derecho a la educaci\u00f3n llegue a los rincones m\u00e1s olvidados.<\/li>\n<\/ul>\n<h3>DE 10 A 12 A\u00d1OS: ALFABETIZACI\u00d3N<\/h3>\n<p><strong>&#8220;Palabras que integran&#8221;<\/strong> El idioma es la llave que abre puertas. Nos centraremos en los proyectos de <strong>Alfabetizaci\u00f3n de Adultos<\/strong>, tanto para la integraci\u00f3n de personas migrantes en <strong>Espa\u00f1a<\/strong> como para el empoderamiento de mujeres en zonas rurales de <strong>\u00c1frica<\/strong>.<\/p>\n<ul>\n<li><strong>Nuestro objetivo:<\/strong> Facilitar la integraci\u00f3n social y laboral, derribando las barreras ling\u00fc\u00edsticas y culturales que generan exclusi\u00f3n.<\/li>\n<\/ul>\n<h3>DE 12 A 15 A\u00d1OS: CENTROS SOCIOEDUCATIVOS<\/h3>\n<p><strong>&#8220;Educando m\u00e1s all\u00e1 del aula&#8221;<\/strong> La educaci\u00f3n tambi\u00e9n sucede en el barrio y en el tiempo libre. Descubriremos la labor de los <strong>Centros Socioeducativos<\/strong> presentes en 8 pa\u00edses, espacios vitales para la prevenci\u00f3n de la violencia y el desarrollo de talentos a trav\u00e9s del deporte, el arte y el apoyo escolar.<\/p>\n<ul>\n<li><strong>Nuestro objetivo:<\/strong> Crear espacios seguros de convivencia y crecimiento personal que protejan a la infancia y juventud en entornos desfavorecidos.<\/li>\n<\/ul>\n<h3>M\u00c1S DE 15 A\u00d1OS: VOLUNTARIADO<\/h3>\n<p><strong>&#8220;Tu compromiso es la savia de la red&#8221;<\/strong> Llegamos a la madurez del proyecto. Abordaremos el <strong>Voluntariado<\/strong> como una forma de estar en el mundo. Conoceremos a las m\u00e1s de 3.000 personas que, desde el Movimiento Calasanz, la acci\u00f3n social o la cooperaci\u00f3n internacional, hacen posible nuestra misi\u00f3n.<\/p>\n<ul>\n<li><strong>Nuestro objetivo:<\/strong> Invitarte a pasar a la acci\u00f3n. El voluntariado no es solo dar tiempo, es una experiencia de transformaci\u00f3n personal y justicia social.<\/li>\n<\/ul>\n<p><strong>\u00bfQUIERES SABER M\u00c1S?<\/strong> Descarga las fichas completas de cada proyecto para profundizar en ellos.<\/p>\n<p><span style=\"color: #99cc00;\"><a style=\"color: #99cc00;\" href=\"https:\/\/www.educa.itakaescolapios.org\/wp-content\/uploads\/2025\/12\/Fichas-proyectos-2526.pdf\">Fichas proyectos 2526<\/a><\/span><\/p>","protected":false},"excerpt":{"rendered":"<p>Ci spiace, ma questo articolo \u00e8 disponibile soltanto in Spagnolo Europeo, Basco e Portoghese Europeo. En esta campa\u00f1a &#8220;25 a\u00f1os extendiendo ra\u00edces&#8221;, queremos que cada etapa [&hellip;]<\/p>\n","protected":false},"author":11,"featured_media":0,"parent":9088,"menu_order":0,"comment_status":"closed","ping_status":"closed","template":"","meta":[],"acf":[],"_links":{"self":[{"href":"https:\/\/www.educa.itakaescolapios.org\/it\/wp-json\/wp\/v2\/pages\/9132"}],"collection":[{"href":"https:\/\/www.educa.itakaescolapios.org\/it\/wp-json\/wp\/v2\/pages"}],"about":[{"href":"https:\/\/www.educa.itakaescolapios.org\/it\/wp-json\/wp\/v2\/types\/page"}],"author":[{"embeddable":true,"href":"https:\/\/www.educa.itakaescolapios.org\/it\/wp-json\/wp\/v2\/users\/11"}],"replies":[{"embeddable":true,"href":"https:\/\/www.educa.itakaescolapios.org\/it\/wp-json\/wp\/v2\/comments?post=9132"}],"version-history":[{"count":17,"href":"https:\/\/www.educa.itakaescolapios.org\/it\/wp-json\/wp\/v2\/pages\/9132\/revisions"}],"predecessor-version":[{"id":9500,"href":"https:\/\/www.educa.itakaescolapios.org\/it\/wp-json\/wp\/v2\/pages\/9132\/revisions\/9500"}],"up":[{"embeddable":true,"href":"https:\/\/www.educa.itakaescolapios.org\/it\/wp-json\/wp\/v2\/pages\/9088"}],"wp:attachment":[{"href":"https:\/\/www.educa.itakaescolapios.org\/it\/wp-json\/wp\/v2\/media?parent=9132"}],"curies":[{"name":"wp","href":"https:\/\/api.w.org\/{rel}","templated":true}]}}

<p class="qtranxs-available-languages-message qtranxs-available-languages-message-it">Ci spiace, ma questo articolo è disponibile soltanto in <a href="https://www.educa.itakaescolapios.org/es/wp-json/wp/v2/pages/9132" class="qtranxs-available-language-link qtranxs-available-language-link-es" title="Español">Spagnolo Europeo</a>, <a href="https://www.educa.itakaescolapios.org/eu/wp-json/wp/v2/pages/9132" class="qtranxs-available-language-link qtranxs-available-language-link-eu" title="Euskera">Basco</a> e <a href="https://www.educa.itakaescolapios.org/pt/wp-json/wp/v2/pages/9132" class="qtranxs-available-language-link qtranxs-available-language-link-pt" title="Português">Portoghese Europeo</a>.</p><p></p>
<p data-pm-slice="1 1 []"><img decoding="async" loading="lazy" class="size-medium wp-image-9158 alignleft" src="https://www.educa.itakaescolapios.org/wp-content/uploads/2025/12/look-senalando-219x300.png" alt="" width="219" height="300" srcset="https://www.educa.itakaescolapios.org/wp-content/uploads/2025/12/look-senalando-219x300.png 219w, https://www.educa.itakaescolapios.org/wp-content/uploads/2025/12/look-senalando-747x1024.png 747w, https://www.educa.itakaescolapios.org/wp-content/uploads/2025/12/look-senalando-768x1052.png 768w, https://www.educa.itakaescolapios.org/wp-content/uploads/2025/12/look-senalando-250x343.png 250w, https://www.educa.itakaescolapios.org/wp-content/uploads/2025/12/look-senalando.png 864w" sizes="(max-width: 219px) 100vw, 219px" />En esta campaña <strong>&#8220;25 años extendiendo raíces&#8221;</strong>, queremos que cada etapa educativa se acerque a una realidad concreta de nuestra Red. Hemos vinculado cada franja de edad con una tipología de proyecto específica, permitiendo así conocer la diversidad de nuestra misión escolapia en el mundo.</p>
<p>Aquí te presentamos los ámbitos de actuación en los que profundizaremos este curso:</p>
<h3>DE 3 A 5 AÑOS: COMEDORES ESCOLARES</h3>
<p><strong>&#8220;La alimentación, raíz del aprendizaje&#8221;</strong> Un niño con hambre no puede aprender ni soñar. En esta etapa nos acercamos a la realidad de los <strong>Comedores Escolares</strong> y programas de refuerzo nutricional que Itaka-Escolapios sostiene en lugares como <strong>Camerún y Venezuela</strong>.</p>
<ul>
<li><strong>Nuestro objetivo:</strong> Garantizar que miles de niños y niñas tengan la energía necesaria para asistir a clase, concentrarse y crecer sanos.</li>
</ul>
<h3>DE 6 A 8 AÑOS: HOGARES</h3>
<p><strong>&#8220;Un suelo seguro para crecer&#8221;</strong> Para echar raíces, necesitamos sentirnos seguros. Trabajaremos sobre los <strong>Hogares y Centros de Acogida</strong> que ofrecen protección integral a menores en situación de vulnerabilidad, orfandad o riesgo social en países como <strong>Brasil y España</strong>.</p>
<ul>
<li><strong>Nuestro objetivo:</strong> Ofrecer mucho más que un techo: un entorno familiar, afecto y acompañamiento educativo para que puedan reconstruir su historia.</li>
</ul>
<h3>DE 8 A 10 AÑOS: COLEGIOS</h3>
<p><strong>&#8220;La educación transforma el mundo&#8221;</strong> La escuela es el corazón de la comunidad. En esta franja conoceremos la red de <strong>Colegios y Centros Educativos</strong> que impulsamos en <strong>África, América y Asia</strong>, donde más de 12.000 alumnos acceden a una educación de calidad.</p>
<ul>
<li><strong>Nuestro objetivo:</strong> Romper el círculo de la pobreza a través de la formación académica y técnica, asegurando que el derecho a la educación llegue a los rincones más olvidados.</li>
</ul>
<h3>DE 10 A 12 AÑOS: ALFABETIZACIÓN</h3>
<p><strong>&#8220;Palabras que integran&#8221;</strong> El idioma es la llave que abre puertas. Nos centraremos en los proyectos de <strong>Alfabetización de Adultos</strong>, tanto para la integración de personas migrantes en <strong>España</strong> como para el empoderamiento de mujeres en zonas rurales de <strong>África</strong>.</p>
<ul>
<li><strong>Nuestro objetivo:</strong> Facilitar la integración social y laboral, derribando las barreras lingüísticas y culturales que generan exclusión.</li>
</ul>
<h3>DE 12 A 15 AÑOS: CENTROS SOCIOEDUCATIVOS</h3>
<p><strong>&#8220;Educando más allá del aula&#8221;</strong> La educación también sucede en el barrio y en el tiempo libre. Descubriremos la labor de los <strong>Centros Socioeducativos</strong> presentes en 8 países, espacios vitales para la prevención de la violencia y el desarrollo de talentos a través del deporte, el arte y el apoyo escolar.</p>
<ul>
<li><strong>Nuestro objetivo:</strong> Crear espacios seguros de convivencia y crecimiento personal que protejan a la infancia y juventud en entornos desfavorecidos.</li>
</ul>
<h3>MÁS DE 15 AÑOS: VOLUNTARIADO</h3>
<p><strong>&#8220;Tu compromiso es la savia de la red&#8221;</strong> Llegamos a la madurez del proyecto. Abordaremos el <strong>Voluntariado</strong> como una forma de estar en el mundo. Conoceremos a las más de 3.000 personas que, desde el Movimiento Calasanz, la acción social o la cooperación internacional, hacen posible nuestra misión.</p>
<ul>
<li><strong>Nuestro objetivo:</strong> Invitarte a pasar a la acción. El voluntariado no es solo dar tiempo, es una experiencia de transformación personal y justicia social.</li>
</ul>
<p><strong>¿QUIERES SABER MÁS?</strong> Descarga las fichas completas de cada proyecto para profundizar en ellos.</p>
<p><span style="color: #99cc00;"><a style="color: #99cc00;" href="https://www.educa.itakaescolapios.org/wp-content/uploads/2025/12/Fichas-proyectos-2526.pdf">Fichas proyectos 2526</a></span></p>

<p>Ci spiace, ma questo articolo è disponibile soltanto in Spagnolo Europeo, Basco e Portoghese Europeo. En esta campaña &#8220;25 años extendiendo raíces&#8221;, queremos que cada etapa [&hellip;]</p>
