{"id":2618,"date":"2020-10-20T09:48:46","date_gmt":"2020-10-20T07:48:46","guid":{"rendered":"https:\/\/www.educa.itakaescolapios.org\/?page_id=2618"},"modified":"2021-05-24T12:11:58","modified_gmt":"2021-05-24T10:11:58","slug":"2020-2021-reiniciando-para-transformar","status":"publish","type":"page","link":"https:\/\/www.educa.itakaescolapios.org\/pt\/campanas\/2020-2021-reiniciando-para-transformar","title":{"rendered":"2020-2021 Reiniciar para Transformar"},"content":{"rendered":"<p>https:\/\/youtu.be\/k1V16Gm5fjA<\/p>\n<p>Todos os anos a rede Itaka-Escol\u00e1pios realiza uma campanha de solidariedade em n\u00edvel internacional, para ajudar, colaborar e apoiar algum projeto espec\u00edfico da Miss\u00e3o escol\u00e1pia visando as crian\u00e7as e os jovens, especialmente os mais necessitados. Voc\u00ea se lembrar\u00e1 de campanhas como &#8220;Ao ritmo do Congo&#8221;, &#8220;O Tesouro do Senegal&#8221;, &#8220;Ao Encontro de Atambua&#8221;&#8230;<\/p>\n<p>Mas neste ano, a Itaka-Escol\u00e1pios, entendendo o momento que estamos vivendo, com a situa\u00e7\u00e3o da pandemia, prop\u00f5e n\u00e3o apoiar um projeto espec\u00edfico, mas <strong>colaborar com a Miss\u00e3o escol\u00e1pia em Geral<\/strong> para ajudar e apoiar qualquer projeto ou at\u00e9 v\u00e1rios projetos, destinados \u00e0s pessoas mais necessitadas, que precisam de apoio neste momento dif\u00edcil<\/p>\n<p>A pandemia est\u00e1 causando muita vulnerabilidade, n\u00e3o s\u00f3 \u00e0s crian\u00e7as e aos jovens, mas tamb\u00e9m \u00e0s institui\u00e7\u00f5es. Tamb\u00e9m, nos projetos espec\u00edficos que n\u00f3s, como escol\u00e1pios, atrav\u00e9s da Itaka-Escol\u00e1pios, estamos sustentando.<\/p>\n<p>O slogan desta campanha &#8220;<strong>Re<\/strong> <strong>iniciar para transformar<\/strong>&#8221; quer evidenciar que, embora Itaka-escol\u00e1pios nunca tenha parado, j\u00e1 que tentamos responder \u00e0s necessidades sociais com novas iniciativas, talvez mais criativas, queremos re ativar nossa solidariedade para continuar nos transformando e transformando.<\/p>\n<p>Para atingir este objetivo de transforma\u00e7\u00e3o pessoal para a transforma\u00e7\u00e3o social, projetamos a campanha<strong> utilizando a metodologia do &#8220;Design for change&#8221;<\/strong> &#8211; \u201cDesign para mudan\u00e7a\u201d.<\/p>\n<p>Esta metodologia busca o compartilhamento entre as pessoas e a transforma\u00e7\u00e3o da sociedade.<\/p>\n<p>A tripula\u00e7\u00e3o da Itaka-Escol\u00e1pios o levar\u00e1 atrav\u00e9s dos seguintes passos desta metodologia (Sinta, Imagine, Aja, Evolua e Compartilhe), a fim de alcan\u00e7ar o objetivo final de transformar a realidade, <strong>colaborando com a Miss\u00e3o escol\u00e1pia<\/strong>.<\/p>\n<h3><\/h3>\n<p><span style=\"text-decoration: underline;\"><strong>Clique nos links para ter acesso a mais conte\u00fados da campanha.<\/strong><\/span><\/p>\n<ul class=\"children\">\n<li class=\"page_item page-item-2621\"><a href=\"https:\/\/www.educa.itakaescolapios.org\/campanas\/2020-2021-reiniciando-para-transformar\/recordando-la-campana-compartiendo-mucha-vida\">Lembrando a campanha &#8220;Compartilhando muita vida&#8221;<\/a><\/li>\n<li class=\"page_item page-item-2623\"><a href=\"https:\/\/www.educa.itakaescolapios.org\/campanas\/2020-2021-reiniciando-para-transformar\/sesion-formativa-design-for-change\">Treinamento para educadores \u00abDesign for change\u00bb<\/a><\/li>\n<li class=\"page_item page-item-2658 page_item_has_children current_page_item\"><a href=\"https:\/\/www.educa.itakaescolapios.org\/campanas\/2020-2021-reiniciando-para-transformar\/siente\" aria-current=\"page\">Sinta!<\/a>\n<ul>\n<li style=\"list-style-type: none;\">\n<ul class=\"children\">\n<li class=\"page_item page-item-2664\"><a href=\"https:\/\/www.educa.itakaescolapios.org\/campanas\/2020-2021-reiniciando-para-transformar\/siente\/presentacion-orden-fraternidad-mc\">Apresentac\u00e1o. Order-Fraternity-MC<\/a><\/li>\n<li class=\"page_item page-item-2673\"><a href=\"https:\/\/www.educa.itakaescolapios.org\/campanas\/2020-2021-reiniciando-para-transformar\/siente\/presentacion-coordinador-general-itaka-escolapios\">Apresentac\u00e1o coordinadora geral Itaka-Escolapios<\/a><a href=\"https:\/\/www.educa.itakaescolapios.org\/campanas\/2020-2021-reiniciando-para-transformar\/siente\"><img decoding=\"async\" loading=\"lazy\" class=\"alignright size-medium wp-image-2975\" src=\"https:\/\/www.educa.itakaescolapios.org\/wp-content\/uploads\/2020\/11\/mano-click-verde-por-dos-300x156.jpg\" alt=\"\" width=\"300\" height=\"156\" srcset=\"https:\/\/www.educa.itakaescolapios.org\/wp-content\/uploads\/2020\/11\/mano-click-verde-por-dos-300x156.jpg 300w, https:\/\/www.educa.itakaescolapios.org\/wp-content\/uploads\/2020\/11\/mano-click-verde-por-dos-1024x532.jpg 1024w, https:\/\/www.educa.itakaescolapios.org\/wp-content\/uploads\/2020\/11\/mano-click-verde-por-dos-768x399.jpg 768w, https:\/\/www.educa.itakaescolapios.org\/wp-content\/uploads\/2020\/11\/mano-click-verde-por-dos-1536x799.jpg 1536w, https:\/\/www.educa.itakaescolapios.org\/wp-content\/uploads\/2020\/11\/mano-click-verde-por-dos-2048x1065.jpg 2048w, https:\/\/www.educa.itakaescolapios.org\/wp-content\/uploads\/2020\/11\/mano-click-verde-por-dos-250x130.jpg 250w\" sizes=\"(max-width: 300px) 100vw, 300px\" \/><\/a><\/li>\n<li class=\"page_item page-item-2675\"><a href=\"https:\/\/www.educa.itakaescolapios.org\/campanas\/2020-2021-reiniciando-para-transformar\/siente\/testimonios\">Depoimentos (2\u00a0 a +18)<\/a><\/li>\n<li class=\"page_item page-item-2693\"><a href=\"https:\/\/www.educa.itakaescolapios.org\/campanas\/2020-2021-reiniciando-para-transformar\/siente\/oramos-con-calasanz\">Rezamos com Calasanz (8 a +18)<\/a><\/li>\n<li class=\"page_item page-item-2699\"><a href=\"https:\/\/www.educa.itakaescolapios.org\/campanas\/2020-2021-reiniciando-para-transformar\/siente\/impacto-y-respuesta-de-itaka-escolapios\">Impacto e resposta de Itaka-Escolapios (14 a +18)<\/a><\/li>\n<li class=\"page_item page-item-2706\"><a href=\"https:\/\/www.educa.itakaescolapios.org\/campanas\/2020-2021-reiniciando-para-transformar\/siente\/conociendo-a-la-tripulacion-itaka-escolapios\">Conhecendo a tripula\u00e7\u00e3o Itaka-Escolapios (2 a 7)<\/a><\/li>\n<li class=\"page_item page-item-2713\"><a href=\"https:\/\/www.educa.itakaescolapios.org\/campanas\/2020-2021-reiniciando-para-transformar\/siente\/mapamundi\">Mapa mundial (2 a 7)<\/a><\/li>\n<li class=\"page_item page-item-2718\"><a href=\"https:\/\/www.educa.itakaescolapios.org\/campanas\/2020-2021-reiniciando-para-transformar\/siente\/capsula-del-tiempo\">C\u00e1psula del tiempo (2 a +18)<\/a><\/li>\n<li class=\"page_item page-item-2725\"><a href=\"https:\/\/www.educa.itakaescolapios.org\/campanas\/2020-2021-reiniciando-para-transformar\/siente\/familia-transformadora\">Transformando a familia (2 a +18)<\/a><\/li>\n<li class=\"page_item page-item-2721\"><a href=\"https:\/\/www.educa.itakaescolapios.org\/campanas\/2020-2021-reiniciando-para-transformar\/siente\/compara-y-contrasta\">Comparar r Contrastar (8 a +18)<\/a><\/li>\n<li class=\"page_item page-item-2727\"><a href=\"https:\/\/www.educa.itakaescolapios.org\/campanas\/2020-2021-reiniciando-para-transformar\/siente\/buzon-solidario\">A caixa postal solid\u00e1ria (2\u00a0 a +18)<\/a><\/li>\n<\/ul>\n<\/li>\n<\/ul>\n<\/li>\n<li class=\"page_item page-item-2734 page_item_has_children\"><a href=\"https:\/\/www.educa.itakaescolapios.org\/campanas\/2020-2021-reiniciando-para-transformar\/imagina\">Imagine!<\/a>\n<ul>\n<li style=\"list-style-type: none;\">\n<ul class=\"children\">\n<li class=\"page_item page-item-2740\"><a href=\"https:\/\/www.educa.itakaescolapios.org\/campanas\/2020-2021-reiniciando-para-transformar\/imagina\/cuento-la-tripulacion-se-queda-en-casa\">Hist\u00f3ria: A tripulac\u00e1o fica em casa (2 a 7)<\/a><\/li>\n<li class=\"page_item page-item-2745\"><a href=\"https:\/\/www.educa.itakaescolapios.org\/campanas\/2020-2021-reiniciando-para-transformar\/imagina\/asamblea\">Montagem (8 a +18)<\/a><\/li>\n<\/ul>\n<\/li>\n<\/ul>\n<\/li>\n<li class=\"page_item page-item-2751 page_item_has_children\"><a href=\"https:\/\/www.educa.itakaescolapios.org\/campanas\/2020-2021-reiniciando-para-transformar\/actua\">Aja!<\/a>\n<ul>\n<li style=\"list-style-type: none;\">\n<ul class=\"children\">\n<li class=\"page_item page-item-2754\"><a href=\"https:\/\/www.educa.itakaescolapios.org\/campanas\/2020-2021-reiniciando-para-transformar\/actua\/pequenas-acciones-reinician-grandes-cambios\">Pequenas a\u00e7\u00f5es Reiniciam grandes mudan\u00e7as (2 a 12)<\/a><a href=\"https:\/\/www.educa.itakaescolapios.org\/campanas\/2020-2021-reiniciando-para-transformar\/imagina\"><img decoding=\"async\" loading=\"lazy\" class=\"alignright wp-image-2695\" src=\"https:\/\/www.educa.itakaescolapios.org\/wp-content\/uploads\/2020\/11\/CALASANZ_COLOR-229x300.jpg\" alt=\"\" width=\"180\" height=\"236\" srcset=\"https:\/\/www.educa.itakaescolapios.org\/wp-content\/uploads\/2020\/11\/CALASANZ_COLOR-229x300.jpg 229w, https:\/\/www.educa.itakaescolapios.org\/wp-content\/uploads\/2020\/11\/CALASANZ_COLOR-782x1024.jpg 782w, https:\/\/www.educa.itakaescolapios.org\/wp-content\/uploads\/2020\/11\/CALASANZ_COLOR-768x1006.jpg 768w, https:\/\/www.educa.itakaescolapios.org\/wp-content\/uploads\/2020\/11\/CALASANZ_COLOR-1172x1536.jpg 1172w, https:\/\/www.educa.itakaescolapios.org\/wp-content\/uploads\/2020\/11\/CALASANZ_COLOR-1563x2048.jpg 1563w, https:\/\/www.educa.itakaescolapios.org\/wp-content\/uploads\/2020\/11\/CALASANZ_COLOR-250x328.jpg 250w, https:\/\/www.educa.itakaescolapios.org\/wp-content\/uploads\/2020\/11\/CALASANZ_COLOR-scaled.jpg 1954w\" sizes=\"(max-width: 180px) 100vw, 180px\" \/><\/a><\/li>\n<li class=\"page_item page-item-2860 current_page_item\"><a href=\"https:\/\/www.educa.itakaescolapios.org\/campanas\/2020-2021-reiniciando-para-transformar\/actua\/transformando\" aria-current=\"page\">Transformac\u00e4o (8 a +18)<\/a><\/li>\n<\/ul>\n<\/li>\n<\/ul>\n<\/li>\n<li class=\"page_item page-item-2758\"><a href=\"https:\/\/www.educa.itakaescolapios.org\/campanas\/2020-2021-reiniciando-para-transformar\/evolua\">Evolua!<\/a><\/li>\n<li class=\"page_item page-item-2762\"><a href=\"https:\/\/www.educa.itakaescolapios.org\/campanas\/2020-2021-reiniciando-para-transformar\/comparte\">Compartilhe!<\/a><\/li>\n<li class=\"page_item page-item-3101\"><a href=\"https:\/\/www.educa.itakaescolapios.org\/campanas\/2020-2021-reiniciando-para-transformar\/movimiento-calasanz\">Movement Calasanz<\/a><\/li>\n<li class=\"page_item page-item-2864 page_item_has_children\"><a href=\"https:\/\/www.educa.itakaescolapios.org\/campanas\/2020-2021-reiniciando-para-transformar\/carteleria-y-ambientacion\">Sinalizac\u00e4o e decorac\u00e4o<\/a><\/li>\n<\/ul>\n<p>&nbsp;<\/p>\n<p>&nbsp;<\/p>","protected":false},"excerpt":{"rendered":"<p>https:\/\/youtu.be\/k1V16Gm5fjA Todos os anos a rede Itaka-Escol\u00e1pios realiza uma campanha de solidariedade em n\u00edvel internacional, para ajudar, colaborar e apoiar algum projeto espec\u00edfico da Miss\u00e3o escol\u00e1pia [&hellip;]<\/p>\n","protected":false},"author":5,"featured_media":2801,"parent":70,"menu_order":1,"comment_status":"closed","ping_status":"closed","template":"","meta":[],"acf":[],"_links":{"self":[{"href":"https:\/\/www.educa.itakaescolapios.org\/pt\/wp-json\/wp\/v2\/pages\/2618"}],"collection":[{"href":"https:\/\/www.educa.itakaescolapios.org\/pt\/wp-json\/wp\/v2\/pages"}],"about":[{"href":"https:\/\/www.educa.itakaescolapios.org\/pt\/wp-json\/wp\/v2\/types\/page"}],"author":[{"embeddable":true,"href":"https:\/\/www.educa.itakaescolapios.org\/pt\/wp-json\/wp\/v2\/users\/5"}],"replies":[{"embeddable":true,"href":"https:\/\/www.educa.itakaescolapios.org\/pt\/wp-json\/wp\/v2\/comments?post=2618"}],"version-history":[{"count":123,"href":"https:\/\/www.educa.itakaescolapios.org\/pt\/wp-json\/wp\/v2\/pages\/2618\/revisions"}],"predecessor-version":[{"id":4726,"href":"https:\/\/www.educa.itakaescolapios.org\/pt\/wp-json\/wp\/v2\/pages\/2618\/revisions\/4726"}],"up":[{"embeddable":true,"href":"https:\/\/www.educa.itakaescolapios.org\/pt\/wp-json\/wp\/v2\/pages\/70"}],"wp:featuredmedia":[{"embeddable":true,"href":"https:\/\/www.educa.itakaescolapios.org\/pt\/wp-json\/wp\/v2\/media\/2801"}],"wp:attachment":[{"href":"https:\/\/www.educa.itakaescolapios.org\/pt\/wp-json\/wp\/v2\/media?parent=2618"}],"curies":[{"name":"wp","href":"https:\/\/api.w.org\/{rel}","templated":true}]}}

<p>https://youtu.be/k1V16Gm5fjA</p>
<p>Todos os anos a rede Itaka-Escolápios realiza uma campanha de solidariedade em nível internacional, para ajudar, colaborar e apoiar algum projeto específico da Missão escolápia visando as crianças e os jovens, especialmente os mais necessitados. Você se lembrará de campanhas como &#8220;Ao ritmo do Congo&#8221;, &#8220;O Tesouro do Senegal&#8221;, &#8220;Ao Encontro de Atambua&#8221;&#8230;</p>
<p>Mas neste ano, a Itaka-Escolápios, entendendo o momento que estamos vivendo, com a situação da pandemia, propõe não apoiar um projeto específico, mas <strong>colaborar com a Missão escolápia em Geral</strong> para ajudar e apoiar qualquer projeto ou até vários projetos, destinados às pessoas mais necessitadas, que precisam de apoio neste momento difícil</p>
<p>A pandemia está causando muita vulnerabilidade, não só às crianças e aos jovens, mas também às instituições. Também, nos projetos específicos que nós, como escolápios, através da Itaka-Escolápios, estamos sustentando.</p>
<p>O slogan desta campanha &#8220;<strong>Re</strong> <strong>iniciar para transformar</strong>&#8221; quer evidenciar que, embora Itaka-escolápios nunca tenha parado, já que tentamos responder às necessidades sociais com novas iniciativas, talvez mais criativas, queremos re ativar nossa solidariedade para continuar nos transformando e transformando.</p>
<p>Para atingir este objetivo de transformação pessoal para a transformação social, projetamos a campanha<strong> utilizando a metodologia do &#8220;Design for change&#8221;</strong> &#8211; “Design para mudança”.</p>
<p>Esta metodologia busca o compartilhamento entre as pessoas e a transformação da sociedade.</p>
<p>A tripulação da Itaka-Escolápios o levará através dos seguintes passos desta metodologia (Sinta, Imagine, Aja, Evolua e Compartilhe), a fim de alcançar o objetivo final de transformar a realidade, <strong>colaborando com a Missão escolápia</strong>.</p>
<h3></h3>
<p><span style="text-decoration: underline;"><strong>Clique nos links para ter acesso a mais conteúdos da campanha.</strong></span></p>
<ul class="children">
<li class="page_item page-item-2621"><a href="https://www.educa.itakaescolapios.org/campanas/2020-2021-reiniciando-para-transformar/recordando-la-campana-compartiendo-mucha-vida">Lembrando a campanha &#8220;Compartilhando muita vida&#8221;</a></li>
<li class="page_item page-item-2623"><a href="https://www.educa.itakaescolapios.org/campanas/2020-2021-reiniciando-para-transformar/sesion-formativa-design-for-change">Treinamento para educadores «Design for change»</a></li>
<li class="page_item page-item-2658 page_item_has_children current_page_item"><a href="https://www.educa.itakaescolapios.org/campanas/2020-2021-reiniciando-para-transformar/siente" aria-current="page">Sinta!</a>
<ul>
<li style="list-style-type: none;">
<ul class="children">
<li class="page_item page-item-2664"><a href="https://www.educa.itakaescolapios.org/campanas/2020-2021-reiniciando-para-transformar/siente/presentacion-orden-fraternidad-mc">Apresentacáo. Order-Fraternity-MC</a></li>
<li class="page_item page-item-2673"><a href="https://www.educa.itakaescolapios.org/campanas/2020-2021-reiniciando-para-transformar/siente/presentacion-coordinador-general-itaka-escolapios">Apresentacáo coordinadora geral Itaka-Escolapios</a><a href="https://www.educa.itakaescolapios.org/campanas/2020-2021-reiniciando-para-transformar/siente"><img decoding="async" loading="lazy" class="alignright size-medium wp-image-2975" src="https://www.educa.itakaescolapios.org/wp-content/uploads/2020/11/mano-click-verde-por-dos-300x156.jpg" alt="" width="300" height="156" srcset="https://www.educa.itakaescolapios.org/wp-content/uploads/2020/11/mano-click-verde-por-dos-300x156.jpg 300w, https://www.educa.itakaescolapios.org/wp-content/uploads/2020/11/mano-click-verde-por-dos-1024x532.jpg 1024w, https://www.educa.itakaescolapios.org/wp-content/uploads/2020/11/mano-click-verde-por-dos-768x399.jpg 768w, https://www.educa.itakaescolapios.org/wp-content/uploads/2020/11/mano-click-verde-por-dos-1536x799.jpg 1536w, https://www.educa.itakaescolapios.org/wp-content/uploads/2020/11/mano-click-verde-por-dos-2048x1065.jpg 2048w, https://www.educa.itakaescolapios.org/wp-content/uploads/2020/11/mano-click-verde-por-dos-250x130.jpg 250w" sizes="(max-width: 300px) 100vw, 300px" /></a></li>
<li class="page_item page-item-2675"><a href="https://www.educa.itakaescolapios.org/campanas/2020-2021-reiniciando-para-transformar/siente/testimonios">Depoimentos (2  a +18)</a></li>
<li class="page_item page-item-2693"><a href="https://www.educa.itakaescolapios.org/campanas/2020-2021-reiniciando-para-transformar/siente/oramos-con-calasanz">Rezamos com Calasanz (8 a +18)</a></li>
<li class="page_item page-item-2699"><a href="https://www.educa.itakaescolapios.org/campanas/2020-2021-reiniciando-para-transformar/siente/impacto-y-respuesta-de-itaka-escolapios">Impacto e resposta de Itaka-Escolapios (14 a +18)</a></li>
<li class="page_item page-item-2706"><a href="https://www.educa.itakaescolapios.org/campanas/2020-2021-reiniciando-para-transformar/siente/conociendo-a-la-tripulacion-itaka-escolapios">Conhecendo a tripulação Itaka-Escolapios (2 a 7)</a></li>
<li class="page_item page-item-2713"><a href="https://www.educa.itakaescolapios.org/campanas/2020-2021-reiniciando-para-transformar/siente/mapamundi">Mapa mundial (2 a 7)</a></li>
<li class="page_item page-item-2718"><a href="https://www.educa.itakaescolapios.org/campanas/2020-2021-reiniciando-para-transformar/siente/capsula-del-tiempo">Cápsula del tiempo (2 a +18)</a></li>
<li class="page_item page-item-2725"><a href="https://www.educa.itakaescolapios.org/campanas/2020-2021-reiniciando-para-transformar/siente/familia-transformadora">Transformando a familia (2 a +18)</a></li>
<li class="page_item page-item-2721"><a href="https://www.educa.itakaescolapios.org/campanas/2020-2021-reiniciando-para-transformar/siente/compara-y-contrasta">Comparar r Contrastar (8 a +18)</a></li>
<li class="page_item page-item-2727"><a href="https://www.educa.itakaescolapios.org/campanas/2020-2021-reiniciando-para-transformar/siente/buzon-solidario">A caixa postal solidária (2  a +18)</a></li>
</ul>
</li>
</ul>
</li>
<li class="page_item page-item-2734 page_item_has_children"><a href="https://www.educa.itakaescolapios.org/campanas/2020-2021-reiniciando-para-transformar/imagina">Imagine!</a>
<ul>
<li style="list-style-type: none;">
<ul class="children">
<li class="page_item page-item-2740"><a href="https://www.educa.itakaescolapios.org/campanas/2020-2021-reiniciando-para-transformar/imagina/cuento-la-tripulacion-se-queda-en-casa">História: A tripulacáo fica em casa (2 a 7)</a></li>
<li class="page_item page-item-2745"><a href="https://www.educa.itakaescolapios.org/campanas/2020-2021-reiniciando-para-transformar/imagina/asamblea">Montagem (8 a +18)</a></li>
</ul>
</li>
</ul>
</li>
<li class="page_item page-item-2751 page_item_has_children"><a href="https://www.educa.itakaescolapios.org/campanas/2020-2021-reiniciando-para-transformar/actua">Aja!</a>
<ul>
<li style="list-style-type: none;">
<ul class="children">
<li class="page_item page-item-2754"><a href="https://www.educa.itakaescolapios.org/campanas/2020-2021-reiniciando-para-transformar/actua/pequenas-acciones-reinician-grandes-cambios">Pequenas ações Reiniciam grandes mudanças (2 a 12)</a><a href="https://www.educa.itakaescolapios.org/campanas/2020-2021-reiniciando-para-transformar/imagina"><img decoding="async" loading="lazy" class="alignright wp-image-2695" src="https://www.educa.itakaescolapios.org/wp-content/uploads/2020/11/CALASANZ_COLOR-229x300.jpg" alt="" width="180" height="236" srcset="https://www.educa.itakaescolapios.org/wp-content/uploads/2020/11/CALASANZ_COLOR-229x300.jpg 229w, https://www.educa.itakaescolapios.org/wp-content/uploads/2020/11/CALASANZ_COLOR-782x1024.jpg 782w, https://www.educa.itakaescolapios.org/wp-content/uploads/2020/11/CALASANZ_COLOR-768x1006.jpg 768w, https://www.educa.itakaescolapios.org/wp-content/uploads/2020/11/CALASANZ_COLOR-1172x1536.jpg 1172w, https://www.educa.itakaescolapios.org/wp-content/uploads/2020/11/CALASANZ_COLOR-1563x2048.jpg 1563w, https://www.educa.itakaescolapios.org/wp-content/uploads/2020/11/CALASANZ_COLOR-250x328.jpg 250w, https://www.educa.itakaescolapios.org/wp-content/uploads/2020/11/CALASANZ_COLOR-scaled.jpg 1954w" sizes="(max-width: 180px) 100vw, 180px" /></a></li>
<li class="page_item page-item-2860 current_page_item"><a href="https://www.educa.itakaescolapios.org/campanas/2020-2021-reiniciando-para-transformar/actua/transformando" aria-current="page">Transformacäo (8 a +18)</a></li>
</ul>
</li>
</ul>
</li>
<li class="page_item page-item-2758"><a href="https://www.educa.itakaescolapios.org/campanas/2020-2021-reiniciando-para-transformar/evolua">Evolua!</a></li>
<li class="page_item page-item-2762"><a href="https://www.educa.itakaescolapios.org/campanas/2020-2021-reiniciando-para-transformar/comparte">Compartilhe!</a></li>
<li class="page_item page-item-3101"><a href="https://www.educa.itakaescolapios.org/campanas/2020-2021-reiniciando-para-transformar/movimiento-calasanz">Movement Calasanz</a></li>
<li class="page_item page-item-2864 page_item_has_children"><a href="https://www.educa.itakaescolapios.org/campanas/2020-2021-reiniciando-para-transformar/carteleria-y-ambientacion">Sinalizacäo e decoracäo</a></li>
</ul>
<p>&nbsp;</p>
<p>&nbsp;</p>

<p>https://youtu.be/k1V16Gm5fjA Todos os anos a rede Itaka-Escolápios realiza uma campanha de solidariedade em nível internacional, para ajudar, colaborar e apoiar algum projeto específico da Missão escolápia [&hellip;]</p>
