{"id":2621,"date":"2020-10-20T09:50:50","date_gmt":"2020-10-20T07:50:50","guid":{"rendered":"https:\/\/www.educa.itakaescolapios.org\/?page_id=2621"},"modified":"2020-11-17T16:21:32","modified_gmt":"2020-11-17T15:21:32","slug":"recordando-la-campana-compartiendo-mucha-vida","status":"publish","type":"page","link":"https:\/\/www.educa.itakaescolapios.org\/pt\/campanas\/2020-2021-reiniciando-para-transformar\/recordando-la-campana-compartiendo-mucha-vida","title":{"rendered":"LEMBRANDO A CAMPANHA &#8220;COMPARTILHANDO MUITA VIDA&#8221;"},"content":{"rendered":"<p>A campanha 2019-2020 nos convidava a continuar a emocionante jornada do s\u00ednodo juvenil, vivida naquele mesmo ano, nas Escolas Pias e em Itaka-Escol\u00e1pios.\u00a0 Quer\u00edamos enfatizar a import\u00e2ncia e a urg\u00eancia da miss\u00e3o escol\u00e1pia para com os mais jovens, especialmente, com aqueles que se encontram em uma situa\u00e7\u00e3o de maior vulnerabilidade.<\/p>\n<p>Conseguimos iniciar a campanha em novembro de 2019, mas ela foi interrompida em meados de mar\u00e7o na Espanha e, posteriormente, no resto dos pa\u00edses da rede.<\/p>\n<p>O desenvolvimento anormal das atividades em nossos centros educacionais impediu que muitos deles aderissem \u00e0 campanha, podendo <strong>participar ativamente apenas vinte centros<\/strong>. Sem d\u00favida, o esfor\u00e7o realizado por muitos deles, inovando e propondo novas atividades em tempos de confinamento, multiplica o valor dos <strong>67.708,45 euros enviados para os centros s\u00f3cio-educativos da rede, na Am\u00e9rica.<\/strong><\/p>\n<p><a href=\"https:\/\/www.educa.itakaescolapios.org\/wp-content\/uploads\/2020\/11\/CARTEL-GRACIAS-2020-1-scaled.jpg\" target=\"_blank\" rel=\"noopener noreferrer\"><img decoding=\"async\" loading=\"lazy\" class=\"wp-image-2633 aligncenter\" src=\"https:\/\/www.educa.itakaescolapios.org\/wp-content\/uploads\/2020\/11\/CARTEL-GRACIAS-2020-1-300x212.jpg\" alt=\"\" width=\"800\" height=\"566\" srcset=\"https:\/\/www.educa.itakaescolapios.org\/wp-content\/uploads\/2020\/11\/CARTEL-GRACIAS-2020-1-300x212.jpg 300w, https:\/\/www.educa.itakaescolapios.org\/wp-content\/uploads\/2020\/11\/CARTEL-GRACIAS-2020-1-1024x724.jpg 1024w, https:\/\/www.educa.itakaescolapios.org\/wp-content\/uploads\/2020\/11\/CARTEL-GRACIAS-2020-1-768x543.jpg 768w, https:\/\/www.educa.itakaescolapios.org\/wp-content\/uploads\/2020\/11\/CARTEL-GRACIAS-2020-1-1536x1086.jpg 1536w, https:\/\/www.educa.itakaescolapios.org\/wp-content\/uploads\/2020\/11\/CARTEL-GRACIAS-2020-1-2048x1448.jpg 2048w, https:\/\/www.educa.itakaescolapios.org\/wp-content\/uploads\/2020\/11\/CARTEL-GRACIAS-2020-1-250x177.jpg 250w\" sizes=\"(max-width: 800px) 100vw, 800px\" \/><\/a><\/p>","protected":false},"excerpt":{"rendered":"<p>A campanha 2019-2020 nos convidava a continuar a emocionante jornada do s\u00ednodo juvenil, vivida naquele mesmo ano, nas Escolas Pias e em Itaka-Escol\u00e1pios.\u00a0 Quer\u00edamos enfatizar a [&hellip;]<\/p>\n","protected":false},"author":5,"featured_media":2633,"parent":2618,"menu_order":1,"comment_status":"closed","ping_status":"closed","template":"","meta":[],"acf":[],"_links":{"self":[{"href":"https:\/\/www.educa.itakaescolapios.org\/pt\/wp-json\/wp\/v2\/pages\/2621"}],"collection":[{"href":"https:\/\/www.educa.itakaescolapios.org\/pt\/wp-json\/wp\/v2\/pages"}],"about":[{"href":"https:\/\/www.educa.itakaescolapios.org\/pt\/wp-json\/wp\/v2\/types\/page"}],"author":[{"embeddable":true,"href":"https:\/\/www.educa.itakaescolapios.org\/pt\/wp-json\/wp\/v2\/users\/5"}],"replies":[{"embeddable":true,"href":"https:\/\/www.educa.itakaescolapios.org\/pt\/wp-json\/wp\/v2\/comments?post=2621"}],"version-history":[{"count":20,"href":"https:\/\/www.educa.itakaescolapios.org\/pt\/wp-json\/wp\/v2\/pages\/2621\/revisions"}],"predecessor-version":[{"id":2634,"href":"https:\/\/www.educa.itakaescolapios.org\/pt\/wp-json\/wp\/v2\/pages\/2621\/revisions\/2634"}],"up":[{"embeddable":true,"href":"https:\/\/www.educa.itakaescolapios.org\/pt\/wp-json\/wp\/v2\/pages\/2618"}],"wp:featuredmedia":[{"embeddable":true,"href":"https:\/\/www.educa.itakaescolapios.org\/pt\/wp-json\/wp\/v2\/media\/2633"}],"wp:attachment":[{"href":"https:\/\/www.educa.itakaescolapios.org\/pt\/wp-json\/wp\/v2\/media?parent=2621"}],"curies":[{"name":"wp","href":"https:\/\/api.w.org\/{rel}","templated":true}]}}

<p>A campanha 2019-2020 nos convidava a continuar a emocionante jornada do sínodo juvenil, vivida naquele mesmo ano, nas Escolas Pias e em Itaka-Escolápios.  Queríamos enfatizar a importância e a urgência da missão escolápia para com os mais jovens, especialmente, com aqueles que se encontram em uma situação de maior vulnerabilidade.</p>
<p>Conseguimos iniciar a campanha em novembro de 2019, mas ela foi interrompida em meados de março na Espanha e, posteriormente, no resto dos países da rede.</p>
<p>O desenvolvimento anormal das atividades em nossos centros educacionais impediu que muitos deles aderissem à campanha, podendo <strong>participar ativamente apenas vinte centros</strong>. Sem dúvida, o esforço realizado por muitos deles, inovando e propondo novas atividades em tempos de confinamento, multiplica o valor dos <strong>67.708,45 euros enviados para os centros sócio-educativos da rede, na América.</strong></p>
<p><a href="https://www.educa.itakaescolapios.org/wp-content/uploads/2020/11/CARTEL-GRACIAS-2020-1-scaled.jpg" target="_blank" rel="noopener noreferrer"><img decoding="async" loading="lazy" class="wp-image-2633 aligncenter" src="https://www.educa.itakaescolapios.org/wp-content/uploads/2020/11/CARTEL-GRACIAS-2020-1-300x212.jpg" alt="" width="800" height="566" srcset="https://www.educa.itakaescolapios.org/wp-content/uploads/2020/11/CARTEL-GRACIAS-2020-1-300x212.jpg 300w, https://www.educa.itakaescolapios.org/wp-content/uploads/2020/11/CARTEL-GRACIAS-2020-1-1024x724.jpg 1024w, https://www.educa.itakaescolapios.org/wp-content/uploads/2020/11/CARTEL-GRACIAS-2020-1-768x543.jpg 768w, https://www.educa.itakaescolapios.org/wp-content/uploads/2020/11/CARTEL-GRACIAS-2020-1-1536x1086.jpg 1536w, https://www.educa.itakaescolapios.org/wp-content/uploads/2020/11/CARTEL-GRACIAS-2020-1-2048x1448.jpg 2048w, https://www.educa.itakaescolapios.org/wp-content/uploads/2020/11/CARTEL-GRACIAS-2020-1-250x177.jpg 250w" sizes="(max-width: 800px) 100vw, 800px" /></a></p>

<p>A campanha 2019-2020 nos convidava a continuar a emocionante jornada do sínodo juvenil, vivida naquele mesmo ano, nas Escolas Pias e em Itaka-Escolápios.  Queríamos enfatizar a [&hellip;]</p>
