{"id":2664,"date":"2020-11-04T16:24:09","date_gmt":"2020-11-04T15:24:09","guid":{"rendered":"https:\/\/www.educa.itakaescolapios.org\/?page_id=2664"},"modified":"2021-05-24T17:42:22","modified_gmt":"2021-05-24T15:42:22","slug":"presentacion-orden-fraternidad-mc","status":"publish","type":"page","link":"https:\/\/www.educa.itakaescolapios.org\/pt\/campanas\/2020-2021-reiniciando-para-transformar\/siente\/presentacion-orden-fraternidad-mc","title":{"rendered":"Apresenta\u00e7\u00e3o. Order-Fraternity-Movement Calasanz"},"content":{"rendered":"<p><strong>O impacto negativo<\/strong>, da pandemia de Covid-19, sobre as obras e as pessoas que formam a Escola Piedosa, infelizmente, <strong>est\u00e1 sendo muito importante.<\/strong><\/p>\n<p>Dada esta situa\u00e7\u00e3o&#8230;<\/p>\n<p style=\"text-align: center;\"><iframe loading=\"lazy\" src=\"https:\/\/www.youtube.com\/embed\/ug8hMG_Z-HM\" width=\"840\" height=\"472\" frameborder=\"0\" allowfullscreen=\"allowfullscreen\"><\/iframe><br \/>\nPadre Geral: Padre Aguado<\/p>\n<p style=\"text-align: center;\"><iframe loading=\"lazy\" src=\"https:\/\/www.youtube.com\/embed\/R_D1p1ma0hg?list=PLIrgul2lUSBxVxIXdF7wmsO1VZZpM2N39\" width=\"267\" height=\"354\" frameborder=\"0\" allowfullscreen=\"allowfullscreen\"><\/iframe> <iframe loading=\"lazy\" src=\"https:\/\/www.youtube.com\/embed\/vGVmXE6ah0w?list=PLIrgul2lUSBxVxIXdF7wmsO1VZZpM2N39\" width=\"440\" height=\"354\" frameborder=\"0\" allowfullscreen=\"allowfullscreen\"><span data-mce-type=\"bookmark\" style=\"display: inline-block; width: 0px; overflow: hidden; line-height: 0;\" class=\"mce_SELRES_start\">\ufeff<\/span><\/iframe><\/p>\n<p style=\"text-align: center;\"><span style=\"font-weight: 400;\">O assistente para a \u00c1frica: Pe. Pierre Diatta. <\/span>O Assistente para a Am\u00e9rica: Pe. Francisco Anaya<\/p>\n<p style=\"text-align: center;\">O assistente para a \u00c1sia:<br \/>\nO assistente para a Europa:<br \/>\nA Fraternidade Geral das Escolas Pias:<br \/>\nO Movimento Calasanz:<\/p>\n<p><strong>Eles pedem nossa colabora\u00e7\u00e3o<\/strong> na campanha de solidariedade Piarista 20-21 &#8220;<strong>Re<\/strong>iniciar para transformar&#8221;, com o objetivo de aliviar os danos sofridos e de continuar dando uma resposta \u00e0s necessidades sociais da Escola Piedosa e de Itaka-Escolapios.<\/p>","protected":false},"excerpt":{"rendered":"<p>Desculpe, este conte\u00fado s\u00f3 est\u00e1 dispon\u00edvel em Espanhol Europeu.El impacto negativo, de la pandemia Covid-19, en las obras y personas que formamos la Escuela P\u00eda, desgraciadamente, [&hellip;]<\/p>\n","protected":false},"author":5,"featured_media":0,"parent":2658,"menu_order":1,"comment_status":"closed","ping_status":"closed","template":"","meta":[],"acf":[],"_links":{"self":[{"href":"https:\/\/www.educa.itakaescolapios.org\/pt\/wp-json\/wp\/v2\/pages\/2664"}],"collection":[{"href":"https:\/\/www.educa.itakaescolapios.org\/pt\/wp-json\/wp\/v2\/pages"}],"about":[{"href":"https:\/\/www.educa.itakaescolapios.org\/pt\/wp-json\/wp\/v2\/types\/page"}],"author":[{"embeddable":true,"href":"https:\/\/www.educa.itakaescolapios.org\/pt\/wp-json\/wp\/v2\/users\/5"}],"replies":[{"embeddable":true,"href":"https:\/\/www.educa.itakaescolapios.org\/pt\/wp-json\/wp\/v2\/comments?post=2664"}],"version-history":[{"count":54,"href":"https:\/\/www.educa.itakaescolapios.org\/pt\/wp-json\/wp\/v2\/pages\/2664\/revisions"}],"predecessor-version":[{"id":4744,"href":"https:\/\/www.educa.itakaescolapios.org\/pt\/wp-json\/wp\/v2\/pages\/2664\/revisions\/4744"}],"up":[{"embeddable":true,"href":"https:\/\/www.educa.itakaescolapios.org\/pt\/wp-json\/wp\/v2\/pages\/2658"}],"wp:attachment":[{"href":"https:\/\/www.educa.itakaescolapios.org\/pt\/wp-json\/wp\/v2\/media?parent=2664"}],"curies":[{"name":"wp","href":"https:\/\/api.w.org\/{rel}","templated":true}]}}

Apresentação. Order-Fraternity-Movement Calasanz

<p><strong>O impacto negativo</strong>, da pandemia de Covid-19, sobre as obras e as pessoas que formam a Escola Piedosa, infelizmente, <strong>está sendo muito importante.</strong></p>
<p>Dada esta situação&#8230;</p>
<p style="text-align: center;"><iframe loading="lazy" src="https://www.youtube.com/embed/ug8hMG_Z-HM" width="840" height="472" frameborder="0" allowfullscreen="allowfullscreen"></iframe><br />
Padre Geral: Padre Aguado</p>
<p style="text-align: center;"><iframe loading="lazy" src="https://www.youtube.com/embed/R_D1p1ma0hg?list=PLIrgul2lUSBxVxIXdF7wmsO1VZZpM2N39" width="267" height="354" frameborder="0" allowfullscreen="allowfullscreen"></iframe> <iframe loading="lazy" src="https://www.youtube.com/embed/vGVmXE6ah0w?list=PLIrgul2lUSBxVxIXdF7wmsO1VZZpM2N39" width="440" height="354" frameborder="0" allowfullscreen="allowfullscreen"><span data-mce-type="bookmark" style="display: inline-block; width: 0px; overflow: hidden; line-height: 0;" class="mce_SELRES_start">﻿</span></iframe></p>
<p style="text-align: center;"><span style="font-weight: 400;">O assistente para a África: Pe. Pierre Diatta. </span>O Assistente para a América: Pe. Francisco Anaya</p>
<p style="text-align: center;">O assistente para a Ásia:<br />
O assistente para a Europa:<br />
A Fraternidade Geral das Escolas Pias:<br />
O Movimento Calasanz:</p>
<p><strong>Eles pedem nossa colaboração</strong> na campanha de solidariedade Piarista 20-21 &#8220;<strong>Re</strong>iniciar para transformar&#8221;, com o objetivo de aliviar os danos sofridos e de continuar dando uma resposta às necessidades sociais da Escola Piedosa e de Itaka-Escolapios.</p>

<p>Desculpe, este conteúdo só está disponível em Espanhol Europeu.El impacto negativo, de la pandemia Covid-19, en las obras y personas que formamos la Escuela Pía, desgraciadamente, [&hellip;]</p>
