{"id":2673,"date":"2020-11-04T16:42:29","date_gmt":"2020-11-04T15:42:29","guid":{"rendered":"https:\/\/www.educa.itakaescolapios.org\/?page_id=2673"},"modified":"2021-05-24T17:45:29","modified_gmt":"2021-05-24T15:45:29","slug":"presentacion-coordinador-general-itaka-escolapios","status":"publish","type":"page","link":"https:\/\/www.educa.itakaescolapios.org\/pt\/campanas\/2020-2021-reiniciando-para-transformar\/siente\/presentacion-coordinador-general-itaka-escolapios","title":{"rendered":"Apresenta\u00e7\u00e3o Coordenadora Geral Itaka-Escolapios"},"content":{"rendered":"<p><\/p>\n<p style=\"text-align: center;\"><iframe loading=\"lazy\" src=\"\/\/www.youtube.com\/embed\/ahMaUyqcfK0\" width=\"640\" height=\"400\" frameborder=\"0\" allowfullscreen=\"allowfullscreen\"><\/iframe><\/p>\n<p>Algumas palavras para apresentar, em nome do Comiss\u00e3o Executiva, a nova campanha de solidariedade 20-21 da rede Itaka-Escol\u00e1pios, que temos intitulado &#8220;<strong>(RE)INICIAR PARA TRANSFORMAR<\/strong>&#8220;.<\/p>\n<p>Esta campanha vem, como bem sabemos, em um <strong>contexto muito especial, extraordin\u00e1rio para a Itaka-Escol\u00e1pios no mundo inteiro<\/strong>: a situa\u00e7\u00e3o da pandemia e da crise global resultante da pandemia. Suas consequ\u00eancias est\u00e3o afetando &#8211; h\u00e1 meses e continuar\u00e3o afetando &#8211; os projetos da Itaka-Escol\u00e1pios em todo o mundo.<\/p>\n<p>Existem os <strong>efeitos \u00e0 sa\u00fade<\/strong>, que s\u00e3o os imediatos e variam em sua gravidade dependendo dos lugares (embora muito preocupantes em alguns pa\u00edses, devido \u00e0 incid\u00eancia desta doen\u00e7a junto com outras e devido \u00e0 precariedade dos meios para enfrent\u00e1-la).<\/p>\n<p>E depois h\u00e1, \u00e9 claro, <strong>os efeitos econ\u00f4micos, sociais e educacionais<\/strong>, que est\u00e3o sendo severos, at\u00e9 mesmo devastadores para a popula\u00e7\u00e3o mais vulner\u00e1vel, que afetam plenamente nossas escolas e projetos de educa\u00e7\u00e3o n\u00e3o formal nos pa\u00edses mais empobrecidos.<\/p>\n<p>Portanto, <strong>esta \u00e9 uma campanha em resposta a circunst\u00e2ncias muito adversas<\/strong> para a miss\u00e3o das escol\u00e1pia. Nesta ocasi\u00e3o, n\u00e3o se trata de enfocarmos em um determinado pa\u00eds ou em uma determinada \u00e1rea de nossa a\u00e7\u00e3o, mas sim toda a miss\u00e3o escol\u00e1pia est\u00e1 sendo seriamente afetada, com especial preocupa\u00e7\u00e3o, sem d\u00favida, com o trabalho com as pessoas mais vulner\u00e1veis e empobrecidas.<\/p>\n<p>Portanto, por um lado, queremos<strong> estar mais pr\u00f3ximos e saber como<\/strong> as diferentes presen\u00e7as e projetos da Itaka-Escol\u00e1pios no mundo<strong> est\u00e3o vivendo essa situa\u00e7\u00e3o.<\/strong> E, por outro lado, \u00e9 claro, <strong>aumentar o apoio solid\u00e1rio para que esses projetos\u00a0 escol\u00e1pios com a popula\u00e7\u00e3o pobre e vulner\u00e1vel possam ser sustentados e continuem se adaptando \u00e0 nova situa\u00e7\u00e3o.<\/strong><\/p>\n<p>Termino com <strong>um chamado especial<\/strong> pedindo que todos participem ativamente e contribuam para esta iniciativa de solidariedade. <strong>N\u00f3s da Itaka-Escol\u00e1pios precisamos, mais do que nunca, fazer desta campanha um sucesso em termos de conscientiza\u00e7\u00e3o e mobiliza\u00e7\u00e3o de recursos.<\/strong> A situa\u00e7\u00e3o que estamos enfrentando \u00e9 complicada, mas estamos convictos de que podemos super\u00e1-la e at\u00e9 mesmo que nossa rede sair\u00e1 mais forte gra\u00e7as ao compromisso e o apoio de tantas pessoas que participam e confiam na Itaka-Escol\u00e1pios, como plataforma de solidariedade e promo\u00e7\u00e3o das Escolas Pias que somos. Esperamos que assim seja. Muito obrigado.<\/p>","protected":false},"excerpt":{"rendered":"<p>Algumas palavras para apresentar, em nome do Comiss\u00e3o Executiva, a nova campanha de solidariedade 20-21 da rede Itaka-Escol\u00e1pios, que temos intitulado &#8220;(RE)INICIAR PARA TRANSFORMAR&#8220;. Esta campanha [&hellip;]<\/p>\n","protected":false},"author":5,"featured_media":0,"parent":2658,"menu_order":2,"comment_status":"closed","ping_status":"closed","template":"","meta":[],"acf":[],"_links":{"self":[{"href":"https:\/\/www.educa.itakaescolapios.org\/pt\/wp-json\/wp\/v2\/pages\/2673"}],"collection":[{"href":"https:\/\/www.educa.itakaescolapios.org\/pt\/wp-json\/wp\/v2\/pages"}],"about":[{"href":"https:\/\/www.educa.itakaescolapios.org\/pt\/wp-json\/wp\/v2\/types\/page"}],"author":[{"embeddable":true,"href":"https:\/\/www.educa.itakaescolapios.org\/pt\/wp-json\/wp\/v2\/users\/5"}],"replies":[{"embeddable":true,"href":"https:\/\/www.educa.itakaescolapios.org\/pt\/wp-json\/wp\/v2\/comments?post=2673"}],"version-history":[{"count":15,"href":"https:\/\/www.educa.itakaescolapios.org\/pt\/wp-json\/wp\/v2\/pages\/2673\/revisions"}],"predecessor-version":[{"id":4745,"href":"https:\/\/www.educa.itakaescolapios.org\/pt\/wp-json\/wp\/v2\/pages\/2673\/revisions\/4745"}],"up":[{"embeddable":true,"href":"https:\/\/www.educa.itakaescolapios.org\/pt\/wp-json\/wp\/v2\/pages\/2658"}],"wp:attachment":[{"href":"https:\/\/www.educa.itakaescolapios.org\/pt\/wp-json\/wp\/v2\/media?parent=2673"}],"curies":[{"name":"wp","href":"https:\/\/api.w.org\/{rel}","templated":true}]}}

Apresentação Coordenadora Geral Itaka-Escolapios

<p></p>
<p style="text-align: center;"><iframe loading="lazy" src="//www.youtube.com/embed/ahMaUyqcfK0" width="640" height="400" frameborder="0" allowfullscreen="allowfullscreen"></iframe></p>
<p>Algumas palavras para apresentar, em nome do Comissão Executiva, a nova campanha de solidariedade 20-21 da rede Itaka-Escolápios, que temos intitulado &#8220;<strong>(RE)INICIAR PARA TRANSFORMAR</strong>&#8220;.</p>
<p>Esta campanha vem, como bem sabemos, em um <strong>contexto muito especial, extraordinário para a Itaka-Escolápios no mundo inteiro</strong>: a situação da pandemia e da crise global resultante da pandemia. Suas consequências estão afetando &#8211; há meses e continuarão afetando &#8211; os projetos da Itaka-Escolápios em todo o mundo.</p>
<p>Existem os <strong>efeitos à saúde</strong>, que são os imediatos e variam em sua gravidade dependendo dos lugares (embora muito preocupantes em alguns países, devido à incidência desta doença junto com outras e devido à precariedade dos meios para enfrentá-la).</p>
<p>E depois há, é claro, <strong>os efeitos econômicos, sociais e educacionais</strong>, que estão sendo severos, até mesmo devastadores para a população mais vulnerável, que afetam plenamente nossas escolas e projetos de educação não formal nos países mais empobrecidos.</p>
<p>Portanto, <strong>esta é uma campanha em resposta a circunstâncias muito adversas</strong> para a missão das escolápia. Nesta ocasião, não se trata de enfocarmos em um determinado país ou em uma determinada área de nossa ação, mas sim toda a missão escolápia está sendo seriamente afetada, com especial preocupação, sem dúvida, com o trabalho com as pessoas mais vulneráveis e empobrecidas.</p>
<p>Portanto, por um lado, queremos<strong> estar mais próximos e saber como</strong> as diferentes presenças e projetos da Itaka-Escolápios no mundo<strong> estão vivendo essa situação.</strong> E, por outro lado, é claro, <strong>aumentar o apoio solidário para que esses projetos  escolápios com a população pobre e vulnerável possam ser sustentados e continuem se adaptando à nova situação.</strong></p>
<p>Termino com <strong>um chamado especial</strong> pedindo que todos participem ativamente e contribuam para esta iniciativa de solidariedade. <strong>Nós da Itaka-Escolápios precisamos, mais do que nunca, fazer desta campanha um sucesso em termos de conscientização e mobilização de recursos.</strong> A situação que estamos enfrentando é complicada, mas estamos convictos de que podemos superá-la e até mesmo que nossa rede sairá mais forte graças ao compromisso e o apoio de tantas pessoas que participam e confiam na Itaka-Escolápios, como plataforma de solidariedade e promoção das Escolas Pias que somos. Esperamos que assim seja. Muito obrigado.</p>

<p>Algumas palavras para apresentar, em nome do Comissão Executiva, a nova campanha de solidariedade 20-21 da rede Itaka-Escolápios, que temos intitulado &#8220;(RE)INICIAR PARA TRANSFORMAR&#8220;. Esta campanha [&hellip;]</p>
