{"id":2725,"date":"2020-11-04T18:23:06","date_gmt":"2020-11-04T17:23:06","guid":{"rendered":"https:\/\/www.educa.itakaescolapios.org\/?page_id=2725"},"modified":"2021-01-08T12:14:52","modified_gmt":"2021-01-08T11:14:52","slug":"familia-transformadora","status":"publish","type":"page","link":"https:\/\/www.educa.itakaescolapios.org\/pt\/campanas\/2020-2021-reiniciando-para-transformar\/siente\/familia-transformadora","title":{"rendered":"Transformando a fam\u00edlia (2 a +18)"},"content":{"rendered":"<p>Queridas fam\u00edlias, n\u00f3s os convidamos a serem uma fam\u00edlia transformadora.<\/p>\n<p>colaborar com a campanha<strong> &#8220;Reiniciar para transformar&#8221;<\/strong>.<\/p>\n<p>A pandemia causada pela Covid-19 atingiu duramente a sa\u00fade, a economia e a sociedade em geral. E atingiu especialmente as pessoas mais vulner\u00e1veis.<\/p>\n<p>Os projetos sociais de Itaka-Escolapios tamb\u00e9m foram afetados pela pandemia: nos obrigou a paralisar a atividade de internatos, centros s\u00f3cio-culturais, a fechar escolas, reduziu a renda econ\u00f4mica e tivemos at\u00e9 que adiar o in\u00edcio de novos projetos sociais&#8230;<\/p>\n<p><strong>N\u00f3s o encorajamos a colaborar:<\/strong><\/p>\n<p>Fazendo <strong>trabalho volunt\u00e1rio<\/strong> em Itaka-Escolapios.<br \/>\nFazendo <strong>contribui\u00e7\u00f5es econ\u00f4micas<\/strong> como uma fam\u00edlia nos <strong>n\u00fameros de conta<\/strong> fornecidos.<br \/>\nFazendo <strong>contribui\u00e7\u00f5es econ\u00f4micas<\/strong> atrav\u00e9s de seus <strong>filhos e filhas<\/strong>.<\/p>\n<p>Precisamos da colabora\u00e7\u00e3o de todos para continuar respondendo \u00e0s necessidades da sociedade.<\/p>\n<p>&nbsp;<\/p>\n<p><strong><a href=\"https:\/\/www.educa.itakaescolapios.org\/wp-content\/uploads\/2021\/01\/6-familia-transformadora-port.pdf\" target=\"_blank\" rel=\"noopener noreferrer\">Arquivo PDF: Transformando a fam\u00edlia<\/a><\/strong><\/p>\n<p><strong><a href=\"https:\/\/www.educa.itakaescolapios.org\/wp-content\/uploads\/2020\/11\/Familia-transformadora.pdf\" target=\"_blank\" rel=\"noopener noreferrer\"><img decoding=\"async\" loading=\"lazy\" class=\"alignleft size-medium wp-image-3014\" src=\"https:\/\/www.educa.itakaescolapios.org\/wp-content\/uploads\/2020\/11\/mano-click-verde-en-el-medio-300x107.jpg\" alt=\"\" width=\"300\" height=\"107\" srcset=\"https:\/\/www.educa.itakaescolapios.org\/wp-content\/uploads\/2020\/11\/mano-click-verde-en-el-medio-300x107.jpg 300w, https:\/\/www.educa.itakaescolapios.org\/wp-content\/uploads\/2020\/11\/mano-click-verde-en-el-medio-1024x366.jpg 1024w, https:\/\/www.educa.itakaescolapios.org\/wp-content\/uploads\/2020\/11\/mano-click-verde-en-el-medio-768x275.jpg 768w, https:\/\/www.educa.itakaescolapios.org\/wp-content\/uploads\/2020\/11\/mano-click-verde-en-el-medio-1536x549.jpg 1536w, https:\/\/www.educa.itakaescolapios.org\/wp-content\/uploads\/2020\/11\/mano-click-verde-en-el-medio-2048x732.jpg 2048w, https:\/\/www.educa.itakaescolapios.org\/wp-content\/uploads\/2020\/11\/mano-click-verde-en-el-medio-250x89.jpg 250w\" sizes=\"(max-width: 300px) 100vw, 300px\" \/><\/a><\/strong><img decoding=\"async\" loading=\"lazy\" class=\"aligncenter wp-image-2707\" src=\"https:\/\/www.educa.itakaescolapios.org\/wp-content\/uploads\/2020\/11\/ELIKIA-ESENGO_COLOR-recorte-1024x992.jpg\" alt=\"\" width=\"850\" height=\"823\" srcset=\"https:\/\/www.educa.itakaescolapios.org\/wp-content\/uploads\/2020\/11\/ELIKIA-ESENGO_COLOR-recorte-1024x992.jpg 1024w, https:\/\/www.educa.itakaescolapios.org\/wp-content\/uploads\/2020\/11\/ELIKIA-ESENGO_COLOR-recorte-300x291.jpg 300w, https:\/\/www.educa.itakaescolapios.org\/wp-content\/uploads\/2020\/11\/ELIKIA-ESENGO_COLOR-recorte-768x744.jpg 768w, https:\/\/www.educa.itakaescolapios.org\/wp-content\/uploads\/2020\/11\/ELIKIA-ESENGO_COLOR-recorte-1536x1487.jpg 1536w, https:\/\/www.educa.itakaescolapios.org\/wp-content\/uploads\/2020\/11\/ELIKIA-ESENGO_COLOR-recorte-2048x1983.jpg 2048w, https:\/\/www.educa.itakaescolapios.org\/wp-content\/uploads\/2020\/11\/ELIKIA-ESENGO_COLOR-recorte-250x242.jpg 250w\" sizes=\"(max-width: 850px) 100vw, 850px\" \/><\/p>","protected":false},"excerpt":{"rendered":"<p>Queridas fam\u00edlias, n\u00f3s os convidamos a serem uma fam\u00edlia transformadora. colaborar com a campanha &#8220;Reiniciar para transformar&#8221;. A pandemia causada pela Covid-19 atingiu duramente a sa\u00fade, [&hellip;]<\/p>\n","protected":false},"author":5,"featured_media":0,"parent":2658,"menu_order":7,"comment_status":"closed","ping_status":"closed","template":"","meta":[],"acf":[],"_links":{"self":[{"href":"https:\/\/www.educa.itakaescolapios.org\/pt\/wp-json\/wp\/v2\/pages\/2725"}],"collection":[{"href":"https:\/\/www.educa.itakaescolapios.org\/pt\/wp-json\/wp\/v2\/pages"}],"about":[{"href":"https:\/\/www.educa.itakaescolapios.org\/pt\/wp-json\/wp\/v2\/types\/page"}],"author":[{"embeddable":true,"href":"https:\/\/www.educa.itakaescolapios.org\/pt\/wp-json\/wp\/v2\/users\/5"}],"replies":[{"embeddable":true,"href":"https:\/\/www.educa.itakaescolapios.org\/pt\/wp-json\/wp\/v2\/comments?post=2725"}],"version-history":[{"count":19,"href":"https:\/\/www.educa.itakaescolapios.org\/pt\/wp-json\/wp\/v2\/pages\/2725\/revisions"}],"predecessor-version":[{"id":4315,"href":"https:\/\/www.educa.itakaescolapios.org\/pt\/wp-json\/wp\/v2\/pages\/2725\/revisions\/4315"}],"up":[{"embeddable":true,"href":"https:\/\/www.educa.itakaescolapios.org\/pt\/wp-json\/wp\/v2\/pages\/2658"}],"wp:attachment":[{"href":"https:\/\/www.educa.itakaescolapios.org\/pt\/wp-json\/wp\/v2\/media?parent=2725"}],"curies":[{"name":"wp","href":"https:\/\/api.w.org\/{rel}","templated":true}]}}

Transformando a família (2 a +18)

<p>Queridas famílias, nós os convidamos a serem uma família transformadora.</p>
<p>colaborar com a campanha<strong> &#8220;Reiniciar para transformar&#8221;</strong>.</p>
<p>A pandemia causada pela Covid-19 atingiu duramente a saúde, a economia e a sociedade em geral. E atingiu especialmente as pessoas mais vulneráveis.</p>
<p>Os projetos sociais de Itaka-Escolapios também foram afetados pela pandemia: nos obrigou a paralisar a atividade de internatos, centros sócio-culturais, a fechar escolas, reduziu a renda econômica e tivemos até que adiar o início de novos projetos sociais&#8230;</p>
<p><strong>Nós o encorajamos a colaborar:</strong></p>
<p>Fazendo <strong>trabalho voluntário</strong> em Itaka-Escolapios.<br />
Fazendo <strong>contribuições econômicas</strong> como uma família nos <strong>números de conta</strong> fornecidos.<br />
Fazendo <strong>contribuições econômicas</strong> através de seus <strong>filhos e filhas</strong>.</p>
<p>Precisamos da colaboração de todos para continuar respondendo às necessidades da sociedade.</p>
<p>&nbsp;</p>
<p><strong><a href="https://www.educa.itakaescolapios.org/wp-content/uploads/2021/01/6-familia-transformadora-port.pdf" target="_blank" rel="noopener noreferrer">Arquivo PDF: Transformando a família</a></strong></p>
<p><strong><a href="https://www.educa.itakaescolapios.org/wp-content/uploads/2020/11/Familia-transformadora.pdf" target="_blank" rel="noopener noreferrer"><img decoding="async" loading="lazy" class="alignleft size-medium wp-image-3014" src="https://www.educa.itakaescolapios.org/wp-content/uploads/2020/11/mano-click-verde-en-el-medio-300x107.jpg" alt="" width="300" height="107" srcset="https://www.educa.itakaescolapios.org/wp-content/uploads/2020/11/mano-click-verde-en-el-medio-300x107.jpg 300w, https://www.educa.itakaescolapios.org/wp-content/uploads/2020/11/mano-click-verde-en-el-medio-1024x366.jpg 1024w, https://www.educa.itakaescolapios.org/wp-content/uploads/2020/11/mano-click-verde-en-el-medio-768x275.jpg 768w, https://www.educa.itakaescolapios.org/wp-content/uploads/2020/11/mano-click-verde-en-el-medio-1536x549.jpg 1536w, https://www.educa.itakaescolapios.org/wp-content/uploads/2020/11/mano-click-verde-en-el-medio-2048x732.jpg 2048w, https://www.educa.itakaescolapios.org/wp-content/uploads/2020/11/mano-click-verde-en-el-medio-250x89.jpg 250w" sizes="(max-width: 300px) 100vw, 300px" /></a></strong><img decoding="async" loading="lazy" class="aligncenter wp-image-2707" src="https://www.educa.itakaescolapios.org/wp-content/uploads/2020/11/ELIKIA-ESENGO_COLOR-recorte-1024x992.jpg" alt="" width="850" height="823" srcset="https://www.educa.itakaescolapios.org/wp-content/uploads/2020/11/ELIKIA-ESENGO_COLOR-recorte-1024x992.jpg 1024w, https://www.educa.itakaescolapios.org/wp-content/uploads/2020/11/ELIKIA-ESENGO_COLOR-recorte-300x291.jpg 300w, https://www.educa.itakaescolapios.org/wp-content/uploads/2020/11/ELIKIA-ESENGO_COLOR-recorte-768x744.jpg 768w, https://www.educa.itakaescolapios.org/wp-content/uploads/2020/11/ELIKIA-ESENGO_COLOR-recorte-1536x1487.jpg 1536w, https://www.educa.itakaescolapios.org/wp-content/uploads/2020/11/ELIKIA-ESENGO_COLOR-recorte-2048x1983.jpg 2048w, https://www.educa.itakaescolapios.org/wp-content/uploads/2020/11/ELIKIA-ESENGO_COLOR-recorte-250x242.jpg 250w" sizes="(max-width: 850px) 100vw, 850px" /></p>

<p>Queridas famílias, nós os convidamos a serem uma família transformadora. colaborar com a campanha &#8220;Reiniciar para transformar&#8221;. A pandemia causada pela Covid-19 atingiu duramente a saúde, [&hellip;]</p>
