{"id":4957,"date":"2021-10-26T12:38:35","date_gmt":"2021-10-26T10:38:35","guid":{"rendered":"https:\/\/www.educa.itakaescolapios.org\/?page_id=4957"},"modified":"2021-12-09T09:26:09","modified_gmt":"2021-12-09T08:26:09","slug":"recordando-la-campana-reiniciando-para-transformar","status":"publish","type":"page","link":"https:\/\/www.educa.itakaescolapios.org\/pt\/campanas\/2021-2022-centros-que-cambian-cambia-tu-centro\/recordando-la-campana-reiniciando-para-transformar","title":{"rendered":"Lembrando a campanha &#8220;Reiniciar para Transformar&#8221;."},"content":{"rendered":"<p><\/p>\n<p style=\"text-align: justify;\"><span style=\"font-family: arial, helvetica, sans-serif;\">A Campanha de Solidariedade Escol\u00e1pia 20-21 foi realizada em um contexto de pandemia global causada pela Covid-19.<\/span><\/p>\n<p style=\"text-align: justify;\"><span style=\"font-family: arial, helvetica, sans-serif;\">A pandemia causou muita vulnerabilidade, n\u00e3o s\u00f3 \u00e0s pessoas, mas tamb\u00e9m \u00e0s institui\u00e7\u00f5es. Tamb\u00e9m, nos projetos espec\u00edficos que n\u00f3s, como escol\u00e1pios, atrav\u00e9s da Itaka-Escol\u00e1pios, estamos sustentando.<\/span><\/p>\n<p style=\"text-align: justify;\"><span style=\"font-family: arial, helvetica, sans-serif;\">Portanto, todas as receitas arrecadadas foram destinadas a cobrir as despesas ordin\u00e1rias da Miss\u00e3o escol\u00e1pia.<\/span><\/p>\n<p style=\"text-align: justify;\"><span style=\"font-family: arial, helvetica, sans-serif;\">Com o slogan \u201c<strong>Reiniciando para transformar<\/strong>\u201d quer\u00edamos destacar que, embora a Itaka-Escol\u00e1pios nunca tenha parado, pois continuamos tentando responder \u00e0s necessidades sociais com novas iniciativas, talvez mais criativas, quer\u00edamos reativar nossa solidariedade para continuar nos transformando e transformando.<\/span><\/p>\n<p style=\"text-align: justify;\"><img decoding=\"async\" loading=\"lazy\" src=\"https:\/\/www.educa.itakaescolapios.org\/wp-content\/uploads\/2021\/12\/CARTEL-GRACIAS-2021-port-scaled.jpg\" alt=\"\" width=\"99%\" height=\"99%\" \/><\/p>\n<p><img decoding=\"async\" src=\"https:\/\/www.educa.itakaescolapios.org\/wp-content\/uploads\/2021\/11\/CARTEL-GRACIAS-2021-WEB.pdf\" alt=\"\" \/><\/p>","protected":false},"excerpt":{"rendered":"<p>A Campanha de Solidariedade Escol\u00e1pia 20-21 foi realizada em um contexto de pandemia global causada pela Covid-19. A pandemia causou muita vulnerabilidade, n\u00e3o s\u00f3 \u00e0s pessoas, [&hellip;]<\/p>\n","protected":false},"author":5,"featured_media":0,"parent":4946,"menu_order":1,"comment_status":"closed","ping_status":"closed","template":"","meta":[],"acf":[],"_links":{"self":[{"href":"https:\/\/www.educa.itakaescolapios.org\/pt\/wp-json\/wp\/v2\/pages\/4957"}],"collection":[{"href":"https:\/\/www.educa.itakaescolapios.org\/pt\/wp-json\/wp\/v2\/pages"}],"about":[{"href":"https:\/\/www.educa.itakaescolapios.org\/pt\/wp-json\/wp\/v2\/types\/page"}],"author":[{"embeddable":true,"href":"https:\/\/www.educa.itakaescolapios.org\/pt\/wp-json\/wp\/v2\/users\/5"}],"replies":[{"embeddable":true,"href":"https:\/\/www.educa.itakaescolapios.org\/pt\/wp-json\/wp\/v2\/comments?post=4957"}],"version-history":[{"count":23,"href":"https:\/\/www.educa.itakaescolapios.org\/pt\/wp-json\/wp\/v2\/pages\/4957\/revisions"}],"predecessor-version":[{"id":5723,"href":"https:\/\/www.educa.itakaescolapios.org\/pt\/wp-json\/wp\/v2\/pages\/4957\/revisions\/5723"}],"up":[{"embeddable":true,"href":"https:\/\/www.educa.itakaescolapios.org\/pt\/wp-json\/wp\/v2\/pages\/4946"}],"wp:attachment":[{"href":"https:\/\/www.educa.itakaescolapios.org\/pt\/wp-json\/wp\/v2\/media?parent=4957"}],"curies":[{"name":"wp","href":"https:\/\/api.w.org\/{rel}","templated":true}]}}

<p></p>
<p style="text-align: justify;"><span style="font-family: arial, helvetica, sans-serif;">A Campanha de Solidariedade Escolápia 20-21 foi realizada em um contexto de pandemia global causada pela Covid-19.</span></p>
<p style="text-align: justify;"><span style="font-family: arial, helvetica, sans-serif;">A pandemia causou muita vulnerabilidade, não só às pessoas, mas também às instituições. Também, nos projetos específicos que nós, como escolápios, através da Itaka-Escolápios, estamos sustentando.</span></p>
<p style="text-align: justify;"><span style="font-family: arial, helvetica, sans-serif;">Portanto, todas as receitas arrecadadas foram destinadas a cobrir as despesas ordinárias da Missão escolápia.</span></p>
<p style="text-align: justify;"><span style="font-family: arial, helvetica, sans-serif;">Com o slogan “<strong>Reiniciando para transformar</strong>” queríamos destacar que, embora a Itaka-Escolápios nunca tenha parado, pois continuamos tentando responder às necessidades sociais com novas iniciativas, talvez mais criativas, queríamos reativar nossa solidariedade para continuar nos transformando e transformando.</span></p>
<p style="text-align: justify;"><img decoding="async" loading="lazy" src="https://www.educa.itakaescolapios.org/wp-content/uploads/2021/12/CARTEL-GRACIAS-2021-port-scaled.jpg" alt="" width="99%" height="99%" /></p>
<p><img decoding="async" src="https://www.educa.itakaescolapios.org/wp-content/uploads/2021/11/CARTEL-GRACIAS-2021-WEB.pdf" alt="" /></p>

<p>A Campanha de Solidariedade Escolápia 20-21 foi realizada em um contexto de pandemia global causada pela Covid-19. A pandemia causou muita vulnerabilidade, não só às pessoas, [&hellip;]</p>
