{"id":5043,"date":"2021-10-26T12:44:05","date_gmt":"2021-10-26T10:44:05","guid":{"rendered":"https:\/\/www.educa.itakaescolapios.org\/?page_id=5043"},"modified":"2021-12-10T19:36:48","modified_gmt":"2021-12-10T18:36:48","slug":"mision-coeducacion","status":"publish","type":"page","link":"https:\/\/www.educa.itakaescolapios.org\/pt\/campanas\/2021-2022-centros-que-cambian-cambia-tu-centro\/actividades\/mision-coeducacion","title":{"rendered":"Miss\u00e3o Coeduca\u00e7\u00e3o"},"content":{"rendered":"<p><\/p>\n<p style=\"text-align: justify;\"><img decoding=\"async\" loading=\"lazy\" class=\"alignright\" style=\"margin: 5px;\" src=\"https:\/\/www.educa.itakaescolapios.org\/wp-content\/uploads\/2021\/10\/Misi\u00f3n-COEDUCACION.png\" alt=\"\" width=\"60%\" height=\"60%\" \/><\/p>\n<p style=\"text-align: justify;\"><span style=\"font-family: arial, helvetica, sans-serif;\">Os centros escol\u00e1pios s\u00e3o chamados a serem centros defensores da igualdade, com seus participantes, em seu ambiente e em todo o mundo.<\/span><\/p>\n<p style=\"text-align: justify;\"><span style=\"font-family: arial, helvetica, sans-serif;\">Como em Kikonka, Rep\u00fablica Democr\u00e1tica do Congo, onde uma creche facilita a concilia\u00e7\u00e3o da vida familiar e d\u00e1 acesso \u00e0s mulheres \u00e0 forma\u00e7\u00e3o agr\u00edcola, melhorando sua renda e capacitando-as.<\/span><\/p>\n<p style=\"text-align: justify;\"><span style=\"font-family: arial, helvetica, sans-serif;\">Elikia, Esengo e Marine nos convidam para a Miss\u00e3o Coeduca\u00e7\u00e3o. Participe e obtenha o diploma da coeduca\u00e7\u00e3o. Porque vivemos em um mundo desigual que sistematicamente discrimina o acesso das mulheres \u00e0 educa\u00e7\u00e3o e \u00e0 renda. O <a href=\"https:\/\/www.un.org\/sustainabledevelopment\/es\/gender-equality\/\">objetivo 5 dos Objetivos de Desenvolvimento Sustent\u00e1vel<\/a> da ONU para 2030 declara &#8220;Alcan\u00e7ar a igualdade de g\u00eanero e empoderar a todas as mulheres e meninas&#8221;. Participe da Miss\u00e3o Coeduca\u00e7\u00e3o para que todos n\u00f3s que formamos a comunidade educacional reflitamos sobre a situa\u00e7\u00e3o das meninas e mulheres em nosso entorno e que haja um compromisso de defender a igualdade, com o qual todos n\u00f3s ganhamos.\u00a0 Porque, nas palavras das Na\u00e7\u00f5es Unidas, &#8220;a igualdade de g\u00eanero n\u00e3o s\u00f3 \u00e9 um direito humano fundamental, mas uma das bases essenciais para a constru\u00e7\u00e3o de um mundo pac\u00edfico, pr\u00f3spero e sustent\u00e1vel&#8221;.<\/span><\/p>\n<p style=\"text-align: justify;\"><span style=\"font-family: arial, helvetica, sans-serif;\">H\u00e1 in\u00fameras atividades para realizar a miss\u00e3o coeduca\u00e7\u00e3o e uma carta de felicita\u00e7\u00f5es da Dorotea para quando conquistar o objetivo. (<a href=\"https:\/\/www.educa.itakaescolapios.org\/wp-content\/uploads\/2021\/11\/PT.Carta-Dorotea-fin-coeducaci%C3%B3n.pdf\" target=\"_blank\" rel=\"noopener noreferrer\">Carta final da miss\u00e3o<\/a>)<\/span><\/p>\n<p style=\"padding-left: 120px;\"><a href=\"https:\/\/www.educa.itakaescolapios.org\/coeducacion\/gana-la-igualdad\" target=\"_blank\" rel=\"noopener noreferrer\"><span style=\"font-family: arial, helvetica, sans-serif;\">Igualdade vence (de 3 a 18 anos)<\/span><\/a><\/p>\n<p style=\"padding-left: 120px;\"><span style=\"font-family: arial, helvetica, sans-serif;\"><a href=\"https:\/\/www.educa.itakaescolapios.org\/coeducacion\/erase-una-vez\" target=\"_blank\" rel=\"noopener noreferrer\">Era uma vez (releitura de hist\u00f3rias tradicionais)(de 8 a 14 anos)<\/a><\/span><\/p>\n<p style=\"padding-left: 120px;\"><span style=\"font-family: arial, helvetica, sans-serif;\"><a href=\"https:\/\/www.educa.itakaescolapios.org\/coeducacion\/la-princesa-que-no-queria-ser-salvada\" target=\"_blank\" rel=\"noopener noreferrer\">A princesa que n\u00e3o queria ser salva (de 6 a 8 anos)<\/a><\/span><\/p>\n<p style=\"padding-left: 120px;\"><span style=\"font-family: arial, helvetica, sans-serif;\"><a href=\"https:\/\/www.educa.itakaescolapios.org\/coeducacion\/que-igualdad-queremos\" target=\"_blank\" rel=\"noopener noreferrer\">Purl. Que igualdade queremos? (a partir de 16 anos de idade)<\/a><\/span><\/p>\n<p style=\"padding-left: 120px;\"><span style=\"font-family: arial, helvetica, sans-serif;\"><a href=\"https:\/\/www.educa.itakaescolapios.org\/coeducacion\/hay-canciones-y-canciones\" target=\"_blank\" rel=\"noopener noreferrer\">H\u00e1 can\u00e7\u00f5es\u2026 e can\u00e7\u00f5es (de 6 a 16 anos)<\/a><\/span><\/p>\n<p style=\"padding-left: 120px;\"><span style=\"font-family: arial, helvetica, sans-serif;\"><a href=\"https:\/\/www.educa.itakaescolapios.org\/coeducacion\/como-una-chica\" target=\"_blank\" rel=\"noopener noreferrer\">Como uma menina(a partir de 10 anos de idade)<\/a><\/span><\/p>\n<p style=\"padding-left: 120px;\"><span style=\"font-family: arial, helvetica, sans-serif;\"><a href=\"https:\/\/www.educa.itakaescolapios.org\/coeducacion\/321-metafora-solidaridad\" target=\"_blank\" rel=\"noopener noreferrer\">Debate sobre a igualdade (a partir de 12 anos de idade)<\/a><\/span><\/p>\n<p style=\"padding-left: 120px;\"><span style=\"font-family: arial, helvetica, sans-serif;\"><a href=\"https:\/\/www.educa.itakaescolapios.org\/coeducacion\/que-significa-ser-un-hombre\" target=\"_blank\" rel=\"noopener noreferrer\">O que significa ser um homem? (a partir de 10 anos de idade)<\/a><\/span><\/p>\n<p><img decoding=\"async\" loading=\"lazy\" class=\"alignright size-medium wp-image-2975\" style=\"font-family: arial, helvetica, sans-serif;\" src=\"https:\/\/www.educa.itakaescolapios.org\/wp-content\/uploads\/2020\/11\/mano-click-verde-por-dos-300x156.jpg\" alt=\"\" width=\"20%\" height=\"20%\" srcset=\"https:\/\/www.educa.itakaescolapios.org\/wp-content\/uploads\/2020\/11\/mano-click-verde-por-dos-300x156.jpg 300w, https:\/\/www.educa.itakaescolapios.org\/wp-content\/uploads\/2020\/11\/mano-click-verde-por-dos-1024x532.jpg 1024w, https:\/\/www.educa.itakaescolapios.org\/wp-content\/uploads\/2020\/11\/mano-click-verde-por-dos-768x399.jpg 768w, https:\/\/www.educa.itakaescolapios.org\/wp-content\/uploads\/2020\/11\/mano-click-verde-por-dos-1536x799.jpg 1536w, https:\/\/www.educa.itakaescolapios.org\/wp-content\/uploads\/2020\/11\/mano-click-verde-por-dos-2048x1065.jpg 2048w, https:\/\/www.educa.itakaescolapios.org\/wp-content\/uploads\/2020\/11\/mano-click-verde-por-dos-250x130.jpg 250w\" sizes=\"(max-width: 300px) 100vw, 300px\" \/><\/p>\n<hr \/>\n<p><\/p>","protected":false},"excerpt":{"rendered":"<p>Os centros escol\u00e1pios s\u00e3o chamados a serem centros defensores da igualdade, com seus participantes, em seu ambiente e em todo o mundo. Como em Kikonka, Rep\u00fablica [&hellip;]<\/p>\n","protected":false},"author":5,"featured_media":0,"parent":5117,"menu_order":5,"comment_status":"closed","ping_status":"closed","template":"","meta":[],"acf":[],"_links":{"self":[{"href":"https:\/\/www.educa.itakaescolapios.org\/pt\/wp-json\/wp\/v2\/pages\/5043"}],"collection":[{"href":"https:\/\/www.educa.itakaescolapios.org\/pt\/wp-json\/wp\/v2\/pages"}],"about":[{"href":"https:\/\/www.educa.itakaescolapios.org\/pt\/wp-json\/wp\/v2\/types\/page"}],"author":[{"embeddable":true,"href":"https:\/\/www.educa.itakaescolapios.org\/pt\/wp-json\/wp\/v2\/users\/5"}],"replies":[{"embeddable":true,"href":"https:\/\/www.educa.itakaescolapios.org\/pt\/wp-json\/wp\/v2\/comments?post=5043"}],"version-history":[{"count":22,"href":"https:\/\/www.educa.itakaescolapios.org\/pt\/wp-json\/wp\/v2\/pages\/5043\/revisions"}],"predecessor-version":[{"id":5833,"href":"https:\/\/www.educa.itakaescolapios.org\/pt\/wp-json\/wp\/v2\/pages\/5043\/revisions\/5833"}],"up":[{"embeddable":true,"href":"https:\/\/www.educa.itakaescolapios.org\/pt\/wp-json\/wp\/v2\/pages\/5117"}],"wp:attachment":[{"href":"https:\/\/www.educa.itakaescolapios.org\/pt\/wp-json\/wp\/v2\/media?parent=5043"}],"curies":[{"name":"wp","href":"https:\/\/api.w.org\/{rel}","templated":true}]}}

Missão Coeducação

<p></p>
<p style="text-align: justify;"><img decoding="async" loading="lazy" class="alignright" style="margin: 5px;" src="https://www.educa.itakaescolapios.org/wp-content/uploads/2021/10/Misión-COEDUCACION.png" alt="" width="60%" height="60%" /></p>
<p style="text-align: justify;"><span style="font-family: arial, helvetica, sans-serif;">Os centros escolápios são chamados a serem centros defensores da igualdade, com seus participantes, em seu ambiente e em todo o mundo.</span></p>
<p style="text-align: justify;"><span style="font-family: arial, helvetica, sans-serif;">Como em Kikonka, República Democrática do Congo, onde uma creche facilita a conciliação da vida familiar e dá acesso às mulheres à formação agrícola, melhorando sua renda e capacitando-as.</span></p>
<p style="text-align: justify;"><span style="font-family: arial, helvetica, sans-serif;">Elikia, Esengo e Marine nos convidam para a Missão Coeducação. Participe e obtenha o diploma da coeducação. Porque vivemos em um mundo desigual que sistematicamente discrimina o acesso das mulheres à educação e à renda. O <a href="https://www.un.org/sustainabledevelopment/es/gender-equality/">objetivo 5 dos Objetivos de Desenvolvimento Sustentável</a> da ONU para 2030 declara &#8220;Alcançar a igualdade de gênero e empoderar a todas as mulheres e meninas&#8221;. Participe da Missão Coeducação para que todos nós que formamos a comunidade educacional reflitamos sobre a situação das meninas e mulheres em nosso entorno e que haja um compromisso de defender a igualdade, com o qual todos nós ganhamos.  Porque, nas palavras das Nações Unidas, &#8220;a igualdade de gênero não só é um direito humano fundamental, mas uma das bases essenciais para a construção de um mundo pacífico, próspero e sustentável&#8221;.</span></p>
<p style="text-align: justify;"><span style="font-family: arial, helvetica, sans-serif;">Há inúmeras atividades para realizar a missão coeducação e uma carta de felicitações da Dorotea para quando conquistar o objetivo. (<a href="https://www.educa.itakaescolapios.org/wp-content/uploads/2021/11/PT.Carta-Dorotea-fin-coeducaci%C3%B3n.pdf" target="_blank" rel="noopener noreferrer">Carta final da missão</a>)</span></p>
<p style="padding-left: 120px;"><a href="https://www.educa.itakaescolapios.org/coeducacion/gana-la-igualdad" target="_blank" rel="noopener noreferrer"><span style="font-family: arial, helvetica, sans-serif;">Igualdade vence (de 3 a 18 anos)</span></a></p>
<p style="padding-left: 120px;"><span style="font-family: arial, helvetica, sans-serif;"><a href="https://www.educa.itakaescolapios.org/coeducacion/erase-una-vez" target="_blank" rel="noopener noreferrer">Era uma vez (releitura de histórias tradicionais)(de 8 a 14 anos)</a></span></p>
<p style="padding-left: 120px;"><span style="font-family: arial, helvetica, sans-serif;"><a href="https://www.educa.itakaescolapios.org/coeducacion/la-princesa-que-no-queria-ser-salvada" target="_blank" rel="noopener noreferrer">A princesa que não queria ser salva (de 6 a 8 anos)</a></span></p>
<p style="padding-left: 120px;"><span style="font-family: arial, helvetica, sans-serif;"><a href="https://www.educa.itakaescolapios.org/coeducacion/que-igualdad-queremos" target="_blank" rel="noopener noreferrer">Purl. Que igualdade queremos? (a partir de 16 anos de idade)</a></span></p>
<p style="padding-left: 120px;"><span style="font-family: arial, helvetica, sans-serif;"><a href="https://www.educa.itakaescolapios.org/coeducacion/hay-canciones-y-canciones" target="_blank" rel="noopener noreferrer">Há canções… e canções (de 6 a 16 anos)</a></span></p>
<p style="padding-left: 120px;"><span style="font-family: arial, helvetica, sans-serif;"><a href="https://www.educa.itakaescolapios.org/coeducacion/como-una-chica" target="_blank" rel="noopener noreferrer">Como uma menina(a partir de 10 anos de idade)</a></span></p>
<p style="padding-left: 120px;"><span style="font-family: arial, helvetica, sans-serif;"><a href="https://www.educa.itakaescolapios.org/coeducacion/321-metafora-solidaridad" target="_blank" rel="noopener noreferrer">Debate sobre a igualdade (a partir de 12 anos de idade)</a></span></p>
<p style="padding-left: 120px;"><span style="font-family: arial, helvetica, sans-serif;"><a href="https://www.educa.itakaescolapios.org/coeducacion/que-significa-ser-un-hombre" target="_blank" rel="noopener noreferrer">O que significa ser um homem? (a partir de 10 anos de idade)</a></span></p>
<p><img decoding="async" loading="lazy" class="alignright size-medium wp-image-2975" style="font-family: arial, helvetica, sans-serif;" src="https://www.educa.itakaescolapios.org/wp-content/uploads/2020/11/mano-click-verde-por-dos-300x156.jpg" alt="" width="20%" height="20%" srcset="https://www.educa.itakaescolapios.org/wp-content/uploads/2020/11/mano-click-verde-por-dos-300x156.jpg 300w, https://www.educa.itakaescolapios.org/wp-content/uploads/2020/11/mano-click-verde-por-dos-1024x532.jpg 1024w, https://www.educa.itakaescolapios.org/wp-content/uploads/2020/11/mano-click-verde-por-dos-768x399.jpg 768w, https://www.educa.itakaescolapios.org/wp-content/uploads/2020/11/mano-click-verde-por-dos-1536x799.jpg 1536w, https://www.educa.itakaescolapios.org/wp-content/uploads/2020/11/mano-click-verde-por-dos-2048x1065.jpg 2048w, https://www.educa.itakaescolapios.org/wp-content/uploads/2020/11/mano-click-verde-por-dos-250x130.jpg 250w" sizes="(max-width: 300px) 100vw, 300px" /></p>
<hr />
<p></p>

<p>Os centros escolápios são chamados a serem centros defensores da igualdade, com seus participantes, em seu ambiente e em todo o mundo. Como em Kikonka, República [&hellip;]</p>
