{"id":5045,"date":"2021-10-26T12:46:26","date_gmt":"2021-10-26T10:46:26","guid":{"rendered":"https:\/\/www.educa.itakaescolapios.org\/?page_id=5045"},"modified":"2021-12-10T20:07:05","modified_gmt":"2021-12-10T19:07:05","slug":"mision-medioambiente","status":"publish","type":"page","link":"https:\/\/www.educa.itakaescolapios.org\/pt\/campanas\/2021-2022-centros-que-cambian-cambia-tu-centro\/actividades\/mision-medioambiente","title":{"rendered":"Miss\u00e3o Meio Ambiente"},"content":{"rendered":"<p><\/p>\n<p style=\"text-align: justify;\"><span style=\"font-family: arial, helvetica, sans-serif;\"><img decoding=\"async\" loading=\"lazy\" class=\"alignright\" style=\"margin: 5px;\" src=\"https:\/\/www.educa.itakaescolapios.org\/wp-content\/uploads\/2021\/10\/Misi\u00f3n-MEDIOAMBIENTE.png\" alt=\"\" width=\"60%\" height=\"60%\" \/><\/span><\/p>\n<p style=\"text-align: justify;\"><span style=\"font-family: arial, helvetica, sans-serif;\">Os centros escol\u00e1pios s\u00e3o chamados a serem centros defensores do meio ambiente, com seus participantes, em seu ambiente e no resto do mundo.<\/span><\/p>\n<p style=\"text-align: justify;\"><span style=\"font-family: arial, helvetica, sans-serif;\">Como em Campeche, M\u00e9xico, onde o Centro Cultural Calasanz, juntamente com um grupo de jovens, coletou e reciclou toneladas de pl\u00e1stico PET para evitar que fosse queimado e contaminasse a atmosfera.<\/span><\/p>\n<p style=\"text-align: justify;\"><span style=\"font-family: arial, helvetica, sans-serif;\">Quisap e Look gostariam de convid\u00e1-lo para a Miss\u00e3o Meio Ambiente. Junte-se a eles para trabalhar pela sustentabilidade ecol\u00f3gica, rever seus h\u00e1bitos de consumo e a forma como voc\u00ea pode ajudar a natureza a se recuperar dos danos que causamos. Envolva-se e participe para obter o Diploma do Meio Ambiente.<\/span><\/p>\n<p style=\"text-align: justify;\"><span style=\"font-family: arial, helvetica, sans-serif;\">Voc\u00ea conta com in\u00fameras atividades para completar a miss\u00e3o meio ambiente e uma carta de felicita\u00e7\u00f5es da Dorotea quando conquistar o objetivo. (<a href=\"https:\/\/www.educa.itakaescolapios.org\/wp-content\/uploads\/2021\/11\/PT.Carta-Dorotea-fin-MEDIOAMBIENTE.pdf\" target=\"_blank\" rel=\"noopener noreferrer\">Carta final da miss\u00e3o<\/a>)<\/span><\/p>\n<p style=\"padding-left: 120px;\"><span style=\"font-family: arial, helvetica, sans-serif;\"><a href=\"https:\/\/www.educa.itakaescolapios.org\/sostenibilidad\/sumando-granos-de-arena\" target=\"_blank\" rel=\"noopener noreferrer\">Colocando gr\u00e3os de areia (de 3 a 18 anos)<\/a><\/span><\/p>\n<p style=\"padding-left: 120px;\"><span style=\"font-family: arial, helvetica, sans-serif;\"><a href=\"https:\/\/www.educa.itakaescolapios.org\/sostenibilidad\/compara-y-contrasta-entre-la-naturaleza-actual-y-cuidada\" target=\"_blank\" rel=\"noopener noreferrer\">O que mudou? (comparar e contrastar): (de 3 a 18 anos)<\/a><\/span><\/p>\n<p style=\"padding-left: 120px;\"><span style=\"font-family: arial, helvetica, sans-serif;\"><a href=\"https:\/\/www.educa.itakaescolapios.org\/sostenibilidad\/imagina-como-se-siente-la-naturaleza\" target=\"_blank\" rel=\"noopener noreferrer\">IMAGINE. Como se sente a Natureza? (de 3 a 18 anos)<\/a><\/span><\/p>\n<p style=\"padding-left: 120px;\"><span style=\"font-family: arial, helvetica, sans-serif;\"><a href=\"https:\/\/www.educa.itakaescolapios.org\/sostenibilidad\/repensando-los-problemas-medioambientales\" target=\"_blank\" rel=\"noopener noreferrer\">Repensando em quest\u00f5es ambientais (a partir de 12 anos de idade)<\/a><\/span><\/p>\n<p style=\"padding-left: 120px;\"><span style=\"font-family: arial, helvetica, sans-serif;\"><a href=\"https:\/\/www.educa.itakaescolapios.org\/sostenibilidad\/la-energia-de-mi-cole\" target=\"_blank\" rel=\"noopener noreferrer\">A energia da minha escola (de 3 a 5 anos)<\/a><\/span><\/p>\n<p style=\"padding-left: 120px;\"><span style=\"font-family: arial, helvetica, sans-serif;\"><a href=\"https:\/\/www.educa.itakaescolapios.org\/sostenibilidad\/para-que-quiero-los-pies\" target=\"_blank\" rel=\"noopener noreferrer\">Para que quero os p\u00e9s? (de 8 a 14 anos)<\/a><\/span><\/p>\n<p style=\"padding-left: 120px;\"><span style=\"font-family: arial, helvetica, sans-serif;\"><a href=\"https:\/\/www.educa.itakaescolapios.org\/sostenibilidad\/sin-energia-en-la-ciudad\" target=\"_blank\" rel=\"noopener noreferrer\">Sem energia na cidade (de 12 a 16 anos)<\/a><\/span><\/p>\n<p style=\"padding-left: 120px;\"><span style=\"font-family: arial, helvetica, sans-serif;\"><a href=\"https:\/\/www.educa.itakaescolapios.org\/sostenibilidad\/sumando-granos-de-arena\" target=\"_blank\" rel=\"noopener noreferrer\">\u00a0<\/a><\/span><\/p>\n<p><img decoding=\"async\" loading=\"lazy\" class=\"size-medium wp-image-2975 alignright\" src=\"https:\/\/www.educa.itakaescolapios.org\/wp-content\/uploads\/2020\/11\/mano-click-verde-por-dos-300x156.jpg\" alt=\"\" width=\"20%\" height=\"20%\" srcset=\"https:\/\/www.educa.itakaescolapios.org\/wp-content\/uploads\/2020\/11\/mano-click-verde-por-dos-300x156.jpg 300w, https:\/\/www.educa.itakaescolapios.org\/wp-content\/uploads\/2020\/11\/mano-click-verde-por-dos-1024x532.jpg 1024w, https:\/\/www.educa.itakaescolapios.org\/wp-content\/uploads\/2020\/11\/mano-click-verde-por-dos-768x399.jpg 768w, https:\/\/www.educa.itakaescolapios.org\/wp-content\/uploads\/2020\/11\/mano-click-verde-por-dos-1536x799.jpg 1536w, https:\/\/www.educa.itakaescolapios.org\/wp-content\/uploads\/2020\/11\/mano-click-verde-por-dos-2048x1065.jpg 2048w, https:\/\/www.educa.itakaescolapios.org\/wp-content\/uploads\/2020\/11\/mano-click-verde-por-dos-250x130.jpg 250w\" sizes=\"(max-width: 300px) 100vw, 300px\" \/><\/p>\n<hr \/>\n<p>&nbsp;<\/p>\n<p>&nbsp;<\/p>","protected":false},"excerpt":{"rendered":"<p>Os centros escol\u00e1pios s\u00e3o chamados a serem centros defensores do meio ambiente, com seus participantes, em seu ambiente e no resto do mundo. Como em Campeche, [&hellip;]<\/p>\n","protected":false},"author":5,"featured_media":0,"parent":5117,"menu_order":6,"comment_status":"closed","ping_status":"closed","template":"","meta":[],"acf":[],"_links":{"self":[{"href":"https:\/\/www.educa.itakaescolapios.org\/pt\/wp-json\/wp\/v2\/pages\/5045"}],"collection":[{"href":"https:\/\/www.educa.itakaescolapios.org\/pt\/wp-json\/wp\/v2\/pages"}],"about":[{"href":"https:\/\/www.educa.itakaescolapios.org\/pt\/wp-json\/wp\/v2\/types\/page"}],"author":[{"embeddable":true,"href":"https:\/\/www.educa.itakaescolapios.org\/pt\/wp-json\/wp\/v2\/users\/5"}],"replies":[{"embeddable":true,"href":"https:\/\/www.educa.itakaescolapios.org\/pt\/wp-json\/wp\/v2\/comments?post=5045"}],"version-history":[{"count":25,"href":"https:\/\/www.educa.itakaescolapios.org\/pt\/wp-json\/wp\/v2\/pages\/5045\/revisions"}],"predecessor-version":[{"id":5836,"href":"https:\/\/www.educa.itakaescolapios.org\/pt\/wp-json\/wp\/v2\/pages\/5045\/revisions\/5836"}],"up":[{"embeddable":true,"href":"https:\/\/www.educa.itakaescolapios.org\/pt\/wp-json\/wp\/v2\/pages\/5117"}],"wp:attachment":[{"href":"https:\/\/www.educa.itakaescolapios.org\/pt\/wp-json\/wp\/v2\/media?parent=5045"}],"curies":[{"name":"wp","href":"https:\/\/api.w.org\/{rel}","templated":true}]}}

Missão Meio Ambiente

<p></p>
<p style="text-align: justify;"><span style="font-family: arial, helvetica, sans-serif;"><img decoding="async" loading="lazy" class="alignright" style="margin: 5px;" src="https://www.educa.itakaescolapios.org/wp-content/uploads/2021/10/Misión-MEDIOAMBIENTE.png" alt="" width="60%" height="60%" /></span></p>
<p style="text-align: justify;"><span style="font-family: arial, helvetica, sans-serif;">Os centros escolápios são chamados a serem centros defensores do meio ambiente, com seus participantes, em seu ambiente e no resto do mundo.</span></p>
<p style="text-align: justify;"><span style="font-family: arial, helvetica, sans-serif;">Como em Campeche, México, onde o Centro Cultural Calasanz, juntamente com um grupo de jovens, coletou e reciclou toneladas de plástico PET para evitar que fosse queimado e contaminasse a atmosfera.</span></p>
<p style="text-align: justify;"><span style="font-family: arial, helvetica, sans-serif;">Quisap e Look gostariam de convidá-lo para a Missão Meio Ambiente. Junte-se a eles para trabalhar pela sustentabilidade ecológica, rever seus hábitos de consumo e a forma como você pode ajudar a natureza a se recuperar dos danos que causamos. Envolva-se e participe para obter o Diploma do Meio Ambiente.</span></p>
<p style="text-align: justify;"><span style="font-family: arial, helvetica, sans-serif;">Você conta com inúmeras atividades para completar a missão meio ambiente e uma carta de felicitações da Dorotea quando conquistar o objetivo. (<a href="https://www.educa.itakaescolapios.org/wp-content/uploads/2021/11/PT.Carta-Dorotea-fin-MEDIOAMBIENTE.pdf" target="_blank" rel="noopener noreferrer">Carta final da missão</a>)</span></p>
<p style="padding-left: 120px;"><span style="font-family: arial, helvetica, sans-serif;"><a href="https://www.educa.itakaescolapios.org/sostenibilidad/sumando-granos-de-arena" target="_blank" rel="noopener noreferrer">Colocando grãos de areia (de 3 a 18 anos)</a></span></p>
<p style="padding-left: 120px;"><span style="font-family: arial, helvetica, sans-serif;"><a href="https://www.educa.itakaescolapios.org/sostenibilidad/compara-y-contrasta-entre-la-naturaleza-actual-y-cuidada" target="_blank" rel="noopener noreferrer">O que mudou? (comparar e contrastar): (de 3 a 18 anos)</a></span></p>
<p style="padding-left: 120px;"><span style="font-family: arial, helvetica, sans-serif;"><a href="https://www.educa.itakaescolapios.org/sostenibilidad/imagina-como-se-siente-la-naturaleza" target="_blank" rel="noopener noreferrer">IMAGINE. Como se sente a Natureza? (de 3 a 18 anos)</a></span></p>
<p style="padding-left: 120px;"><span style="font-family: arial, helvetica, sans-serif;"><a href="https://www.educa.itakaescolapios.org/sostenibilidad/repensando-los-problemas-medioambientales" target="_blank" rel="noopener noreferrer">Repensando em questões ambientais (a partir de 12 anos de idade)</a></span></p>
<p style="padding-left: 120px;"><span style="font-family: arial, helvetica, sans-serif;"><a href="https://www.educa.itakaescolapios.org/sostenibilidad/la-energia-de-mi-cole" target="_blank" rel="noopener noreferrer">A energia da minha escola (de 3 a 5 anos)</a></span></p>
<p style="padding-left: 120px;"><span style="font-family: arial, helvetica, sans-serif;"><a href="https://www.educa.itakaescolapios.org/sostenibilidad/para-que-quiero-los-pies" target="_blank" rel="noopener noreferrer">Para que quero os pés? (de 8 a 14 anos)</a></span></p>
<p style="padding-left: 120px;"><span style="font-family: arial, helvetica, sans-serif;"><a href="https://www.educa.itakaescolapios.org/sostenibilidad/sin-energia-en-la-ciudad" target="_blank" rel="noopener noreferrer">Sem energia na cidade (de 12 a 16 anos)</a></span></p>
<p style="padding-left: 120px;"><span style="font-family: arial, helvetica, sans-serif;"><a href="https://www.educa.itakaescolapios.org/sostenibilidad/sumando-granos-de-arena" target="_blank" rel="noopener noreferrer"> </a></span></p>
<p><img decoding="async" loading="lazy" class="size-medium wp-image-2975 alignright" src="https://www.educa.itakaescolapios.org/wp-content/uploads/2020/11/mano-click-verde-por-dos-300x156.jpg" alt="" width="20%" height="20%" srcset="https://www.educa.itakaescolapios.org/wp-content/uploads/2020/11/mano-click-verde-por-dos-300x156.jpg 300w, https://www.educa.itakaescolapios.org/wp-content/uploads/2020/11/mano-click-verde-por-dos-1024x532.jpg 1024w, https://www.educa.itakaescolapios.org/wp-content/uploads/2020/11/mano-click-verde-por-dos-768x399.jpg 768w, https://www.educa.itakaescolapios.org/wp-content/uploads/2020/11/mano-click-verde-por-dos-1536x799.jpg 1536w, https://www.educa.itakaescolapios.org/wp-content/uploads/2020/11/mano-click-verde-por-dos-2048x1065.jpg 2048w, https://www.educa.itakaescolapios.org/wp-content/uploads/2020/11/mano-click-verde-por-dos-250x130.jpg 250w" sizes="(max-width: 300px) 100vw, 300px" /></p>
<hr />
<p>&nbsp;</p>
<p>&nbsp;</p>

<p>Os centros escolápios são chamados a serem centros defensores do meio ambiente, com seus participantes, em seu ambiente e no resto do mundo. Como em Campeche, [&hellip;]</p>
