{"id":5048,"date":"2021-10-26T12:50:30","date_gmt":"2021-10-26T10:50:30","guid":{"rendered":"https:\/\/www.educa.itakaescolapios.org\/?page_id=5048"},"modified":"2023-05-05T16:00:21","modified_gmt":"2023-05-05T14:00:21","slug":"mision-interculturalidad","status":"publish","type":"page","link":"https:\/\/www.educa.itakaescolapios.org\/pt\/campanas\/2021-2022-centros-que-cambian-cambia-tu-centro\/actividades\/mision-interculturalidad","title":{"rendered":"Miss\u00e3o Interculturalidade"},"content":{"rendered":"<p><\/p>\n<p style=\"text-align: justify;\"><span style=\"font-family: arial, helvetica, sans-serif;\"><img decoding=\"async\" loading=\"lazy\" class=\"alignright\" style=\"margin: 5px;\" src=\"https:\/\/www.educa.itakaescolapios.org\/wp-content\/uploads\/2021\/10\/Misi\u00f3n-INTERCULTURALIDAD.png\" alt=\"\" width=\"60%\" height=\"60%\" \/><\/span><\/p>\n<p style=\"text-align: justify;\"><span style=\"font-family: arial, helvetica, sans-serif;\">Os centros escol\u00e1pios s\u00e3o espa\u00e7os interculturais e din\u00e2micos, chamados a defenderem a uni\u00e3o na diversidade de seus participantes, de seu ambiente e no resto do mundo.<\/span><\/p>\n<p style=\"text-align: justify;\"><span style=\"font-family: arial, helvetica, sans-serif;\">Porque vivemos em um \u00fanico mundo no qual todas as culturas e pa\u00edses t\u00eam algo a contribuir, Sukal e Jiwa nos convidam para a Miss\u00e3o Interculturalidade, para promover uma coexist\u00eancia enriquecedora que envolve aprendizagem rec\u00edproca, gera um contexto de igualdade e toler\u00e2ncia, pondo um fim \u00e0 intoler\u00e2ncia e ao preconceito. Junte-se a n\u00f3s e obtenha o diploma da interculturalidade.<\/span><\/p>\n<p style=\"text-align: justify;\"><span style=\"font-family: arial, helvetica, sans-serif;\">Voc\u00ea conta com in\u00fameras atividades para completar a miss\u00e3o interculturalidade e uma carta de felicita\u00e7\u00f5es da Dorotea quando conquistar o objetivo.<\/span><span style=\"font-family: arial, helvetica, sans-serif;\">( <a href=\"https:\/\/www.educa.itakaescolapios.org\/wp-content\/uploads\/2021\/11\/PT.Carta-Dorotea-fin-interculturalidad.pdf\" target=\"_blank\" rel=\"noopener noreferrer\">Carta final da miss\u00e3o<\/a> )<\/span><\/p>\n<p>&nbsp;<\/p>\n<p style=\"padding-left: 120px;\"><span style=\"font-family: arial, helvetica, sans-serif;\"><a href=\"https:\/\/www.educa.itakaescolapios.org\/interculturalidad\/todo-esta-inventado\" target=\"_blank\" rel=\"noopener noreferrer\">Tudo \u00e9 inventado (a partir de 3 anos de idade)<\/a><\/span><\/p>\n<p style=\"padding-left: 120px;\"><span style=\"font-family: arial, helvetica, sans-serif;\"><a href=\"https:\/\/www.educa.itakaescolapios.org\/interculturalidad\/nos-une-mas-que-nos-separa\" target=\"_blank\" rel=\"noopener noreferrer\">Nos une mais do que nos separa ( a partir de 12 anos de idade)<\/a><\/span><\/p>\n<p style=\"padding-left: 120px;\"><span style=\"font-family: arial, helvetica, sans-serif;\"><a href=\"https:\/\/www.educa.itakaescolapios.org\/interculturalidad\/semana-del-mundo\" target=\"_blank\" rel=\"noopener noreferrer\">Semana do mundo (de 14 a 18 anos)<\/a><\/span><\/p>\n<p style=\"padding-left: 120px;\"><span style=\"font-family: arial, helvetica, sans-serif;\">\u00a0<a href=\"https:\/\/www.educa.itakaescolapios.org\/interculturalidad\/mural\" target=\"_blank\" rel=\"noopener noreferrer\">Mural Interculturalidad<\/a><\/span><\/p>\n<p style=\"padding-left: 120px;\"><span style=\"font-family: arial, helvetica, sans-serif;\"><a href=\"http:\/\/Destapa las pinturas para iniciar la actividad , utiliza las tapas para repartir los colores.\" target=\"_blank\" rel=\"noopener noreferrer\">Cat\u00e1logo Colores<\/a><\/span><\/p>\n<p style=\"text-align: justify;\"><span style=\"font-family: arial, helvetica, sans-serif;\">\u00a0<\/span><\/p>\n<p><span style=\"font-family: arial, helvetica, sans-serif;\"><img decoding=\"async\" loading=\"lazy\" class=\"size-medium wp-image-2975 alignright\" src=\"https:\/\/www.educa.itakaescolapios.org\/wp-content\/uploads\/2020\/11\/mano-click-verde-por-dos-300x156.jpg\" alt=\"\" width=\"20%\" height=\"20%\" srcset=\"https:\/\/www.educa.itakaescolapios.org\/wp-content\/uploads\/2020\/11\/mano-click-verde-por-dos-300x156.jpg 300w, https:\/\/www.educa.itakaescolapios.org\/wp-content\/uploads\/2020\/11\/mano-click-verde-por-dos-1024x532.jpg 1024w, https:\/\/www.educa.itakaescolapios.org\/wp-content\/uploads\/2020\/11\/mano-click-verde-por-dos-768x399.jpg 768w, https:\/\/www.educa.itakaescolapios.org\/wp-content\/uploads\/2020\/11\/mano-click-verde-por-dos-1536x799.jpg 1536w, https:\/\/www.educa.itakaescolapios.org\/wp-content\/uploads\/2020\/11\/mano-click-verde-por-dos-2048x1065.jpg 2048w, https:\/\/www.educa.itakaescolapios.org\/wp-content\/uploads\/2020\/11\/mano-click-verde-por-dos-250x130.jpg 250w\" sizes=\"(max-width: 300px) 100vw, 300px\" \/><\/span><\/p>","protected":false},"excerpt":{"rendered":"<p>Os centros escol\u00e1pios s\u00e3o espa\u00e7os interculturais e din\u00e2micos, chamados a defenderem a uni\u00e3o na diversidade de seus participantes, de seu ambiente e no resto do mundo. [&hellip;]<\/p>\n","protected":false},"author":5,"featured_media":0,"parent":5117,"menu_order":7,"comment_status":"closed","ping_status":"closed","template":"","meta":[],"acf":[],"_links":{"self":[{"href":"https:\/\/www.educa.itakaescolapios.org\/pt\/wp-json\/wp\/v2\/pages\/5048"}],"collection":[{"href":"https:\/\/www.educa.itakaescolapios.org\/pt\/wp-json\/wp\/v2\/pages"}],"about":[{"href":"https:\/\/www.educa.itakaescolapios.org\/pt\/wp-json\/wp\/v2\/types\/page"}],"author":[{"embeddable":true,"href":"https:\/\/www.educa.itakaescolapios.org\/pt\/wp-json\/wp\/v2\/users\/5"}],"replies":[{"embeddable":true,"href":"https:\/\/www.educa.itakaescolapios.org\/pt\/wp-json\/wp\/v2\/comments?post=5048"}],"version-history":[{"count":26,"href":"https:\/\/www.educa.itakaescolapios.org\/pt\/wp-json\/wp\/v2\/pages\/5048\/revisions"}],"predecessor-version":[{"id":7616,"href":"https:\/\/www.educa.itakaescolapios.org\/pt\/wp-json\/wp\/v2\/pages\/5048\/revisions\/7616"}],"up":[{"embeddable":true,"href":"https:\/\/www.educa.itakaescolapios.org\/pt\/wp-json\/wp\/v2\/pages\/5117"}],"wp:attachment":[{"href":"https:\/\/www.educa.itakaescolapios.org\/pt\/wp-json\/wp\/v2\/media?parent=5048"}],"curies":[{"name":"wp","href":"https:\/\/api.w.org\/{rel}","templated":true}]}}

Missão Interculturalidade

<p></p>
<p style="text-align: justify;"><span style="font-family: arial, helvetica, sans-serif;"><img decoding="async" loading="lazy" class="alignright" style="margin: 5px;" src="https://www.educa.itakaescolapios.org/wp-content/uploads/2021/10/Misión-INTERCULTURALIDAD.png" alt="" width="60%" height="60%" /></span></p>
<p style="text-align: justify;"><span style="font-family: arial, helvetica, sans-serif;">Os centros escolápios são espaços interculturais e dinâmicos, chamados a defenderem a união na diversidade de seus participantes, de seu ambiente e no resto do mundo.</span></p>
<p style="text-align: justify;"><span style="font-family: arial, helvetica, sans-serif;">Porque vivemos em um único mundo no qual todas as culturas e países têm algo a contribuir, Sukal e Jiwa nos convidam para a Missão Interculturalidade, para promover uma coexistência enriquecedora que envolve aprendizagem recíproca, gera um contexto de igualdade e tolerância, pondo um fim à intolerância e ao preconceito. Junte-se a nós e obtenha o diploma da interculturalidade.</span></p>
<p style="text-align: justify;"><span style="font-family: arial, helvetica, sans-serif;">Você conta com inúmeras atividades para completar a missão interculturalidade e uma carta de felicitações da Dorotea quando conquistar o objetivo.</span><span style="font-family: arial, helvetica, sans-serif;">( <a href="https://www.educa.itakaescolapios.org/wp-content/uploads/2021/11/PT.Carta-Dorotea-fin-interculturalidad.pdf" target="_blank" rel="noopener noreferrer">Carta final da missão</a> )</span></p>
<p>&nbsp;</p>
<p style="padding-left: 120px;"><span style="font-family: arial, helvetica, sans-serif;"><a href="https://www.educa.itakaescolapios.org/interculturalidad/todo-esta-inventado" target="_blank" rel="noopener noreferrer">Tudo é inventado (a partir de 3 anos de idade)</a></span></p>
<p style="padding-left: 120px;"><span style="font-family: arial, helvetica, sans-serif;"><a href="https://www.educa.itakaescolapios.org/interculturalidad/nos-une-mas-que-nos-separa" target="_blank" rel="noopener noreferrer">Nos une mais do que nos separa ( a partir de 12 anos de idade)</a></span></p>
<p style="padding-left: 120px;"><span style="font-family: arial, helvetica, sans-serif;"><a href="https://www.educa.itakaescolapios.org/interculturalidad/semana-del-mundo" target="_blank" rel="noopener noreferrer">Semana do mundo (de 14 a 18 anos)</a></span></p>
<p style="padding-left: 120px;"><span style="font-family: arial, helvetica, sans-serif;"> <a href="https://www.educa.itakaescolapios.org/interculturalidad/mural" target="_blank" rel="noopener noreferrer">Mural Interculturalidad</a></span></p>
<p style="padding-left: 120px;"><span style="font-family: arial, helvetica, sans-serif;"><a href="http://Destapa las pinturas para iniciar la actividad , utiliza las tapas para repartir los colores." target="_blank" rel="noopener noreferrer">Catálogo Colores</a></span></p>
<p style="text-align: justify;"><span style="font-family: arial, helvetica, sans-serif;"> </span></p>
<p><span style="font-family: arial, helvetica, sans-serif;"><img decoding="async" loading="lazy" class="size-medium wp-image-2975 alignright" src="https://www.educa.itakaescolapios.org/wp-content/uploads/2020/11/mano-click-verde-por-dos-300x156.jpg" alt="" width="20%" height="20%" srcset="https://www.educa.itakaescolapios.org/wp-content/uploads/2020/11/mano-click-verde-por-dos-300x156.jpg 300w, https://www.educa.itakaescolapios.org/wp-content/uploads/2020/11/mano-click-verde-por-dos-1024x532.jpg 1024w, https://www.educa.itakaescolapios.org/wp-content/uploads/2020/11/mano-click-verde-por-dos-768x399.jpg 768w, https://www.educa.itakaescolapios.org/wp-content/uploads/2020/11/mano-click-verde-por-dos-1536x799.jpg 1536w, https://www.educa.itakaescolapios.org/wp-content/uploads/2020/11/mano-click-verde-por-dos-2048x1065.jpg 2048w, https://www.educa.itakaescolapios.org/wp-content/uploads/2020/11/mano-click-verde-por-dos-250x130.jpg 250w" sizes="(max-width: 300px) 100vw, 300px" /></span></p>

<p>Os centros escolápios são espaços interculturais e dinâmicos, chamados a defenderem a união na diversidade de seus participantes, de seu ambiente e no resto do mundo. [&hellip;]</p>
