{"id":5097,"date":"2021-10-28T09:53:56","date_gmt":"2021-10-28T07:53:56","guid":{"rendered":"https:\/\/www.educa.itakaescolapios.org\/?page_id=5097"},"modified":"2021-12-06T11:06:28","modified_gmt":"2021-12-06T10:06:28","slug":"presentacion-del-coordinador-general","status":"publish","type":"page","link":"https:\/\/www.educa.itakaescolapios.org\/pt\/campanas\/2021-2022-centros-que-cambian-cambia-tu-centro\/presentacion-del-coordinador-general","title":{"rendered":"Apresenta\u00e7\u00e3o do Coordenador Geral"},"content":{"rendered":"<p>https:\/\/youtu.be\/qYX0sTrQLQk<\/p>\n<p>&nbsp;<\/p>\n<p style=\"text-align: center;\"><span style=\"font-family: arial, helvetica, sans-serif;\"><strong>Centros que mudam, mude seu centro<\/strong><\/span><\/p>\n<p style=\"text-align: center;\"><span style=\"font-family: arial, helvetica, sans-serif;\"><strong>Campanha de solidariedade da Itaka-Escol\u00e1pios 2021-22<\/strong><\/span><\/p>\n<p style=\"text-align: center;\"><span style=\"font-family: arial, helvetica, sans-serif;\"><em>Igor Irigoyen \u2013 Coordenador Geral da Itaka-Escol\u00e1pios <\/em><\/span><\/p>\n<p style=\"text-align: justify;\"><span style=\"font-family: arial, helvetica, sans-serif;\">Com estas breves palavras apresento a voc\u00eas, em nome da Comiss\u00e3o Executiva, a nova campanha de solidariedade da rede Itaka-Escol\u00e1pios, cujo lema \u00e9 <strong>&#8220;Centros que mudam, mude seu centro&#8221;.<\/strong><\/span><\/p>\n<p style=\"text-align: justify;\"><span style=\"font-family: arial, helvetica, sans-serif;\">A primeira coisa a fazer \u00e9 explicar exatamente por que este slogan foi escolhido. Como pode ser visto, <strong>a ideia-chave do slogan \u00e9 mudar, transformar.<\/strong>\u00a0 A campanha est\u00e1 focada em conhecer, promover e apoiar o poder transformador da educa\u00e7\u00e3o e, em particular, dos centros educacionais que fazem parte da rede Itaka-Escol\u00e1pios. S\u00e3o centros muito diversos, mas com algo em comum, muito t\u00edpico da miss\u00e3o escol\u00e1pia: entender seu trabalho educativo <strong>como uma a\u00e7\u00e3o transformadora que vai al\u00e9m das salas de aula<\/strong>, at\u00e9 mesmo al\u00e9m dos limites f\u00edsicos e das pessoas do pr\u00f3prio centro, para abrir-se ao bairro ou vila, \u00e0 sociedade do seu entorno, e promover mudan\u00e7as reais para melhorar as condi\u00e7\u00f5es de vida e o futuro da comunidade.<\/span><\/p>\n<p style=\"text-align: justify;\"><span style=\"font-family: arial, helvetica, sans-serif;\">Nesta campanha de solidariedade teremos a oportunidade de <strong>conhecer e trocar experi\u00eancias concretas,<\/strong> em diferentes partes do mundo, de como os centros educativos da Itaka-Escol\u00e1pios est\u00e3o transformando a realidade, assim como compartilhar iniciativas e propostas para crescer juntos nesse potencial transformador.<\/span><\/p>\n<p style=\"text-align: justify;\"><span style=\"font-family: arial, helvetica, sans-serif;\">Com essa campanha de solidariedade, queremos tamb\u00e9m continuar a promover uma iniciativa da Itaka-Escol\u00e1pios que visa desenvolver esta importante dimens\u00e3o de forma transversal: <strong>Educa, a rede educacional para a transforma\u00e7\u00e3o social.<\/strong> Esse projeto est\u00e1 totalmente alinhado com o <strong>Pacto Global de Educa\u00e7\u00e3o<\/strong>, uma iniciativa do Papa Francisco na qual a Itaka-Escol\u00e1pios, como parte das Escolas Pias, participa e quer contribuir. Estamos falando de uma educa\u00e7\u00e3o ativamente comprometida com os valores da paz, da justi\u00e7a social, da fraternidade e do cuidado de nosso lar comum, com base na participa\u00e7\u00e3o de crian\u00e7as e jovens.<em style=\"text-align: center;\"><img decoding=\"async\" loading=\"lazy\" class=\" wp-image-5100 alignright\" src=\"https:\/\/www.educa.itakaescolapios.org\/wp-content\/uploads\/2021\/10\/lema-recortado-para-web-300x147.png\" alt=\"\" width=\"222\" height=\"109\" srcset=\"https:\/\/www.educa.itakaescolapios.org\/wp-content\/uploads\/2021\/10\/lema-recortado-para-web-300x147.png 300w, https:\/\/www.educa.itakaescolapios.org\/wp-content\/uploads\/2021\/10\/lema-recortado-para-web-1024x501.png 1024w, https:\/\/www.educa.itakaescolapios.org\/wp-content\/uploads\/2021\/10\/lema-recortado-para-web-768x376.png 768w, https:\/\/www.educa.itakaescolapios.org\/wp-content\/uploads\/2021\/10\/lema-recortado-para-web-250x122.png 250w, https:\/\/www.educa.itakaescolapios.org\/wp-content\/uploads\/2021\/10\/lema-recortado-para-web.png 1096w\" sizes=\"(max-width: 222px) 100vw, 222px\" \/><\/em><\/span><\/p>\n<p style=\"text-align: justify;\"><span style=\"font-family: arial, helvetica, sans-serif;\">Por outro lado, devemos tamb\u00e9m nos referir ao tempo em que estamos realizando esta campanha: um <strong>contexto ainda muito marcado pela pandemia e suas consequ\u00eancias<\/strong> e que continua a nos preocupar especialmente, devido ao seu impacto sobre os mais fracos. A COVID-19 continua a nos desafiar e, de fato, em muitas partes da rede Itaka-Escol\u00e1pios o trabalho educacional ainda n\u00e3o se recuperou e ser\u00e1 dif\u00edcil faz\u00ea-lo em breve. E como estamos vendo, os impactos n\u00e3o s\u00f3 a curto, mas tamb\u00e9m a m\u00e9dio e longo prazo, s\u00e3o mais severos quanto mais vulner\u00e1vel for a popula\u00e7\u00e3o.<\/span><\/p>\n<p style=\"text-align: justify;\"><span style=\"font-family: arial, helvetica, sans-serif;\">A campanha \u00e9, portanto, um chamado a responder com nossa solidariedade ao desafio, em tempos de pandemia e p\u00f3s-pandemia, de levar adiante este trabalho educativo transformador. \u00c9 uma solidariedade que hoje \u00e9 absolutamente necess\u00e1ria para que <strong>a rede Itaka-Escolapios continue a apoiar dezenas de centros educacionais em diferentes pa\u00edses que trabalham em situa\u00e7\u00f5es de especial vulnerabilidade e pobreza.<\/strong><\/span><\/p>\n<p style=\"text-align: justify;\"><span style=\"font-family: arial, helvetica, sans-serif;\">Finalmente, essa abordagem transformadora da campanha tamb\u00e9m \u00e9 dirigida a cada uma das pessoas que dela participam e a quem iremos alcan\u00e7ar. O convite \u00e9 para <strong>nos permitirmos mudar, transformar<\/strong>, at\u00e9 mesmo &#8220;descentrar-nos&#8221;, a partir das realidades que vamos encontrar e da din\u00e2mica de solidariedade que nos \u00e9 proposta. Sem d\u00favida, vivemos tempos em que essa atitude \u00e9 mais necess\u00e1ria do que nunca para caminhar em dire\u00e7\u00e3o ao futuro com esperan\u00e7a. Estamos certos de que essa campanha pode ser uma contribui\u00e7\u00e3o significativa para isso, por isso o encorajamos a participar ativamente. Agradecemos!<\/span><\/p>\n<p style=\"text-align: justify;\">\n<p><\/p>","protected":false},"excerpt":{"rendered":"<p>https:\/\/youtu.be\/qYX0sTrQLQk &nbsp; Centros que mudam, mude seu centro Campanha de solidariedade da Itaka-Escol\u00e1pios 2021-22 Igor Irigoyen \u2013 Coordenador Geral da Itaka-Escol\u00e1pios Com estas breves palavras apresento [&hellip;]<\/p>\n","protected":false},"author":5,"featured_media":0,"parent":4946,"menu_order":2,"comment_status":"closed","ping_status":"closed","template":"","meta":[],"acf":[],"_links":{"self":[{"href":"https:\/\/www.educa.itakaescolapios.org\/pt\/wp-json\/wp\/v2\/pages\/5097"}],"collection":[{"href":"https:\/\/www.educa.itakaescolapios.org\/pt\/wp-json\/wp\/v2\/pages"}],"about":[{"href":"https:\/\/www.educa.itakaescolapios.org\/pt\/wp-json\/wp\/v2\/types\/page"}],"author":[{"embeddable":true,"href":"https:\/\/www.educa.itakaescolapios.org\/pt\/wp-json\/wp\/v2\/users\/5"}],"replies":[{"embeddable":true,"href":"https:\/\/www.educa.itakaescolapios.org\/pt\/wp-json\/wp\/v2\/comments?post=5097"}],"version-history":[{"count":21,"href":"https:\/\/www.educa.itakaescolapios.org\/pt\/wp-json\/wp\/v2\/pages\/5097\/revisions"}],"predecessor-version":[{"id":5673,"href":"https:\/\/www.educa.itakaescolapios.org\/pt\/wp-json\/wp\/v2\/pages\/5097\/revisions\/5673"}],"up":[{"embeddable":true,"href":"https:\/\/www.educa.itakaescolapios.org\/pt\/wp-json\/wp\/v2\/pages\/4946"}],"wp:attachment":[{"href":"https:\/\/www.educa.itakaescolapios.org\/pt\/wp-json\/wp\/v2\/media?parent=5097"}],"curies":[{"name":"wp","href":"https:\/\/api.w.org\/{rel}","templated":true}]}}

Apresentação do Coordenador Geral

<p>https://youtu.be/qYX0sTrQLQk</p>
<p>&nbsp;</p>
<p style="text-align: center;"><span style="font-family: arial, helvetica, sans-serif;"><strong>Centros que mudam, mude seu centro</strong></span></p>
<p style="text-align: center;"><span style="font-family: arial, helvetica, sans-serif;"><strong>Campanha de solidariedade da Itaka-Escolápios 2021-22</strong></span></p>
<p style="text-align: center;"><span style="font-family: arial, helvetica, sans-serif;"><em>Igor Irigoyen – Coordenador Geral da Itaka-Escolápios </em></span></p>
<p style="text-align: justify;"><span style="font-family: arial, helvetica, sans-serif;">Com estas breves palavras apresento a vocês, em nome da Comissão Executiva, a nova campanha de solidariedade da rede Itaka-Escolápios, cujo lema é <strong>&#8220;Centros que mudam, mude seu centro&#8221;.</strong></span></p>
<p style="text-align: justify;"><span style="font-family: arial, helvetica, sans-serif;">A primeira coisa a fazer é explicar exatamente por que este slogan foi escolhido. Como pode ser visto, <strong>a ideia-chave do slogan é mudar, transformar.</strong>  A campanha está focada em conhecer, promover e apoiar o poder transformador da educação e, em particular, dos centros educacionais que fazem parte da rede Itaka-Escolápios. São centros muito diversos, mas com algo em comum, muito típico da missão escolápia: entender seu trabalho educativo <strong>como uma ação transformadora que vai além das salas de aula</strong>, até mesmo além dos limites físicos e das pessoas do próprio centro, para abrir-se ao bairro ou vila, à sociedade do seu entorno, e promover mudanças reais para melhorar as condições de vida e o futuro da comunidade.</span></p>
<p style="text-align: justify;"><span style="font-family: arial, helvetica, sans-serif;">Nesta campanha de solidariedade teremos a oportunidade de <strong>conhecer e trocar experiências concretas,</strong> em diferentes partes do mundo, de como os centros educativos da Itaka-Escolápios estão transformando a realidade, assim como compartilhar iniciativas e propostas para crescer juntos nesse potencial transformador.</span></p>
<p style="text-align: justify;"><span style="font-family: arial, helvetica, sans-serif;">Com essa campanha de solidariedade, queremos também continuar a promover uma iniciativa da Itaka-Escolápios que visa desenvolver esta importante dimensão de forma transversal: <strong>Educa, a rede educacional para a transformação social.</strong> Esse projeto está totalmente alinhado com o <strong>Pacto Global de Educação</strong>, uma iniciativa do Papa Francisco na qual a Itaka-Escolápios, como parte das Escolas Pias, participa e quer contribuir. Estamos falando de uma educação ativamente comprometida com os valores da paz, da justiça social, da fraternidade e do cuidado de nosso lar comum, com base na participação de crianças e jovens.<em style="text-align: center;"><img decoding="async" loading="lazy" class=" wp-image-5100 alignright" src="https://www.educa.itakaescolapios.org/wp-content/uploads/2021/10/lema-recortado-para-web-300x147.png" alt="" width="222" height="109" srcset="https://www.educa.itakaescolapios.org/wp-content/uploads/2021/10/lema-recortado-para-web-300x147.png 300w, https://www.educa.itakaescolapios.org/wp-content/uploads/2021/10/lema-recortado-para-web-1024x501.png 1024w, https://www.educa.itakaescolapios.org/wp-content/uploads/2021/10/lema-recortado-para-web-768x376.png 768w, https://www.educa.itakaescolapios.org/wp-content/uploads/2021/10/lema-recortado-para-web-250x122.png 250w, https://www.educa.itakaescolapios.org/wp-content/uploads/2021/10/lema-recortado-para-web.png 1096w" sizes="(max-width: 222px) 100vw, 222px" /></em></span></p>
<p style="text-align: justify;"><span style="font-family: arial, helvetica, sans-serif;">Por outro lado, devemos também nos referir ao tempo em que estamos realizando esta campanha: um <strong>contexto ainda muito marcado pela pandemia e suas consequências</strong> e que continua a nos preocupar especialmente, devido ao seu impacto sobre os mais fracos. A COVID-19 continua a nos desafiar e, de fato, em muitas partes da rede Itaka-Escolápios o trabalho educacional ainda não se recuperou e será difícil fazê-lo em breve. E como estamos vendo, os impactos não só a curto, mas também a médio e longo prazo, são mais severos quanto mais vulnerável for a população.</span></p>
<p style="text-align: justify;"><span style="font-family: arial, helvetica, sans-serif;">A campanha é, portanto, um chamado a responder com nossa solidariedade ao desafio, em tempos de pandemia e pós-pandemia, de levar adiante este trabalho educativo transformador. É uma solidariedade que hoje é absolutamente necessária para que <strong>a rede Itaka-Escolapios continue a apoiar dezenas de centros educacionais em diferentes países que trabalham em situações de especial vulnerabilidade e pobreza.</strong></span></p>
<p style="text-align: justify;"><span style="font-family: arial, helvetica, sans-serif;">Finalmente, essa abordagem transformadora da campanha também é dirigida a cada uma das pessoas que dela participam e a quem iremos alcançar. O convite é para <strong>nos permitirmos mudar, transformar</strong>, até mesmo &#8220;descentrar-nos&#8221;, a partir das realidades que vamos encontrar e da dinâmica de solidariedade que nos é proposta. Sem dúvida, vivemos tempos em que essa atitude é mais necessária do que nunca para caminhar em direção ao futuro com esperança. Estamos certos de que essa campanha pode ser uma contribuição significativa para isso, por isso o encorajamos a participar ativamente. Agradecemos!</span></p>
<p style="text-align: justify;">
<p></p>

<p>https://youtu.be/qYX0sTrQLQk &nbsp; Centros que mudam, mude seu centro Campanha de solidariedade da Itaka-Escolápios 2021-22 Igor Irigoyen – Coordenador Geral da Itaka-Escolápios Com estas breves palavras apresento [&hellip;]</p>
