{"id":5127,"date":"2021-10-28T16:09:38","date_gmt":"2021-10-28T14:09:38","guid":{"rendered":"https:\/\/www.educa.itakaescolapios.org\/?page_id=5127"},"modified":"2022-05-19T16:34:03","modified_gmt":"2022-05-19T14:34:03","slug":"oraciones-y-eucaristia","status":"publish","type":"page","link":"https:\/\/www.educa.itakaescolapios.org\/pt\/campanas\/2021-2022-centros-que-cambian-cambia-tu-centro\/actividades\/oraciones-y-eucaristia","title":{"rendered":"Ora\u00e7\u00f5es e Eucaristia"},"content":{"rendered":"<p><span style=\"font-family: arial, helvetica, sans-serif; font-size: 20px;\"><a href=\"https:\/\/www.educa.itakaescolapios.org\/wp-content\/uploads\/2021\/12\/1.4.2-PT-Oraci\u00f3n-segunda-feira.-lunes.pdf\" target=\"_blank\" rel=\"noopener noreferrer\">Ora\u00e7\u00e3o de segunda-feira<\/a><\/span><\/p>\n<p><span style=\"font-family: arial, helvetica, sans-serif; font-size: 20px;\"><a href=\"https:\/\/www.educa.itakaescolapios.org\/wp-content\/uploads\/2021\/12\/1.4.2-PT-Oraci\u00f3n-ter\u00e7a-feira-martes.pdf\" target=\"_blank\" rel=\"noopener noreferrer\">Ora\u00e7\u00e3o de ter\u00e7a-feira<\/a><\/span><img decoding=\"async\" loading=\"lazy\" class=\"alignright\" src=\"https:\/\/www.educa.itakaescolapios.org\/wp-content\/uploads\/2021\/11\/CALASANZ_color_sin-fondo-scaled.jpg\" alt=\"\" width=\"40%\" height=\"40%\" \/><\/p>\n<p><span style=\"font-family: arial, helvetica, sans-serif; font-size: 20px;\"><a href=\"https:\/\/www.educa.itakaescolapios.org\/wp-content\/uploads\/2021\/12\/1.4.2-Oraci\u00f3n-quarta-feira-mi\u00e9rcoles.pdf\" target=\"_blank\" rel=\"noopener noreferrer\">Ora\u00e7\u00e3o de quarta-feira<\/a><\/span><\/p>\n<p><span style=\"font-family: arial, helvetica, sans-serif; font-size: 20px;\"><a href=\"https:\/\/www.educa.itakaescolapios.org\/wp-content\/uploads\/2021\/12\/1.4.2-PT-Oraci\u00f3n-quinta-feira-jueves.pdf\" target=\"_blank\" rel=\"noopener noreferrer\">Ora\u00e7\u00e3o de quinta-feira<\/a><\/span><\/p>\n<p><span style=\"font-family: arial, helvetica, sans-serif; font-size: 20px;\"><a href=\"https:\/\/www.educa.itakaescolapios.org\/wp-content\/uploads\/2021\/12\/1.4.2-PT-Oraci\u00f3n-sexta-fiera-viernes.pdf\" target=\"_blank\" rel=\"noopener noreferrer\">Ora\u00e7\u00e3o de sexta-feira<\/a><\/span><\/p>\n<p><span style=\"font-family: arial, helvetica, sans-serif; font-size: 20px;\"><a href=\"https:\/\/www.educa.itakaescolapios.org\/wp-content\/uploads\/2021\/12\/1.4.2-PT-Eucarist\u00eda.docx\" target=\"_blank\" rel=\"noopener noreferrer\">Eucaristia\u00a0\u00a0<\/a><\/span><\/p>\n<p>&nbsp;<\/p>\n<p>&nbsp;<\/p>\n<p>&nbsp;<\/p>\n<p>&nbsp;<\/p>\n<p>&nbsp;<\/p>","protected":false},"excerpt":{"rendered":"<p>Ora\u00e7\u00e3o de segunda-feira Ora\u00e7\u00e3o de ter\u00e7a-feira Ora\u00e7\u00e3o de quarta-feira Ora\u00e7\u00e3o de quinta-feira Ora\u00e7\u00e3o de sexta-feira Eucaristia\u00a0\u00a0 &nbsp; &nbsp; &nbsp; &nbsp; &nbsp;<\/p>\n","protected":false},"author":5,"featured_media":0,"parent":5117,"menu_order":2,"comment_status":"closed","ping_status":"closed","template":"","meta":[],"acf":[],"_links":{"self":[{"href":"https:\/\/www.educa.itakaescolapios.org\/pt\/wp-json\/wp\/v2\/pages\/5127"}],"collection":[{"href":"https:\/\/www.educa.itakaescolapios.org\/pt\/wp-json\/wp\/v2\/pages"}],"about":[{"href":"https:\/\/www.educa.itakaescolapios.org\/pt\/wp-json\/wp\/v2\/types\/page"}],"author":[{"embeddable":true,"href":"https:\/\/www.educa.itakaescolapios.org\/pt\/wp-json\/wp\/v2\/users\/5"}],"replies":[{"embeddable":true,"href":"https:\/\/www.educa.itakaescolapios.org\/pt\/wp-json\/wp\/v2\/comments?post=5127"}],"version-history":[{"count":17,"href":"https:\/\/www.educa.itakaescolapios.org\/pt\/wp-json\/wp\/v2\/pages\/5127\/revisions"}],"predecessor-version":[{"id":6341,"href":"https:\/\/www.educa.itakaescolapios.org\/pt\/wp-json\/wp\/v2\/pages\/5127\/revisions\/6341"}],"up":[{"embeddable":true,"href":"https:\/\/www.educa.itakaescolapios.org\/pt\/wp-json\/wp\/v2\/pages\/5117"}],"wp:attachment":[{"href":"https:\/\/www.educa.itakaescolapios.org\/pt\/wp-json\/wp\/v2\/media?parent=5127"}],"curies":[{"name":"wp","href":"https:\/\/api.w.org\/{rel}","templated":true}]}}

Orações e Eucaristia

<p><span style="font-family: arial, helvetica, sans-serif; font-size: 20px;"><a href="https://www.educa.itakaescolapios.org/wp-content/uploads/2021/12/1.4.2-PT-Oración-segunda-feira.-lunes.pdf" target="_blank" rel="noopener noreferrer">Oração de segunda-feira</a></span></p>
<p><span style="font-family: arial, helvetica, sans-serif; font-size: 20px;"><a href="https://www.educa.itakaescolapios.org/wp-content/uploads/2021/12/1.4.2-PT-Oración-terça-feira-martes.pdf" target="_blank" rel="noopener noreferrer">Oração de terça-feira</a></span><img decoding="async" loading="lazy" class="alignright" src="https://www.educa.itakaescolapios.org/wp-content/uploads/2021/11/CALASANZ_color_sin-fondo-scaled.jpg" alt="" width="40%" height="40%" /></p>
<p><span style="font-family: arial, helvetica, sans-serif; font-size: 20px;"><a href="https://www.educa.itakaescolapios.org/wp-content/uploads/2021/12/1.4.2-Oración-quarta-feira-miércoles.pdf" target="_blank" rel="noopener noreferrer">Oração de quarta-feira</a></span></p>
<p><span style="font-family: arial, helvetica, sans-serif; font-size: 20px;"><a href="https://www.educa.itakaescolapios.org/wp-content/uploads/2021/12/1.4.2-PT-Oración-quinta-feira-jueves.pdf" target="_blank" rel="noopener noreferrer">Oração de quinta-feira</a></span></p>
<p><span style="font-family: arial, helvetica, sans-serif; font-size: 20px;"><a href="https://www.educa.itakaescolapios.org/wp-content/uploads/2021/12/1.4.2-PT-Oración-sexta-fiera-viernes.pdf" target="_blank" rel="noopener noreferrer">Oração de sexta-feira</a></span></p>
<p><span style="font-family: arial, helvetica, sans-serif; font-size: 20px;"><a href="https://www.educa.itakaescolapios.org/wp-content/uploads/2021/12/1.4.2-PT-Eucaristía.docx" target="_blank" rel="noopener noreferrer">Eucaristia  </a></span></p>
<p>&nbsp;</p>
<p>&nbsp;</p>
<p>&nbsp;</p>
<p>&nbsp;</p>
<p>&nbsp;</p>

<p>Oração de segunda-feira Oração de terça-feira Oração de quarta-feira Oração de quinta-feira Oração de sexta-feira Eucaristia   &nbsp; &nbsp; &nbsp; &nbsp; &nbsp;</p>
