{"id":5923,"date":"2021-12-30T09:45:57","date_gmt":"2021-12-30T08:45:57","guid":{"rendered":"https:\/\/www.educa.itakaescolapios.org\/?page_id=5923"},"modified":"2023-05-05T13:28:29","modified_gmt":"2023-05-05T11:28:29","slug":"mision-paz-y-derechos-humanos","status":"publish","type":"page","link":"https:\/\/www.educa.itakaescolapios.org\/pt\/semanas-de-la-paz\/2021-2022-tu-eres-el-cambio\/mision-paz-y-derechos-humanos","title":{"rendered":"MISS\u00c3O PAZ E DIREITOS HUMANOS"},"content":{"rendered":"<p>&nbsp;<\/p>\n<p style=\"text-align: justify;\"><img decoding=\"async\" loading=\"lazy\" class=\"alignleft\" src=\"https:\/\/www.educa.itakaescolapios.org\/wp-content\/uploads\/2021\/12\/CARTELES-MISIONES-21225.jpg\" alt=\"\" width=\"515\" height=\"343\" \/><\/p>\n<p style=\"text-align: justify;\">Os centros escol\u00e1pios tamb\u00e9m s\u00e3o chamados a trabalhar pela paz e pelo cumprimento dos direitos humanos.<br \/>\nComo na Espanha, onde a maioria das escolas reflete e celebra o Dia Escolar da N\u00e3o-Viol\u00eancia e da Paz a cada 30 de janeiro (no anivers\u00e1rio da morte de Gandhi).<br \/>\nEmbora nossa proposta de miss\u00e3o de trabalhar pela paz e pelos direitos humanos possa ser realizada durante todo o ano, dependendo da organiza\u00e7\u00e3o em cada continente ou pa\u00eds, a partir de Itaka-Escol\u00e1pios propomos que voc\u00ea conhe\u00e7a algumas das realidades de conflitos existentes nos lugares onde estamos presentes, e tamb\u00e9m as a\u00e7\u00f5es que est\u00e3o sendo realizadas pelas EEPPs.<br \/>\nAssim, o pr\u00f3prio Calasanz nos convida para a Miss\u00e3o Paz e Direitos Humanos, e nos lembra que, embora possa nos parecer que todos os conflitos e guerras est\u00e3o longe ou fora de nosso ambiente, muitas vezes, temos algo importante a dizer, e acima de tudo a fazer. Cada um de n\u00f3s pode gerar uma cultura de paz, porque: VOC\u00ca \u00c9 A MUDAN\u00c7A.<br \/>\nH\u00e1 in\u00fameras atividades para implementar a miss\u00e3o de paz e direitos humanos e uma carta de felicita\u00e7\u00f5es escritas por Dorotea para o momento em que alcance a meta. (<a href=\"https:\/\/www.educa.itakaescolapios.org\/wp-content\/uploads\/2022\/01\/PT.14.-Carta-Dorotea-fin-paz-y-ddhh.pdf\" target=\"_blank\" rel=\"noopener noreferrer\">Carta final de miss\u00e3o<\/a>.)<\/p>\n<p>&nbsp;<\/p>\n<p><a href=\"https:\/\/www.educa.itakaescolapios.org\/semanas-de-la-paz\/2021-2022-tu-eres-el-cambio\/actividades-para-los-centros-educativos\" target=\"_blank\" rel=\"noopener noreferrer\"><strong>ATIVIDADES PARA ESCOLAS<\/strong><\/a><\/p>\n<ul>\n<li style=\"list-style-type: none;\">\n<ul>\n<li style=\"list-style-type: none;\">\n<ul style=\"list-style-type: square;\">\n<li><a href=\"https:\/\/www.educa.itakaescolapios.org\/paz\/bote-de-paz\" target=\"_blank\" rel=\"noopener noreferrer\">Pote da Paz (de 3 a 7 anos de idade)<\/a><\/li>\n<li><a href=\"https:\/\/www.educa.itakaescolapios.org\/paz\/comite-de-la-paz\" target=\"_blank\" rel=\"noopener noreferrer\">Comit\u00ea da Paz&#8221; (de 7 a 11 anos de idade)<\/a><\/li>\n<li><a href=\"https:\/\/www.educa.itakaescolapios.org\/paz\/activistas-por-la-paz-y-los-derechos-humanos\" target=\"_blank\" rel=\"noopener noreferrer\">Ativistas pela Paz e Direitos Humanos (de 12 a 15 anos de idade)<\/a><\/li>\n<li><a href=\"https:\/\/www.educa.itakaescolapios.org\/derecho-a-la-educacion\/escuelas-pias-en-mozambique\" target=\"_blank\" rel=\"noopener noreferrer\">EEPP em Mo\u00e7ambique (de 15 a 18 anos de idade)<\/a><\/li>\n<li><a href=\"https:\/\/www.educa.itakaescolapios.org\/paz\/mensajes-de-paz\" target=\"_blank\" rel=\"noopener noreferrer\">Ato principal: Mensagens de paz<\/a><\/li>\n<\/ul>\n<\/li>\n<\/ul>\n<\/li>\n<\/ul>\n<p>&nbsp;<\/p>\n<p><a href=\"https:\/\/www.educa.itakaescolapios.org\/semanas-de-la-paz\/2021-2022-tu-eres-el-cambio\/oraciones-por-la-paz\" target=\"_blank\" rel=\"noopener noreferrer\"><b>ORA\u00c7OES PELA PAZ<\/b><\/a><\/p>\n<p>&nbsp;<\/p>\n<p><a href=\"https:\/\/www.educa.itakaescolapios.org\/eu\/semanas-de-la-paz\/2021-2022-tu-eres-el-cambio\/actividades-para-el-movimiento-calasanz\" target=\"_blank\" rel=\"noopener noreferrer\"><strong>ATIVIDADES PARA O MOVIMENTO CALASANZ<\/strong><\/a><\/p>\n<ul>\n<li style=\"list-style-type: none;\">\n<ul>\n<li style=\"list-style-type: none;\">\n<ul style=\"list-style-type: square;\">\n<li><a href=\"https:\/\/www.educa.itakaescolapios.org\/paz\/mi-casa-de-la-paz\" target=\"_blank\" rel=\"noopener noreferrer\">Minha casa de Paz (de 3 a 7 anos de idade)<\/a><\/li>\n<li><a href=\"https:\/\/www.educa.itakaescolapios.org\/paz\/transplantando-amistades\" target=\"_blank\" rel=\"noopener noreferrer\">Transplantando amizades (de 7 a 11 anos de idade)<\/a><\/li>\n<li><a href=\"https:\/\/www.educa.itakaescolapios.org\/pt\/paz\/mensajeras-de-la-paz\" target=\"_blank\" rel=\"noopener noreferrer\">Os mensageiros da paz (de 12 a 15 anos de idade)<\/a><\/li>\n<li><a href=\"https:\/\/www.educa.itakaescolapios.org\/derecho-a-la-educacion\/la-paz-es-el-camino\" target=\"_blank\" rel=\"noopener noreferrer\">A paz e o caminho (de 15 a 18 anos de idade)<\/a><\/li>\n<li><a href=\"https:\/\/www.educa.itakaescolapios.org\/paz\/tips-para-discutir-bien\" target=\"_blank\" rel=\"noopener noreferrer\">Dicas para um bom debate ( + 18 anos de idade)<\/a><\/li>\n<\/ul>\n<\/li>\n<\/ul>\n<\/li>\n<\/ul>\n<p><a href=\"https:\/\/www.educa.itakaescolapios.org\/semanas-de-la-paz\/2021-2022-tu-eres-el-cambio\/actividades-para-adultos\" target=\"_blank\" rel=\"noopener noreferrer\"><strong>ATIVIDADES PARA ADULTOS<\/strong><\/a><\/p>\n<ul>\n<li style=\"list-style-type: none;\">\n<ul>\n<li style=\"list-style-type: none;\">\n<ul style=\"list-style-type: square;\">\n<li><a href=\"https:\/\/www.educa.itakaescolapios.org\/derecho-a-la-educacion\/fraternidad-mision-paz-y-ddhh\" target=\"_blank\" rel=\"noopener noreferrer\">Fraternidade<\/a><\/li>\n<li><a href=\"https:\/\/www.educa.itakaescolapios.org\/derecho-a-la-educacion\/mision-compartida-campana-paz-y-ddhh\" target=\"_blank\" rel=\"noopener noreferrer\">Misi\u00f3n Compartida<\/a><\/li>\n<\/ul>\n<\/li>\n<\/ul>\n<\/li>\n<\/ul>\n<p><\/p>","protected":false},"excerpt":{"rendered":"<p>&nbsp; Os centros escol\u00e1pios tamb\u00e9m s\u00e3o chamados a trabalhar pela paz e pelo cumprimento dos direitos humanos. Como na Espanha, onde a maioria das escolas reflete [&hellip;]<\/p>\n","protected":false},"author":5,"featured_media":0,"parent":5902,"menu_order":0,"comment_status":"closed","ping_status":"closed","template":"","meta":[],"acf":[],"_links":{"self":[{"href":"https:\/\/www.educa.itakaescolapios.org\/pt\/wp-json\/wp\/v2\/pages\/5923"}],"collection":[{"href":"https:\/\/www.educa.itakaescolapios.org\/pt\/wp-json\/wp\/v2\/pages"}],"about":[{"href":"https:\/\/www.educa.itakaescolapios.org\/pt\/wp-json\/wp\/v2\/types\/page"}],"author":[{"embeddable":true,"href":"https:\/\/www.educa.itakaescolapios.org\/pt\/wp-json\/wp\/v2\/users\/5"}],"replies":[{"embeddable":true,"href":"https:\/\/www.educa.itakaescolapios.org\/pt\/wp-json\/wp\/v2\/comments?post=5923"}],"version-history":[{"count":62,"href":"https:\/\/www.educa.itakaescolapios.org\/pt\/wp-json\/wp\/v2\/pages\/5923\/revisions"}],"predecessor-version":[{"id":7602,"href":"https:\/\/www.educa.itakaescolapios.org\/pt\/wp-json\/wp\/v2\/pages\/5923\/revisions\/7602"}],"up":[{"embeddable":true,"href":"https:\/\/www.educa.itakaescolapios.org\/pt\/wp-json\/wp\/v2\/pages\/5902"}],"wp:attachment":[{"href":"https:\/\/www.educa.itakaescolapios.org\/pt\/wp-json\/wp\/v2\/media?parent=5923"}],"curies":[{"name":"wp","href":"https:\/\/api.w.org\/{rel}","templated":true}]}}

MISSÃO PAZ E DIREITOS HUMANOS

<p>&nbsp;</p>
<p style="text-align: justify;"><img decoding="async" loading="lazy" class="alignleft" src="https://www.educa.itakaescolapios.org/wp-content/uploads/2021/12/CARTELES-MISIONES-21225.jpg" alt="" width="515" height="343" /></p>
<p style="text-align: justify;">Os centros escolápios também são chamados a trabalhar pela paz e pelo cumprimento dos direitos humanos.<br />
Como na Espanha, onde a maioria das escolas reflete e celebra o Dia Escolar da Não-Violência e da Paz a cada 30 de janeiro (no aniversário da morte de Gandhi).<br />
Embora nossa proposta de missão de trabalhar pela paz e pelos direitos humanos possa ser realizada durante todo o ano, dependendo da organização em cada continente ou país, a partir de Itaka-Escolápios propomos que você conheça algumas das realidades de conflitos existentes nos lugares onde estamos presentes, e também as ações que estão sendo realizadas pelas EEPPs.<br />
Assim, o próprio Calasanz nos convida para a Missão Paz e Direitos Humanos, e nos lembra que, embora possa nos parecer que todos os conflitos e guerras estão longe ou fora de nosso ambiente, muitas vezes, temos algo importante a dizer, e acima de tudo a fazer. Cada um de nós pode gerar uma cultura de paz, porque: VOCÊ É A MUDANÇA.<br />
Há inúmeras atividades para implementar a missão de paz e direitos humanos e uma carta de felicitações escritas por Dorotea para o momento em que alcance a meta. (<a href="https://www.educa.itakaescolapios.org/wp-content/uploads/2022/01/PT.14.-Carta-Dorotea-fin-paz-y-ddhh.pdf" target="_blank" rel="noopener noreferrer">Carta final de missão</a>.)</p>
<p>&nbsp;</p>
<p><a href="https://www.educa.itakaescolapios.org/semanas-de-la-paz/2021-2022-tu-eres-el-cambio/actividades-para-los-centros-educativos" target="_blank" rel="noopener noreferrer"><strong>ATIVIDADES PARA ESCOLAS</strong></a></p>
<ul>
<li style="list-style-type: none;">
<ul>
<li style="list-style-type: none;">
<ul style="list-style-type: square;">
<li><a href="https://www.educa.itakaescolapios.org/paz/bote-de-paz" target="_blank" rel="noopener noreferrer">Pote da Paz (de 3 a 7 anos de idade)</a></li>
<li><a href="https://www.educa.itakaescolapios.org/paz/comite-de-la-paz" target="_blank" rel="noopener noreferrer">Comitê da Paz&#8221; (de 7 a 11 anos de idade)</a></li>
<li><a href="https://www.educa.itakaescolapios.org/paz/activistas-por-la-paz-y-los-derechos-humanos" target="_blank" rel="noopener noreferrer">Ativistas pela Paz e Direitos Humanos (de 12 a 15 anos de idade)</a></li>
<li><a href="https://www.educa.itakaescolapios.org/derecho-a-la-educacion/escuelas-pias-en-mozambique" target="_blank" rel="noopener noreferrer">EEPP em Moçambique (de 15 a 18 anos de idade)</a></li>
<li><a href="https://www.educa.itakaescolapios.org/paz/mensajes-de-paz" target="_blank" rel="noopener noreferrer">Ato principal: Mensagens de paz</a></li>
</ul>
</li>
</ul>
</li>
</ul>
<p>&nbsp;</p>
<p><a href="https://www.educa.itakaescolapios.org/semanas-de-la-paz/2021-2022-tu-eres-el-cambio/oraciones-por-la-paz" target="_blank" rel="noopener noreferrer"><b>ORAÇOES PELA PAZ</b></a></p>
<p>&nbsp;</p>
<p><a href="https://www.educa.itakaescolapios.org/eu/semanas-de-la-paz/2021-2022-tu-eres-el-cambio/actividades-para-el-movimiento-calasanz" target="_blank" rel="noopener noreferrer"><strong>ATIVIDADES PARA O MOVIMENTO CALASANZ</strong></a></p>
<ul>
<li style="list-style-type: none;">
<ul>
<li style="list-style-type: none;">
<ul style="list-style-type: square;">
<li><a href="https://www.educa.itakaescolapios.org/paz/mi-casa-de-la-paz" target="_blank" rel="noopener noreferrer">Minha casa de Paz (de 3 a 7 anos de idade)</a></li>
<li><a href="https://www.educa.itakaescolapios.org/paz/transplantando-amistades" target="_blank" rel="noopener noreferrer">Transplantando amizades (de 7 a 11 anos de idade)</a></li>
<li><a href="https://www.educa.itakaescolapios.org/pt/paz/mensajeras-de-la-paz" target="_blank" rel="noopener noreferrer">Os mensageiros da paz (de 12 a 15 anos de idade)</a></li>
<li><a href="https://www.educa.itakaescolapios.org/derecho-a-la-educacion/la-paz-es-el-camino" target="_blank" rel="noopener noreferrer">A paz e o caminho (de 15 a 18 anos de idade)</a></li>
<li><a href="https://www.educa.itakaescolapios.org/paz/tips-para-discutir-bien" target="_blank" rel="noopener noreferrer">Dicas para um bom debate ( + 18 anos de idade)</a></li>
</ul>
</li>
</ul>
</li>
</ul>
<p><a href="https://www.educa.itakaescolapios.org/semanas-de-la-paz/2021-2022-tu-eres-el-cambio/actividades-para-adultos" target="_blank" rel="noopener noreferrer"><strong>ATIVIDADES PARA ADULTOS</strong></a></p>
<ul>
<li style="list-style-type: none;">
<ul>
<li style="list-style-type: none;">
<ul style="list-style-type: square;">
<li><a href="https://www.educa.itakaescolapios.org/derecho-a-la-educacion/fraternidad-mision-paz-y-ddhh" target="_blank" rel="noopener noreferrer">Fraternidade</a></li>
<li><a href="https://www.educa.itakaescolapios.org/derecho-a-la-educacion/mision-compartida-campana-paz-y-ddhh" target="_blank" rel="noopener noreferrer">Misión Compartida</a></li>
</ul>
</li>
</ul>
</li>
</ul>
<p></p>

<p>&nbsp; Os centros escolápios também são chamados a trabalhar pela paz e pelo cumprimento dos direitos humanos. Como na Espanha, onde a maioria das escolas reflete [&hellip;]</p>
