{"id":6383,"date":"2022-11-02T12:55:08","date_gmt":"2022-11-02T11:55:08","guid":{"rendered":"https:\/\/www.educa.itakaescolapios.org\/?page_id=6383"},"modified":"2023-02-14T14:12:48","modified_gmt":"2023-02-14T13:12:48","slug":"mision-paz","status":"publish","type":"page","link":"https:\/\/www.educa.itakaescolapios.org\/pt\/campanas\/2022-2023-una-voz-un-millon-de-cambios\/metodologia-de-trabajo\/mision-paz","title":{"rendered":"Miss\u00e3o Paz"},"content":{"rendered":"<p><span style=\"font-family: arial, helvetica, sans-serif;\"><img decoding=\"async\" class=\"alignright\" src=\"https:\/\/www.educa.itakaescolapios.org\/wp-content\/uploads\/2023\/02\/PT.LOGO-M-PAZ-PORT.png\" alt=\"\" width=\"40%\" \/><\/span><\/p>\n<p style=\"text-align: left;\"><span style=\"font-family: arial, helvetica, sans-serif;\">\u00c9 tempo de construir a PAZ e fazer valer os Direitos Humanos em todos os contextos onde nos desenvolvemos, \u00e9 tempo de trabalhar por um ambiente de paz em nosso entorno, \u00e9 tempo de fazer valer nossa voz para a levar aonde se necessite.<\/span><\/p>\n<p style=\"text-align: left;\"><span style=\"font-family: arial, helvetica, sans-serif;\">Dispomo-nos de uma s\u00e9rie de atividades para trabalhar isso, seja em sala de aula ou no Movimento Calasanz, com crian\u00e7as e jovens de todas as idades. Convidamos voc\u00eas a descobri-las, n\u00e3o sem antes apresentar-lhes e contextualizar a campanha <em>\u201cUma voz, um milh\u00e3o de mudan\u00e7as\u201d<\/em> com a ajuda de, ao menos, um destes dois v\u00eddeos.<\/span><\/p>\n<p><iframe loading=\"lazy\" src=\"\/\/www.youtube.com\/embed\/FJMId-xm8gk\" width=\"48%\" height=\"200\" allowfullscreen=\"allowfullscreen\"><\/iframe> <iframe loading=\"lazy\" src=\"\/\/www.youtube.com\/embed\/HamdBtINONA\" width=\"48%\" height=\"200\" allowfullscreen=\"allowfullscreen\"><\/iframe><\/p>\n<p>&nbsp;<\/p>\n<p><span style=\"font-family: arial, helvetica, sans-serif;\"><strong>ATIVIDADES <\/strong><strong>PARA<\/strong><strong> EM SALA DE AULA<\/strong><\/span><\/p>\n<ul>\n<li style=\"list-style-type: none;\">\n<ul style=\"list-style-type: square;\">\n<li><span style=\"font-family: arial, helvetica, sans-serif;\"><a href=\"https:\/\/www.educa.itakaescolapios.org\/paz\/mision-paz-para-peques-venezuela\" target=\"_blank\" rel=\"noopener noreferrer\">Estamos com Venezuela (dos 3 aos 8 anos)<\/a><\/span><\/li>\n<li><span style=\"font-family: arial, helvetica, sans-serif;\"><a href=\"https:\/\/www.educa.itakaescolapios.org\/paz\/nos-comprometemos\" target=\"_blank\" rel=\"noopener noreferrer\">Nos comprometemos (dos 8 aos 12 anos)<\/a><\/span><\/li>\n<li><span style=\"font-family: arial, helvetica, sans-serif;\"><a href=\"https:\/\/www.educa.itakaescolapios.org\/enfoque-local-global\/tu-voz-por-camerun\" target=\"_blank\" rel=\"noopener noreferrer\">Tua voz por Camar\u00f5es (dos 12 aos 16 anos)<\/a><\/span><\/li>\n<li><span style=\"font-family: arial, helvetica, sans-serif;\"><a href=\"https:\/\/www.educa.itakaescolapios.org\/paz\/donde-estan-mis-derechos\" target=\"_blank\" rel=\"noopener noreferrer\">Onde est\u00e3o meus direitos? (dos 16 aos 18 anos)<\/a><\/span><\/li>\n<li><span style=\"font-family: arial, helvetica, sans-serif;\"><a href=\"https:\/\/www.educa.itakaescolapios.org\/paz\/calasanz-y-la-paz\" target=\"_blank\" rel=\"noopener noreferrer\">Calasanz y la paz (dos 3 aos 8 anos)<\/a><\/span><\/li>\n<li><span style=\"font-family: arial, helvetica, sans-serif;\"><a href=\"https:\/\/www.educa.itakaescolapios.org\/paz\/calendario-de-paz\">Calendario de paz (dos 8 aos 12 anos)<\/a><\/span><\/li>\n<li><span style=\"font-family: arial, helvetica, sans-serif;\"><a href=\"https:\/\/www.educa.itakaescolapios.org\/paz\/las-noticias-del-futuro\">Las noticias del futuro (dos 12 aos 16 anos)<\/a><\/span><\/li>\n<li><span style=\"font-family: arial, helvetica, sans-serif;\"><a href=\"https:\/\/www.educa.itakaescolapios.org\/paz\/marcha-por-la-paz\">Marcha por la paz (mail de 16 anos)<\/a><\/span><\/li>\n<\/ul>\n<\/li>\n<\/ul>\n<p><span style=\"font-family: arial, helvetica, sans-serif;\"><strong>ATIVIDADES PARA O MOVIMENTO CALASANZ<\/strong><\/span><\/p>\n<ul>\n<li style=\"list-style-type: none;\">\n<ul style=\"list-style-type: square;\">\n<li style=\"list-style-type: none;\">\n<ul style=\"list-style-type: square;\">\n<li><span style=\"font-family: arial, helvetica, sans-serif;\"><a href=\"https:\/\/www.educa.itakaescolapios.org\/paz\/mision-paz-movimiento-calasanz\" target=\"_blank\" rel=\"noopener noreferrer\">Ecos da Paz<\/a><\/span><\/li>\n<li><span style=\"font-family: arial, helvetica, sans-serif;\"><a href=\"https:\/\/www.educa.itakaescolapios.org\/paz\/escribimos-al-alcalde\" target=\"_blank\" rel=\"noopener noreferrer\">Escrevemos ao Prefeito<\/a><\/span><\/li>\n<li><span style=\"font-family: arial, helvetica, sans-serif;\"><a href=\"https:\/\/www.educa.itakaescolapios.org\/paz\/video-por-la-paz\" target=\"_blank\" rel=\"noopener noreferrer\">Video pela Paz<\/a><\/span><\/li>\n<li><span style=\"font-family: arial, helvetica, sans-serif;\"><a href=\"https:\/\/www.educa.itakaescolapios.org\/paz\/mensajeros-y-mensajeras-de-gratitud\" target=\"_blank\" rel=\"noopener noreferrer\">Mensageiros de gratid\u00e3o<\/a><\/span><\/li>\n<\/ul>\n<\/li>\n<\/ul>\n<p><span style=\"font-family: arial, helvetica, sans-serif;\"><strong>ATIVIDADES PARA GRUPOS E COMUNIDADES ADULTAS<\/strong><\/span><\/p>\n<ul>\n<li style=\"list-style-type: none;\">\n<ul style=\"list-style-type: square;\">\n<li><span style=\"font-family: arial, helvetica, sans-serif;\"><a href=\"https:\/\/www.educa.itakaescolapios.org\/paz\/oremos-por-la-paz\" target=\"_blank\" rel=\"noopener noreferrer\">Oremos pela paz<\/a><\/span><\/li>\n<\/ul>\n<\/li>\n<\/ul>\n<p><span style=\"font-family: arial, helvetica, sans-serif;\"><img decoding=\"async\" loading=\"lazy\" class=\"aligncenter\" style=\"font-size: 20px;\" src=\"https:\/\/www.educa.itakaescolapios.org\/wp-content\/uploads\/2020\/11\/mano-click-verde-en-el-medio-150x150.jpg\" alt=\"\" width=\"10%\" height=\"10%\" \/><\/span><\/p>\n<p><span style=\"font-family: arial, helvetica, sans-serif;\"><img decoding=\"async\" loading=\"lazy\" class=\"aligncenter\" src=\"https:\/\/www.educa.itakaescolapios.org\/wp-content\/uploads\/2020\/07\/BLA_color-731x1024-1.jpg\" alt=\"\" width=\"50%\" height=\"50%\" \/><\/span><\/p>","protected":false},"excerpt":{"rendered":"<p>\u00c9 tempo de construir a PAZ e fazer valer os Direitos Humanos em todos os contextos onde nos desenvolvemos, \u00e9 tempo de trabalhar por um ambiente [&hellip;]<\/p>\n","protected":false},"author":5,"featured_media":0,"parent":6375,"menu_order":0,"comment_status":"closed","ping_status":"closed","template":"","meta":[],"acf":[],"_links":{"self":[{"href":"https:\/\/www.educa.itakaescolapios.org\/pt\/wp-json\/wp\/v2\/pages\/6383"}],"collection":[{"href":"https:\/\/www.educa.itakaescolapios.org\/pt\/wp-json\/wp\/v2\/pages"}],"about":[{"href":"https:\/\/www.educa.itakaescolapios.org\/pt\/wp-json\/wp\/v2\/types\/page"}],"author":[{"embeddable":true,"href":"https:\/\/www.educa.itakaescolapios.org\/pt\/wp-json\/wp\/v2\/users\/5"}],"replies":[{"embeddable":true,"href":"https:\/\/www.educa.itakaescolapios.org\/pt\/wp-json\/wp\/v2\/comments?post=6383"}],"version-history":[{"count":58,"href":"https:\/\/www.educa.itakaescolapios.org\/pt\/wp-json\/wp\/v2\/pages\/6383\/revisions"}],"predecessor-version":[{"id":7265,"href":"https:\/\/www.educa.itakaescolapios.org\/pt\/wp-json\/wp\/v2\/pages\/6383\/revisions\/7265"}],"up":[{"embeddable":true,"href":"https:\/\/www.educa.itakaescolapios.org\/pt\/wp-json\/wp\/v2\/pages\/6375"}],"wp:attachment":[{"href":"https:\/\/www.educa.itakaescolapios.org\/pt\/wp-json\/wp\/v2\/media?parent=6383"}],"curies":[{"name":"wp","href":"https:\/\/api.w.org\/{rel}","templated":true}]}}

Missão Paz

<p><span style="font-family: arial, helvetica, sans-serif;"><img decoding="async" class="alignright" src="https://www.educa.itakaescolapios.org/wp-content/uploads/2023/02/PT.LOGO-M-PAZ-PORT.png" alt="" width="40%" /></span></p>
<p style="text-align: left;"><span style="font-family: arial, helvetica, sans-serif;">É tempo de construir a PAZ e fazer valer os Direitos Humanos em todos os contextos onde nos desenvolvemos, é tempo de trabalhar por um ambiente de paz em nosso entorno, é tempo de fazer valer nossa voz para a levar aonde se necessite.</span></p>
<p style="text-align: left;"><span style="font-family: arial, helvetica, sans-serif;">Dispomo-nos de uma série de atividades para trabalhar isso, seja em sala de aula ou no Movimento Calasanz, com crianças e jovens de todas as idades. Convidamos vocês a descobri-las, não sem antes apresentar-lhes e contextualizar a campanha <em>“Uma voz, um milhão de mudanças”</em> com a ajuda de, ao menos, um destes dois vídeos.</span></p>
<p><iframe loading="lazy" src="//www.youtube.com/embed/FJMId-xm8gk" width="48%" height="200" allowfullscreen="allowfullscreen"></iframe> <iframe loading="lazy" src="//www.youtube.com/embed/HamdBtINONA" width="48%" height="200" allowfullscreen="allowfullscreen"></iframe></p>
<p>&nbsp;</p>
<p><span style="font-family: arial, helvetica, sans-serif;"><strong>ATIVIDADES </strong><strong>PARA</strong><strong> EM SALA DE AULA</strong></span></p>
<ul>
<li style="list-style-type: none;">
<ul style="list-style-type: square;">
<li><span style="font-family: arial, helvetica, sans-serif;"><a href="https://www.educa.itakaescolapios.org/paz/mision-paz-para-peques-venezuela" target="_blank" rel="noopener noreferrer">Estamos com Venezuela (dos 3 aos 8 anos)</a></span></li>
<li><span style="font-family: arial, helvetica, sans-serif;"><a href="https://www.educa.itakaescolapios.org/paz/nos-comprometemos" target="_blank" rel="noopener noreferrer">Nos comprometemos (dos 8 aos 12 anos)</a></span></li>
<li><span style="font-family: arial, helvetica, sans-serif;"><a href="https://www.educa.itakaescolapios.org/enfoque-local-global/tu-voz-por-camerun" target="_blank" rel="noopener noreferrer">Tua voz por Camarões (dos 12 aos 16 anos)</a></span></li>
<li><span style="font-family: arial, helvetica, sans-serif;"><a href="https://www.educa.itakaescolapios.org/paz/donde-estan-mis-derechos" target="_blank" rel="noopener noreferrer">Onde estão meus direitos? (dos 16 aos 18 anos)</a></span></li>
<li><span style="font-family: arial, helvetica, sans-serif;"><a href="https://www.educa.itakaescolapios.org/paz/calasanz-y-la-paz" target="_blank" rel="noopener noreferrer">Calasanz y la paz (dos 3 aos 8 anos)</a></span></li>
<li><span style="font-family: arial, helvetica, sans-serif;"><a href="https://www.educa.itakaescolapios.org/paz/calendario-de-paz">Calendario de paz (dos 8 aos 12 anos)</a></span></li>
<li><span style="font-family: arial, helvetica, sans-serif;"><a href="https://www.educa.itakaescolapios.org/paz/las-noticias-del-futuro">Las noticias del futuro (dos 12 aos 16 anos)</a></span></li>
<li><span style="font-family: arial, helvetica, sans-serif;"><a href="https://www.educa.itakaescolapios.org/paz/marcha-por-la-paz">Marcha por la paz (mail de 16 anos)</a></span></li>
</ul>
</li>
</ul>
<p><span style="font-family: arial, helvetica, sans-serif;"><strong>ATIVIDADES PARA O MOVIMENTO CALASANZ</strong></span></p>
<ul>
<li style="list-style-type: none;">
<ul style="list-style-type: square;">
<li style="list-style-type: none;">
<ul style="list-style-type: square;">
<li><span style="font-family: arial, helvetica, sans-serif;"><a href="https://www.educa.itakaescolapios.org/paz/mision-paz-movimiento-calasanz" target="_blank" rel="noopener noreferrer">Ecos da Paz</a></span></li>
<li><span style="font-family: arial, helvetica, sans-serif;"><a href="https://www.educa.itakaescolapios.org/paz/escribimos-al-alcalde" target="_blank" rel="noopener noreferrer">Escrevemos ao Prefeito</a></span></li>
<li><span style="font-family: arial, helvetica, sans-serif;"><a href="https://www.educa.itakaescolapios.org/paz/video-por-la-paz" target="_blank" rel="noopener noreferrer">Video pela Paz</a></span></li>
<li><span style="font-family: arial, helvetica, sans-serif;"><a href="https://www.educa.itakaescolapios.org/paz/mensajeros-y-mensajeras-de-gratitud" target="_blank" rel="noopener noreferrer">Mensageiros de gratidão</a></span></li>
</ul>
</li>
</ul>
<p><span style="font-family: arial, helvetica, sans-serif;"><strong>ATIVIDADES PARA GRUPOS E COMUNIDADES ADULTAS</strong></span></p>
<ul>
<li style="list-style-type: none;">
<ul style="list-style-type: square;">
<li><span style="font-family: arial, helvetica, sans-serif;"><a href="https://www.educa.itakaescolapios.org/paz/oremos-por-la-paz" target="_blank" rel="noopener noreferrer">Oremos pela paz</a></span></li>
</ul>
</li>
</ul>
<p><span style="font-family: arial, helvetica, sans-serif;"><img decoding="async" loading="lazy" class="aligncenter" style="font-size: 20px;" src="https://www.educa.itakaescolapios.org/wp-content/uploads/2020/11/mano-click-verde-en-el-medio-150x150.jpg" alt="" width="10%" height="10%" /></span></p>
<p><span style="font-family: arial, helvetica, sans-serif;"><img decoding="async" loading="lazy" class="aligncenter" src="https://www.educa.itakaescolapios.org/wp-content/uploads/2020/07/BLA_color-731x1024-1.jpg" alt="" width="50%" height="50%" /></span></p>

<p>É tempo de construir a PAZ e fazer valer os Direitos Humanos em todos os contextos onde nos desenvolvemos, é tempo de trabalhar por um ambiente [&hellip;]</p>
