{"id":7690,"date":"2023-11-13T15:18:18","date_gmt":"2023-11-13T14:18:18","guid":{"rendered":"https:\/\/www.educa.itakaescolapios.org\/?page_id=7690"},"modified":"2024-02-14T14:23:13","modified_gmt":"2024-02-14T13:23:13","slug":"recordando-una-voz-un-millon-de-cambios","status":"publish","type":"page","link":"https:\/\/www.educa.itakaescolapios.org\/pt\/campanas\/2023-2024-en-algun-lugar-del-mundo\/recordando-una-voz-un-millon-de-cambios","title":{"rendered":"Recordando &#8220;Uma voz, um milh\u00e3o de mudan\u00e7as&#8221;"},"content":{"rendered":"<p><span style=\"font-family: arial, helvetica, sans-serif;\">OBRIGADO!<\/span><\/p>\n<p><span style=\"font-family: arial, helvetica, sans-serif;\">H\u00e1 cerca de um ano, foi aberto um novo espa\u00e7o neste mesmo site EDUCA, para apresentar a campanha \u201cUma voz, um milh\u00e3o de mudan\u00e7as\u201d, focada em conhecer alguns dos projetos Itaka-Escol\u00e1pios. Mas, sobretudo, ouvir a voz de todas as crian\u00e7as e jovens em idade escolar, que apoiam as vozes dos outros, para transformar e melhorar a sociedade.<img decoding=\"async\" loading=\"lazy\" class=\"alignright\" style=\"font-family: arial, helvetica, sans-serif; text-align: justify;\" src=\"https:\/\/www.educa.itakaescolapios.org\/wp-content\/uploads\/2020\/07\/BLA_color-731x1024-1.jpg\" alt=\"\" width=\"252\" height=\"354\" \/><\/span><\/p>\n<p><span style=\"font-family: arial, helvetica, sans-serif;\">Uma campanha que foi desenvolvida durante o \u00faltimo ano em 16 pa\u00edses com presen\u00e7a escol\u00e1pia: Benin, Bol\u00edvia, Brasil, Burkina Faso, Camar\u00f5es, D.R. Congo, Costa do Marfim, Cuba, Espanha, Filipinas, Fran\u00e7a, Gab\u00e3o, Guin\u00e9, M\u00e9xico, Senegal, Venezuela. Na verdade, cada vez, mais de n\u00f3s participamos e colaboramos nesta promo\u00e7\u00e3o da miss\u00e3o transformadora das Escolas Pias atrav\u00e9s das atividades propostas. \u00c9 importante sabermos valorizar e sentir essa fraternidade internacional que se constr\u00f3i com o trabalho comum e partilhado que fazemos; e celebrar, com a mesma voz, as mais de um milh\u00e3o de mudan\u00e7as que geramos atrav\u00e9s dele.<\/span><\/p>\n<p><span style=\"font-family: arial, helvetica, sans-serif;\">Obrigado, mais um ano, por aderir, por se colocar em a\u00e7\u00e3o, por levantar a voz. Estamos convencidos de que, sem o seu envolvimento, n\u00e3o teria sido a mesma coisa. Ao longo do ano, conseguimos divulgar e aprofundar no trabalho que se realiza em seis dos projetos da rede Itaka-Escol\u00e1pios, e apoiar a sustentabilidade econ\u00f4mica destes e de muitos mais.<\/span><\/p>\n<p><span style=\"font-family: arial, helvetica, sans-serif;\">Mais uma vez, obrigado, porque, com todas as suas a\u00e7\u00f5es e doa\u00e7\u00f5es, conseguimos alcan\u00e7ar n\u00fameros importantes, para continuar promovendo a miss\u00e3o escol\u00e1pia em todo o mundo.<br \/>\nE, como todos os anos, nesta mesma p\u00e1gina, partilhamos o cartaz de agradecimento com os valores finais da arrecada\u00e7\u00e3o financeira da campanha \u201cUma voz, um milh\u00e3o de mudan\u00e7as\u201d.<\/span><\/p>\n<p><span style=\"font-family: arial, helvetica, sans-serif;\">Avancemos!\u00a0<\/span><\/p>\n<p><span style=\"font-family: arial, helvetica, sans-serif;\"><span style=\"font-size: 12px;\"><strong><em>*Os p\u00f4steres em outros idiomas podem ser encontrados na se\u00e7\u00e3o de <a href=\"https:\/\/www.educa.itakaescolapios.org\/campanas\/2023-2024-en-algun-lugar-del-mundo\/carteleria-y-ambientacion-en-algun-lugar-del-mundo\">P\u00d4STERES<\/a><\/em><\/strong><\/span>.<\/span><\/p>\n<p><img decoding=\"async\" loading=\"lazy\" class=\"aligncenter\" src=\"https:\/\/www.educa.itakaescolapios.org\/wp-content\/uploads\/2024\/02\/O-BRIGADO.png\" alt=\"\" width=\"100%\" height=\"100%\" \/><\/p>","protected":false},"excerpt":{"rendered":"<p>OBRIGADO! H\u00e1 cerca de um ano, foi aberto um novo espa\u00e7o neste mesmo site EDUCA, para apresentar a campanha \u201cUma voz, um milh\u00e3o de mudan\u00e7as\u201d, focada [&hellip;]<\/p>\n","protected":false},"author":9,"featured_media":0,"parent":7679,"menu_order":0,"comment_status":"closed","ping_status":"closed","template":"","meta":[],"acf":[],"_links":{"self":[{"href":"https:\/\/www.educa.itakaescolapios.org\/pt\/wp-json\/wp\/v2\/pages\/7690"}],"collection":[{"href":"https:\/\/www.educa.itakaescolapios.org\/pt\/wp-json\/wp\/v2\/pages"}],"about":[{"href":"https:\/\/www.educa.itakaescolapios.org\/pt\/wp-json\/wp\/v2\/types\/page"}],"author":[{"embeddable":true,"href":"https:\/\/www.educa.itakaescolapios.org\/pt\/wp-json\/wp\/v2\/users\/9"}],"replies":[{"embeddable":true,"href":"https:\/\/www.educa.itakaescolapios.org\/pt\/wp-json\/wp\/v2\/comments?post=7690"}],"version-history":[{"count":19,"href":"https:\/\/www.educa.itakaescolapios.org\/pt\/wp-json\/wp\/v2\/pages\/7690\/revisions"}],"predecessor-version":[{"id":8421,"href":"https:\/\/www.educa.itakaescolapios.org\/pt\/wp-json\/wp\/v2\/pages\/7690\/revisions\/8421"}],"up":[{"embeddable":true,"href":"https:\/\/www.educa.itakaescolapios.org\/pt\/wp-json\/wp\/v2\/pages\/7679"}],"wp:attachment":[{"href":"https:\/\/www.educa.itakaescolapios.org\/pt\/wp-json\/wp\/v2\/media?parent=7690"}],"curies":[{"name":"wp","href":"https:\/\/api.w.org\/{rel}","templated":true}]}}

Recordando &#8220;Uma voz, um milhão de mudanças&#8221;

<p><span style="font-family: arial, helvetica, sans-serif;">OBRIGADO!</span></p>
<p><span style="font-family: arial, helvetica, sans-serif;">Há cerca de um ano, foi aberto um novo espaço neste mesmo site EDUCA, para apresentar a campanha “Uma voz, um milhão de mudanças”, focada em conhecer alguns dos projetos Itaka-Escolápios. Mas, sobretudo, ouvir a voz de todas as crianças e jovens em idade escolar, que apoiam as vozes dos outros, para transformar e melhorar a sociedade.<img decoding="async" loading="lazy" class="alignright" style="font-family: arial, helvetica, sans-serif; text-align: justify;" src="https://www.educa.itakaescolapios.org/wp-content/uploads/2020/07/BLA_color-731x1024-1.jpg" alt="" width="252" height="354" /></span></p>
<p><span style="font-family: arial, helvetica, sans-serif;">Uma campanha que foi desenvolvida durante o último ano em 16 países com presença escolápia: Benin, Bolívia, Brasil, Burkina Faso, Camarões, D.R. Congo, Costa do Marfim, Cuba, Espanha, Filipinas, França, Gabão, Guiné, México, Senegal, Venezuela. Na verdade, cada vez, mais de nós participamos e colaboramos nesta promoção da missão transformadora das Escolas Pias através das atividades propostas. É importante sabermos valorizar e sentir essa fraternidade internacional que se constrói com o trabalho comum e partilhado que fazemos; e celebrar, com a mesma voz, as mais de um milhão de mudanças que geramos através dele.</span></p>
<p><span style="font-family: arial, helvetica, sans-serif;">Obrigado, mais um ano, por aderir, por se colocar em ação, por levantar a voz. Estamos convencidos de que, sem o seu envolvimento, não teria sido a mesma coisa. Ao longo do ano, conseguimos divulgar e aprofundar no trabalho que se realiza em seis dos projetos da rede Itaka-Escolápios, e apoiar a sustentabilidade econômica destes e de muitos mais.</span></p>
<p><span style="font-family: arial, helvetica, sans-serif;">Mais uma vez, obrigado, porque, com todas as suas ações e doações, conseguimos alcançar números importantes, para continuar promovendo a missão escolápia em todo o mundo.<br />
E, como todos os anos, nesta mesma página, partilhamos o cartaz de agradecimento com os valores finais da arrecadação financeira da campanha “Uma voz, um milhão de mudanças”.</span></p>
<p><span style="font-family: arial, helvetica, sans-serif;">Avancemos! </span></p>
<p><span style="font-family: arial, helvetica, sans-serif;"><span style="font-size: 12px;"><strong><em>*Os pôsteres em outros idiomas podem ser encontrados na seção de <a href="https://www.educa.itakaescolapios.org/campanas/2023-2024-en-algun-lugar-del-mundo/carteleria-y-ambientacion-en-algun-lugar-del-mundo">PÔSTERES</a></em></strong></span>.</span></p>
<p><img decoding="async" loading="lazy" class="aligncenter" src="https://www.educa.itakaescolapios.org/wp-content/uploads/2024/02/O-BRIGADO.png" alt="" width="100%" height="100%" /></p>

<p>OBRIGADO! Há cerca de um ano, foi aberto um novo espaço neste mesmo site EDUCA, para apresentar a campanha “Uma voz, um milhão de mudanças”, focada [&hellip;]</p>
