{"id":8548,"date":"2024-11-14T16:22:56","date_gmt":"2024-11-14T15:22:56","guid":{"rendered":"https:\/\/www.educa.itakaescolapios.org\/?page_id=8548"},"modified":"2025-02-11T13:29:53","modified_gmt":"2025-02-11T12:29:53","slug":"recordando-en-algun-lugar-del-mundo","status":"publish","type":"page","link":"https:\/\/www.educa.itakaescolapios.org\/pt\/campanas\/2024-2025-abriendo-caminos\/recordando-en-algun-lugar-del-mundo","title":{"rendered":"Recordando \u00abEm algum lugar do mundo\u00bb"},"content":{"rendered":"<p>OBRIGADO!<\/p>\n<p>H\u00e1 cerca de um ano, iniciamos uma nova jornada com o lema &#8220;Em algum lugar do mundo&#8221;, uma jornada em que convidamos toda a comunidade escol\u00e1pia a participar ativamente da transforma\u00e7\u00e3o social, por meio da educa\u00e7\u00e3o e da justi\u00e7a. Desde Itaka-Escol\u00e1pios, temos conseguido grande progresso, gra\u00e7as ao esfor\u00e7o e envolvimento de milhares de pessoas que, em algum lugar do mundo, est\u00e3o construindo uma realidade melhor para todos.<\/p>\n<p>Nosso trabalho, com solidariedade e entusiasmo, chegou a mais de 16 pa\u00edses com presen\u00e7a escol\u00e1pia: Bol\u00edvia, Camar\u00f5es, Cuba, Espanha, Mo\u00e7ambique, Venezuela, entre outros. Crian\u00e7as, adolescentes, jovens, fam\u00edlias, educadores e volunt\u00e1rios t\u00eam participado ativamente de projetos de aprendizagem, solidariedade e justi\u00e7a social, conseguindo mudar suas realidades imediatas e torn\u00e1-las um pouco mais parecidas com o que queremos.<\/p>\n<p>Gra\u00e7as ao seu envolvimento, conseguimos manter e fortalecer os projetos escol\u00e1pios que promovem educa\u00e7\u00e3o de qualidade, desenvolvimento sustent\u00e1vel e apoio aos mais vulner\u00e1veis. Caminhamos juntos na defesa dos direitos das crian\u00e7as, no cuidado com o meio ambiente e na constru\u00e7\u00e3o de uma sociedade mais justa e fraterna.<\/p>\n<p>Desde Itaka-Escol\u00e1pios, queremos agradecer por fazer parte dessa mudan\u00e7a, por unir seus esfor\u00e7os, por abrir caminhos de esperan\u00e7a e por acreditar que a educa\u00e7\u00e3o e a solidariedade s\u00e3o as chaves para transformar o mundo. Obrigado por cada gesto, cada doa\u00e7\u00e3o e cada projeto que nos permitiu continuar avan\u00e7ando em nossa miss\u00e3o.<\/p>\n<p>E como sempre, compartilhamos com voc\u00eas os resultados da campanha, onde comemoramos as conquistas e o impacto alcan\u00e7ado. Sigamos abrindo caminho!<\/p>\n<p><img decoding=\"async\" loading=\"lazy\" class=\"aligncenter\" src=\"https:\/\/www.educa.itakaescolapios.org\/wp-content\/uploads\/2025\/02\/CARTEL-GRACIAS-brl-POR-scaled.jpg\" alt=\"\" width=\"100%\" height=\"100%\" \/><\/p>","protected":false},"excerpt":{"rendered":"<p>OBRIGADO! H\u00e1 cerca de um ano, iniciamos uma nova jornada com o lema &#8220;Em algum lugar do mundo&#8221;, uma jornada em que convidamos toda a comunidade [&hellip;]<\/p>\n","protected":false},"author":7,"featured_media":0,"parent":8543,"menu_order":1,"comment_status":"closed","ping_status":"closed","template":"","meta":[],"acf":[],"_links":{"self":[{"href":"https:\/\/www.educa.itakaescolapios.org\/pt\/wp-json\/wp\/v2\/pages\/8548"}],"collection":[{"href":"https:\/\/www.educa.itakaescolapios.org\/pt\/wp-json\/wp\/v2\/pages"}],"about":[{"href":"https:\/\/www.educa.itakaescolapios.org\/pt\/wp-json\/wp\/v2\/types\/page"}],"author":[{"embeddable":true,"href":"https:\/\/www.educa.itakaescolapios.org\/pt\/wp-json\/wp\/v2\/users\/7"}],"replies":[{"embeddable":true,"href":"https:\/\/www.educa.itakaescolapios.org\/pt\/wp-json\/wp\/v2\/comments?post=8548"}],"version-history":[{"count":10,"href":"https:\/\/www.educa.itakaescolapios.org\/pt\/wp-json\/wp\/v2\/pages\/8548\/revisions"}],"predecessor-version":[{"id":8825,"href":"https:\/\/www.educa.itakaescolapios.org\/pt\/wp-json\/wp\/v2\/pages\/8548\/revisions\/8825"}],"up":[{"embeddable":true,"href":"https:\/\/www.educa.itakaescolapios.org\/pt\/wp-json\/wp\/v2\/pages\/8543"}],"wp:attachment":[{"href":"https:\/\/www.educa.itakaescolapios.org\/pt\/wp-json\/wp\/v2\/media?parent=8548"}],"curies":[{"name":"wp","href":"https:\/\/api.w.org\/{rel}","templated":true}]}}

<p>OBRIGADO!</p>
<p>Há cerca de um ano, iniciamos uma nova jornada com o lema &#8220;Em algum lugar do mundo&#8221;, uma jornada em que convidamos toda a comunidade escolápia a participar ativamente da transformação social, por meio da educação e da justiça. Desde Itaka-Escolápios, temos conseguido grande progresso, graças ao esforço e envolvimento de milhares de pessoas que, em algum lugar do mundo, estão construindo uma realidade melhor para todos.</p>
<p>Nosso trabalho, com solidariedade e entusiasmo, chegou a mais de 16 países com presença escolápia: Bolívia, Camarões, Cuba, Espanha, Moçambique, Venezuela, entre outros. Crianças, adolescentes, jovens, famílias, educadores e voluntários têm participado ativamente de projetos de aprendizagem, solidariedade e justiça social, conseguindo mudar suas realidades imediatas e torná-las um pouco mais parecidas com o que queremos.</p>
<p>Graças ao seu envolvimento, conseguimos manter e fortalecer os projetos escolápios que promovem educação de qualidade, desenvolvimento sustentável e apoio aos mais vulneráveis. Caminhamos juntos na defesa dos direitos das crianças, no cuidado com o meio ambiente e na construção de uma sociedade mais justa e fraterna.</p>
<p>Desde Itaka-Escolápios, queremos agradecer por fazer parte dessa mudança, por unir seus esforços, por abrir caminhos de esperança e por acreditar que a educação e a solidariedade são as chaves para transformar o mundo. Obrigado por cada gesto, cada doação e cada projeto que nos permitiu continuar avançando em nossa missão.</p>
<p>E como sempre, compartilhamos com vocês os resultados da campanha, onde comemoramos as conquistas e o impacto alcançado. Sigamos abrindo caminho!</p>
<p><img decoding="async" loading="lazy" class="aligncenter" src="https://www.educa.itakaescolapios.org/wp-content/uploads/2025/02/CARTEL-GRACIAS-brl-POR-scaled.jpg" alt="" width="100%" height="100%" /></p>

<p>OBRIGADO! Há cerca de um ano, iniciamos uma nova jornada com o lema &#8220;Em algum lugar do mundo&#8221;, uma jornada em que convidamos toda a comunidade [&hellip;]</p>
