{"id":9066,"date":"2025-12-05T10:22:47","date_gmt":"2025-12-05T09:22:47","guid":{"rendered":"https:\/\/www.educa.itakaescolapios.org\/?page_id=9066"},"modified":"2026-02-18T18:50:18","modified_gmt":"2026-02-18T17:50:18","slug":"destino-solidario","status":"publish","type":"page","link":"https:\/\/www.educa.itakaescolapios.org\/pt\/campanas\/2025-2026-25-anos-extendiendo-raices\/destino-solidario","title":{"rendered":"Destino solid\u00e1rio"},"content":{"rendered":"<p><strong><img decoding=\"async\" loading=\"lazy\" class=\" wp-image-9174 alignleft\" src=\"https:\/\/www.educa.itakaescolapios.org\/wp-content\/uploads\/2025\/12\/calasanz-riendo-219x300.png\" alt=\"\" width=\"266\" height=\"364\" srcset=\"https:\/\/www.educa.itakaescolapios.org\/wp-content\/uploads\/2025\/12\/calasanz-riendo-219x300.png 219w, https:\/\/www.educa.itakaescolapios.org\/wp-content\/uploads\/2025\/12\/calasanz-riendo-747x1024.png 747w, https:\/\/www.educa.itakaescolapios.org\/wp-content\/uploads\/2025\/12\/calasanz-riendo-768x1052.png 768w, https:\/\/www.educa.itakaescolapios.org\/wp-content\/uploads\/2025\/12\/calasanz-riendo-250x343.png 250w, https:\/\/www.educa.itakaescolapios.org\/wp-content\/uploads\/2025\/12\/calasanz-riendo.png 864w\" sizes=\"(max-width: 266px) 100vw, 266px\" \/>\u201c25 ANOS ESTENDENDO RA\u00cdZES\u201d<\/strong><br \/>\nDesde a cria\u00e7\u00e3o da rede Itaka-Escol\u00e1pios, temos trabalhado para apoiar a miss\u00e3o Escol\u00e1pia em diferentes partes do mundo. Nesta campanha &#8220;25 Anos Estendendo Ra\u00edzes&#8221;, do ano letivo de 2025-2026, as doa\u00e7\u00f5es arrecadadas nos permitir\u00e3o manter e expandir o alcance de projetos educacionais e sociais em diversos pa\u00edses, proporcionando a oportunidade de transformar a vida de muitas pessoas.<\/p>\n<p class=\"my-2 [&amp;+p]:mt-4 [&amp;_strong:has(+br)]:inline-block [&amp;_strong:has(+br)]:pb-2\">Os fundos arrecadados contribuir\u00e3o para os projetos que apoiamos nos pa\u00edses da rede, onde as Escolas Pias continuam a trilhar caminhos de esperan\u00e7a por meio da educa\u00e7\u00e3o formal e n\u00e3o formal. Com a sua ajuda, continuaremos a oferecer educa\u00e7\u00e3o de qualidade, apoio socioeducativo, merenda escolar, programas de desenvolvimento sustent\u00e1vel e apoio aos grupos mais vulner\u00e1veis, sejam crian\u00e7as, jovens ou idosos.<\/p>\n<p class=\"my-2 [&amp;+p]:mt-4 [&amp;_strong:has(+br)]:inline-block [&amp;_strong:has(+br)]:pb-2\">Com a sua colabora\u00e7\u00e3o, estamos contribuindo para a cria\u00e7\u00e3o de um futuro melhor, mais justo e mais compassivo. &#8220;25 Anos Estendendo Ra\u00edzes&#8221; nos convida a caminhar juntos rumo a um mundo onde a educa\u00e7\u00e3o seja a chave para a mudan\u00e7a e a justi\u00e7a social.<\/p>\n<p>MUITO OBRIGADO!<\/p>\n<p>&nbsp;<\/p>","protected":false},"excerpt":{"rendered":"<p>\u201c25 ANOS ESTENDENDO RA\u00cdZES\u201d Desde a cria\u00e7\u00e3o da rede Itaka-Escol\u00e1pios, temos trabalhado para apoiar a miss\u00e3o Escol\u00e1pia em diferentes partes do mundo. Nesta campanha &#8220;25 Anos [&hellip;]<\/p>\n","protected":false},"author":11,"featured_media":0,"parent":9047,"menu_order":1,"comment_status":"closed","ping_status":"closed","template":"","meta":[],"acf":[],"_links":{"self":[{"href":"https:\/\/www.educa.itakaescolapios.org\/pt\/wp-json\/wp\/v2\/pages\/9066"}],"collection":[{"href":"https:\/\/www.educa.itakaescolapios.org\/pt\/wp-json\/wp\/v2\/pages"}],"about":[{"href":"https:\/\/www.educa.itakaescolapios.org\/pt\/wp-json\/wp\/v2\/types\/page"}],"author":[{"embeddable":true,"href":"https:\/\/www.educa.itakaescolapios.org\/pt\/wp-json\/wp\/v2\/users\/11"}],"replies":[{"embeddable":true,"href":"https:\/\/www.educa.itakaescolapios.org\/pt\/wp-json\/wp\/v2\/comments?post=9066"}],"version-history":[{"count":10,"href":"https:\/\/www.educa.itakaescolapios.org\/pt\/wp-json\/wp\/v2\/pages\/9066\/revisions"}],"predecessor-version":[{"id":9481,"href":"https:\/\/www.educa.itakaescolapios.org\/pt\/wp-json\/wp\/v2\/pages\/9066\/revisions\/9481"}],"up":[{"embeddable":true,"href":"https:\/\/www.educa.itakaescolapios.org\/pt\/wp-json\/wp\/v2\/pages\/9047"}],"wp:attachment":[{"href":"https:\/\/www.educa.itakaescolapios.org\/pt\/wp-json\/wp\/v2\/media?parent=9066"}],"curies":[{"name":"wp","href":"https:\/\/api.w.org\/{rel}","templated":true}]}}

Destino solidário

<p><strong><img decoding="async" loading="lazy" class=" wp-image-9174 alignleft" src="https://www.educa.itakaescolapios.org/wp-content/uploads/2025/12/calasanz-riendo-219x300.png" alt="" width="266" height="364" srcset="https://www.educa.itakaescolapios.org/wp-content/uploads/2025/12/calasanz-riendo-219x300.png 219w, https://www.educa.itakaescolapios.org/wp-content/uploads/2025/12/calasanz-riendo-747x1024.png 747w, https://www.educa.itakaescolapios.org/wp-content/uploads/2025/12/calasanz-riendo-768x1052.png 768w, https://www.educa.itakaescolapios.org/wp-content/uploads/2025/12/calasanz-riendo-250x343.png 250w, https://www.educa.itakaescolapios.org/wp-content/uploads/2025/12/calasanz-riendo.png 864w" sizes="(max-width: 266px) 100vw, 266px" />“25 ANOS ESTENDENDO RAÍZES”</strong><br />
Desde a criação da rede Itaka-Escolápios, temos trabalhado para apoiar a missão Escolápia em diferentes partes do mundo. Nesta campanha &#8220;25 Anos Estendendo Raízes&#8221;, do ano letivo de 2025-2026, as doações arrecadadas nos permitirão manter e expandir o alcance de projetos educacionais e sociais em diversos países, proporcionando a oportunidade de transformar a vida de muitas pessoas.</p>
<p class="my-2 [&amp;+p]:mt-4 [&amp;_strong:has(+br)]:inline-block [&amp;_strong:has(+br)]:pb-2">Os fundos arrecadados contribuirão para os projetos que apoiamos nos países da rede, onde as Escolas Pias continuam a trilhar caminhos de esperança por meio da educação formal e não formal. Com a sua ajuda, continuaremos a oferecer educação de qualidade, apoio socioeducativo, merenda escolar, programas de desenvolvimento sustentável e apoio aos grupos mais vulneráveis, sejam crianças, jovens ou idosos.</p>
<p class="my-2 [&amp;+p]:mt-4 [&amp;_strong:has(+br)]:inline-block [&amp;_strong:has(+br)]:pb-2">Com a sua colaboração, estamos contribuindo para a criação de um futuro melhor, mais justo e mais compassivo. &#8220;25 Anos Estendendo Raízes&#8221; nos convida a caminhar juntos rumo a um mundo onde a educação seja a chave para a mudança e a justiça social.</p>
<p>MUITO OBRIGADO!</p>
<p>&nbsp;</p>

<p>“25 ANOS ESTENDENDO RAÍZES” Desde a criação da rede Itaka-Escolápios, temos trabalhado para apoiar a missão Escolápia em diferentes partes do mundo. Nesta campanha &#8220;25 Anos [&hellip;]</p>
