{"id":9127,"date":"2025-12-05T13:54:19","date_gmt":"2025-12-05T12:54:19","guid":{"rendered":"https:\/\/www.educa.itakaescolapios.org\/?page_id=9127"},"modified":"2026-02-19T14:28:32","modified_gmt":"2026-02-19T13:28:32","slug":"propuesta-de-actividades-para-movimiento-calasanz","status":"publish","type":"page","link":"https:\/\/www.educa.itakaescolapios.org\/pt\/campanas\/2025-2026-25-anos-extendiendo-raices\/actividades-carteleria-y-ambientacion\/propuesta-de-actividades-para-movimiento-calasanz","title":{"rendered":"Proposta de atividades para o Movimento Calasanz"},"content":{"rendered":"<p><\/p>\n<p data-pm-slice=\"1 1 []\"><img decoding=\"async\" loading=\"lazy\" class=\" wp-image-9156 alignleft\" src=\"https:\/\/www.educa.itakaescolapios.org\/wp-content\/uploads\/2025\/12\/Jiwa-campamentos-219x300.png\" alt=\"\" width=\"337\" height=\"462\" srcset=\"https:\/\/www.educa.itakaescolapios.org\/wp-content\/uploads\/2025\/12\/Jiwa-campamentos-219x300.png 219w, https:\/\/www.educa.itakaescolapios.org\/wp-content\/uploads\/2025\/12\/Jiwa-campamentos-747x1024.png 747w, https:\/\/www.educa.itakaescolapios.org\/wp-content\/uploads\/2025\/12\/Jiwa-campamentos-768x1052.png 768w, https:\/\/www.educa.itakaescolapios.org\/wp-content\/uploads\/2025\/12\/Jiwa-campamentos-250x343.png 250w, https:\/\/www.educa.itakaescolapios.org\/wp-content\/uploads\/2025\/12\/Jiwa-campamentos.png 864w\" sizes=\"(max-width: 337px) 100vw, 337px\" \/>No <strong>Movimento Calasanz<\/strong>, celebramos o 25 <span style=\"font-weight: 400;\">anivers\u00e1rio de Itaka-Escol\u00e1pios mergulhando em sua ess\u00eancia. Sob o tema pastoral<\/span> <strong>&#8220;T<b>uas Ra\u00edzes<\/b>&#8220;<\/strong>, <span style=\"font-weight: 400;\">queremos que crian\u00e7as, jovens e adultos descubram que nossa a\u00e7\u00e3o transformadora brota de um lugar sagrado: seguir Jesus \u00e0 maneira de Calasanz<\/span>.<\/p>\n<p><span style=\"font-weight: 400;\">Preparamos uma s\u00e9rie de atividades vivenciais para cada etapa. Essas n\u00e3o s\u00e3o apenas atividades; s\u00e3o experi\u00eancias concebidas para nos conectar com a nossa hist\u00f3ria, nos fazer sentir parte de uma rede global e renovar nosso compromisso com o servi\u00e7o<\/span>.<\/p>\n<p><span style=\"font-weight: 400;\">Encontre o seu grupo, baixe os materiais e prepare-se para expandir suas ra\u00edzes<\/span>!<\/p>\n<h3>DE 3 A 5 ANOS <span style=\"color: #99cc00;\"><a style=\"color: #99cc00;\" href=\"https:\/\/www.educa.itakaescolapios.org\/wp-content\/uploads\/2025\/12\/M.Cal_.09.04.-Actividad-3-a-5-anos.-Tu-raiz-es-Jesus.pdf\" target=\"_blank\" rel=\"noopener\">M.Cal. Atividade 3 a 5 anos.<\/a><\/span><\/h3>\n<p><strong>Atividade: &#8220;<b>Tua Raiz \u00e9 Jesus: A \u00c1rvore da Amizade<\/b>&#8220;<\/strong> <span style=\"font-weight: 400;\">Para as crian\u00e7as mais novas, a f\u00e9 se manifesta atrav\u00e9s do amor. Com a atividade &#8220;\u00c1rvore da Amizade&#8221;, descobriremos que Jesus \u00e9 a raiz forte que nos sustenta e nos d\u00e1 energia. As crian\u00e7as preencher\u00e3o os galhos com cora\u00e7\u00f5es que representam seus &#8220;frutos&#8221;: os atos de ajuda e amor que compartilham com seus amigo<\/span>.<\/p>\n<ul>\n<li><strong>Chave pastoral:<\/strong> <span style=\"font-weight: 400;\">Jesus como fonte de amor e servi\u00e7o<\/span>.<\/li>\n<\/ul>\n<h3>DE 6 A 8 ANOS <span style=\"color: #99cc00;\"><a style=\"color: #99cc00;\" href=\"https:\/\/www.educa.itakaescolapios.org\/wp-content\/uploads\/2025\/12\/M.Cal_.10.04.-Actividad-6-a-8-anos.-El-mapa-de-la-mision.pdf\" target=\"_blank\" rel=\"noopener\">M.Cal. Atividade 6 a 8 anos.<\/a><\/span><\/h3>\n<p><strong>Atividade: &#8220;<b>O mapa da miss\u00e3o<\/b>&#8220;<\/strong> <span style=\"font-weight: 400;\">Vamos embarcar numa jornada! Com um mapa-m\u00fandi gigante, as crian\u00e7as se tornar\u00e3o exploradoras para localizar as <\/span><b>Casas Escol\u00e1pias<\/b><span style=\"font-weight: 400;\"> ao redor do mundo. Atrav\u00e9s da atividade &#8220;<\/span><b>Pegada<\/b><span style=\"font-weight: 400;\">&#8220;, elas compreender\u00e3o que suas pequenas a\u00e7\u00f5es locais deixam uma marca positiva que conecta outras crian\u00e7as em lugares distantes<\/span>.<\/p>\n<ul>\n<li><strong>Chave pastoral:<\/strong> <span style=\"font-weight: 400;\">Universalidade da miss\u00e3o e senso de pertencimento<\/span>.<\/li>\n<\/ul>\n<h3>DE 8 A 10 ANOS <span style=\"color: #99cc00;\"><a style=\"color: #99cc00;\" href=\"https:\/\/www.educa.itakaescolapios.org\/wp-content\/uploads\/2025\/12\/M.Cal_.11.04.-Actividad-8-a-10-anos.-La-brujula-de-Calasanz.pdf\" target=\"_blank\" rel=\"noopener\">M.Cal. Atividade 8 a 10 anos.<\/a><\/span><\/h3>\n<p><strong>Atividade: &#8220;<b>A B\u00fassola de Calasanz<\/b>&#8220;<\/strong> <span style=\"font-weight: 400;\">A miss\u00e3o \u00e9 uma grande aventura. Atrav\u00e9s de uma emocionante ca\u00e7a ao tesouro, seguiremos as pistas deixadas por Calasanz. Os participantes descobrir\u00e3o que nossa &#8220;b\u00fassola&#8221; sempre aponta para dois lugares: o ponto de partida (Jesus) e o destino (aqueles que precisam de n\u00f3s), refazendo simbolicamente nossa hist\u00f3ria de 25 anos<\/span>.<\/p>\n<ul>\n<li><strong>Chave pastoral:<\/strong> <span style=\"font-weight: 400;\">Seguir Jesus como um caminho de servi\u00e7o<\/span>.<\/li>\n<\/ul>\n<h3>DE 10 A 12 ANOS <span style=\"color: #99cc00;\"><a style=\"color: #99cc00;\" href=\"https:\/\/www.educa.itakaescolapios.org\/wp-content\/uploads\/2025\/12\/M.Cal_.12.04.-Actividad-de-10-a-12-anos.-Tejiendo-la-red-Itaka-Escolapios.pdf\" target=\"_blank\" rel=\"noopener\">M.Cal. Atividade de 10 a 12 anos.<\/a><\/span><\/h3>\n<p><strong>Atividade: &#8220;<b>Tecendo a rede Itaka-Escol\u00e1pios<\/b>&#8220;<\/strong> <span style=\"font-weight: 400;\">O que nos une? Nesta atividade visual, usaremos fios coloridos para conectar nossos valores (Piedade e Letras) aos projetos da Funda\u00e7\u00e3o no mundo real. Juntos, teceremos uma rede f\u00edsica na sala de aula que nos ensinar\u00e1 que, quando unimos nossos talentos e colaboramos, somos capazes de apoiar os sonhos de muitas pessoas<\/span>.<\/p>\n<ul>\n<li><strong>Chave pastoral:<\/strong> <span style=\"font-weight: 400;\">Miss\u00e3o compartilhada e trabalho em rede<\/span>.<\/li>\n<\/ul>\n<h3>DE 12 A 15 ANOS <span style=\"color: #99cc00;\"><a style=\"color: #99cc00;\" href=\"https:\/\/www.educa.itakaescolapios.org\/wp-content\/uploads\/2025\/12\/M.Cal_.13.04.-Actividad-12-a-15-anos-El-Sismografo.pdf\" target=\"_blank\" rel=\"noopener\">M.Cal. Atividade 12 a 15 anos.<\/a><\/span><\/h3>\n<p><strong>Atividade: &#8220;<b>O sism\u00f3grafo social<\/b>l&#8221;<\/strong> <span style=\"font-weight: 400;\">Vivemos em um mundo abalado pela injusti\u00e7a. Usando a met\u00e1fora de um sism\u00f3grafo, os adolescentes aprender\u00e3o a detectar &#8220;terremotos&#8221; sociais (pobreza, desigualdade) e a n\u00e3o permanecerem indiferentes. Descobrir\u00e3o como seus valores escol\u00e1pios lhes d\u00e3o a estabilidade necess\u00e1ria para reagir e oferecer uma resposta compassiva e transformadora<\/span>.<\/p>\n<ul>\n<li><strong>Chave pastoral:<\/strong> <span style=\"font-weight: 400;\">Consci\u00eancia cr\u00edtica e resposta \u00e9tica enraizadas na f\u00e9<\/span>.<\/li>\n<\/ul>\n<h3>DE 15 A 18 ANOS <span style=\"color: #99cc00;\"><a style=\"color: #99cc00;\" href=\"https:\/\/www.educa.itakaescolapios.org\/wp-content\/uploads\/2025\/12\/M.Cal_.14.04.-Actividad-de-15-a-18-anos.pdf\" target=\"_blank\" rel=\"noopener\">M.Cal. Atividade de 15 a 18 anos<\/a><\/span><\/h3>\n<p><strong>Atividade: &#8220;<b>O Arquiteto da voca\u00e7\u00e3o<\/b>&#8220;<\/strong> E<span style=\"font-weight: 400;\">\u00c9 hora de olhar para o futuro. Atrav\u00e9s do exerc\u00edcio do espelho e de uma an\u00e1lise FOFA pessoal, convidamos os jovens a se perguntarem: <\/span><b>&#8220;Quem eu quero ser?&#8221;.<\/b><span style=\"font-weight: 400;\"> Apresentamos Itaka-Escol\u00e1pios n\u00e3o apenas como uma ONG, mas como uma escolha de vida e uma voca\u00e7\u00e3o. Uma oportunidade para construir um projeto de vida com ra\u00edzes profundas e significado<\/span>.<\/p>\n<ul>\n<li><strong>Chave pastoral:<\/strong> <span style=\"font-weight: 400;\">Discernimento vocacional e projeto de vida<\/span>.<\/li>\n<\/ul>\n<h3>ADULTOS (<b>FRATERNIDADES E EQUIPES<\/b>)<\/h3>\n<p><strong>DIN<b>\u00c2<\/b>MICAS: &#8220;<b>A B\u00fassola Carism\u00e1tica<\/b>&#8221; e &#8220;<b>Do Eu ao N\u00f3s<\/b>&#8220;<\/strong> <span style=\"font-weight: 400;\">Nosso 25\u00ba anivers\u00e1rio nos desafia a aprofundar nosso compromisso. Oferecemos duas oficinas aprofundadas<\/span>:<\/p>\n<ol>\n<li><strong><b>A B\u00fassola Carism\u00e1tica<\/b>:<\/strong> <span style=\"font-weight: 400;\">Uma oficina para recalibrar nossos projetos, garantindo que eles sempre integrem uma abordagem equilibrada entre &#8220;Piedade&#8221; (amor\/servi\u00e7o) e &#8220;Letras&#8221; (profissionalismo\/treinamento<\/span>). <span style=\"color: #99cc00;\"><a style=\"color: #99cc00;\" href=\"https:\/\/www.educa.itakaescolapios.org\/wp-content\/uploads\/2025\/12\/M.Cal_.15.01.-Adultos.-La-brujula-carismatica.pdf\" target=\"_blank\" rel=\"noopener\">M.Cal. Adultos. A B\u00fassola Carism\u00e1tica<\/a><\/span><\/li>\n<li><strong><b>Do Eu ao N\u00f3s<\/b>:<\/strong> <span style=\"font-weight: 400;\">Um exerc\u00edcio de discernimento para identificar nossa &#8220;zona de conforto&#8221; e dar um passo corajoso em dire\u00e7\u00e3o a um compromisso mais comunit\u00e1rio e sustent\u00e1vel<\/span>. <span style=\"color: #99cc00;\"><a style=\"color: #99cc00;\" href=\"https:\/\/www.educa.itakaescolapios.org\/wp-content\/uploads\/2025\/12\/M.Cal_.15.02.-Adultos-Del-yo-al-nosotros.pdf\" target=\"_blank\" rel=\"noopener\">M.Cal. Adultos Do Eu ao N\u00f3s<\/a><\/span><\/li>\n<\/ol>\n<ul>\n<li><strong>Chave pastoral:<\/strong> <span style=\"font-weight: 400;\">Identidade carism\u00e1tica e maturidade no servi\u00e7o<\/span>.<\/li>\n<\/ul>\n<p>&nbsp;<\/p>","protected":false},"excerpt":{"rendered":"<p>No Movimento Calasanz, celebramos o 25 anivers\u00e1rio de Itaka-Escol\u00e1pios mergulhando em sua ess\u00eancia. Sob o tema pastoral &#8220;Tuas Ra\u00edzes&#8220;, queremos que crian\u00e7as, jovens e adultos descubram [&hellip;]<\/p>\n","protected":false},"author":11,"featured_media":0,"parent":9088,"menu_order":2,"comment_status":"closed","ping_status":"closed","template":"","meta":[],"acf":[],"_links":{"self":[{"href":"https:\/\/www.educa.itakaescolapios.org\/pt\/wp-json\/wp\/v2\/pages\/9127"}],"collection":[{"href":"https:\/\/www.educa.itakaescolapios.org\/pt\/wp-json\/wp\/v2\/pages"}],"about":[{"href":"https:\/\/www.educa.itakaescolapios.org\/pt\/wp-json\/wp\/v2\/types\/page"}],"author":[{"embeddable":true,"href":"https:\/\/www.educa.itakaescolapios.org\/pt\/wp-json\/wp\/v2\/users\/11"}],"replies":[{"embeddable":true,"href":"https:\/\/www.educa.itakaescolapios.org\/pt\/wp-json\/wp\/v2\/comments?post=9127"}],"version-history":[{"count":28,"href":"https:\/\/www.educa.itakaescolapios.org\/pt\/wp-json\/wp\/v2\/pages\/9127\/revisions"}],"predecessor-version":[{"id":9502,"href":"https:\/\/www.educa.itakaescolapios.org\/pt\/wp-json\/wp\/v2\/pages\/9127\/revisions\/9502"}],"up":[{"embeddable":true,"href":"https:\/\/www.educa.itakaescolapios.org\/pt\/wp-json\/wp\/v2\/pages\/9088"}],"wp:attachment":[{"href":"https:\/\/www.educa.itakaescolapios.org\/pt\/wp-json\/wp\/v2\/media?parent=9127"}],"curies":[{"name":"wp","href":"https:\/\/api.w.org\/{rel}","templated":true}]}}

<p></p>
<p data-pm-slice="1 1 []"><img decoding="async" loading="lazy" class=" wp-image-9156 alignleft" src="https://www.educa.itakaescolapios.org/wp-content/uploads/2025/12/Jiwa-campamentos-219x300.png" alt="" width="337" height="462" srcset="https://www.educa.itakaescolapios.org/wp-content/uploads/2025/12/Jiwa-campamentos-219x300.png 219w, https://www.educa.itakaescolapios.org/wp-content/uploads/2025/12/Jiwa-campamentos-747x1024.png 747w, https://www.educa.itakaescolapios.org/wp-content/uploads/2025/12/Jiwa-campamentos-768x1052.png 768w, https://www.educa.itakaescolapios.org/wp-content/uploads/2025/12/Jiwa-campamentos-250x343.png 250w, https://www.educa.itakaescolapios.org/wp-content/uploads/2025/12/Jiwa-campamentos.png 864w" sizes="(max-width: 337px) 100vw, 337px" />No <strong>Movimento Calasanz</strong>, celebramos o 25 <span style="font-weight: 400;">aniversário de Itaka-Escolápios mergulhando em sua essência. Sob o tema pastoral</span> <strong>&#8220;T<b>uas Raízes</b>&#8220;</strong>, <span style="font-weight: 400;">queremos que crianças, jovens e adultos descubram que nossa ação transformadora brota de um lugar sagrado: seguir Jesus à maneira de Calasanz</span>.</p>
<p><span style="font-weight: 400;">Preparamos uma série de atividades vivenciais para cada etapa. Essas não são apenas atividades; são experiências concebidas para nos conectar com a nossa história, nos fazer sentir parte de uma rede global e renovar nosso compromisso com o serviço</span>.</p>
<p><span style="font-weight: 400;">Encontre o seu grupo, baixe os materiais e prepare-se para expandir suas raízes</span>!</p>
<h3>DE 3 A 5 ANOS <span style="color: #99cc00;"><a style="color: #99cc00;" href="https://www.educa.itakaescolapios.org/wp-content/uploads/2025/12/M.Cal_.09.04.-Actividad-3-a-5-anos.-Tu-raiz-es-Jesus.pdf" target="_blank" rel="noopener">M.Cal. Atividade 3 a 5 anos.</a></span></h3>
<p><strong>Atividade: &#8220;<b>Tua Raiz é Jesus: A Árvore da Amizade</b>&#8220;</strong> <span style="font-weight: 400;">Para as crianças mais novas, a fé se manifesta através do amor. Com a atividade &#8220;Árvore da Amizade&#8221;, descobriremos que Jesus é a raiz forte que nos sustenta e nos dá energia. As crianças preencherão os galhos com corações que representam seus &#8220;frutos&#8221;: os atos de ajuda e amor que compartilham com seus amigo</span>.</p>
<ul>
<li><strong>Chave pastoral:</strong> <span style="font-weight: 400;">Jesus como fonte de amor e serviço</span>.</li>
</ul>
<h3>DE 6 A 8 ANOS <span style="color: #99cc00;"><a style="color: #99cc00;" href="https://www.educa.itakaescolapios.org/wp-content/uploads/2025/12/M.Cal_.10.04.-Actividad-6-a-8-anos.-El-mapa-de-la-mision.pdf" target="_blank" rel="noopener">M.Cal. Atividade 6 a 8 anos.</a></span></h3>
<p><strong>Atividade: &#8220;<b>O mapa da missão</b>&#8220;</strong> <span style="font-weight: 400;">Vamos embarcar numa jornada! Com um mapa-múndi gigante, as crianças se tornarão exploradoras para localizar as </span><b>Casas Escolápias</b><span style="font-weight: 400;"> ao redor do mundo. Através da atividade &#8220;</span><b>Pegada</b><span style="font-weight: 400;">&#8220;, elas compreenderão que suas pequenas ações locais deixam uma marca positiva que conecta outras crianças em lugares distantes</span>.</p>
<ul>
<li><strong>Chave pastoral:</strong> <span style="font-weight: 400;">Universalidade da missão e senso de pertencimento</span>.</li>
</ul>
<h3>DE 8 A 10 ANOS <span style="color: #99cc00;"><a style="color: #99cc00;" href="https://www.educa.itakaescolapios.org/wp-content/uploads/2025/12/M.Cal_.11.04.-Actividad-8-a-10-anos.-La-brujula-de-Calasanz.pdf" target="_blank" rel="noopener">M.Cal. Atividade 8 a 10 anos.</a></span></h3>
<p><strong>Atividade: &#8220;<b>A Bússola de Calasanz</b>&#8220;</strong> <span style="font-weight: 400;">A missão é uma grande aventura. Através de uma emocionante caça ao tesouro, seguiremos as pistas deixadas por Calasanz. Os participantes descobrirão que nossa &#8220;bússola&#8221; sempre aponta para dois lugares: o ponto de partida (Jesus) e o destino (aqueles que precisam de nós), refazendo simbolicamente nossa história de 25 anos</span>.</p>
<ul>
<li><strong>Chave pastoral:</strong> <span style="font-weight: 400;">Seguir Jesus como um caminho de serviço</span>.</li>
</ul>
<h3>DE 10 A 12 ANOS <span style="color: #99cc00;"><a style="color: #99cc00;" href="https://www.educa.itakaescolapios.org/wp-content/uploads/2025/12/M.Cal_.12.04.-Actividad-de-10-a-12-anos.-Tejiendo-la-red-Itaka-Escolapios.pdf" target="_blank" rel="noopener">M.Cal. Atividade de 10 a 12 anos.</a></span></h3>
<p><strong>Atividade: &#8220;<b>Tecendo a rede Itaka-Escolápios</b>&#8220;</strong> <span style="font-weight: 400;">O que nos une? Nesta atividade visual, usaremos fios coloridos para conectar nossos valores (Piedade e Letras) aos projetos da Fundação no mundo real. Juntos, teceremos uma rede física na sala de aula que nos ensinará que, quando unimos nossos talentos e colaboramos, somos capazes de apoiar os sonhos de muitas pessoas</span>.</p>
<ul>
<li><strong>Chave pastoral:</strong> <span style="font-weight: 400;">Missão compartilhada e trabalho em rede</span>.</li>
</ul>
<h3>DE 12 A 15 ANOS <span style="color: #99cc00;"><a style="color: #99cc00;" href="https://www.educa.itakaescolapios.org/wp-content/uploads/2025/12/M.Cal_.13.04.-Actividad-12-a-15-anos-El-Sismografo.pdf" target="_blank" rel="noopener">M.Cal. Atividade 12 a 15 anos.</a></span></h3>
<p><strong>Atividade: &#8220;<b>O sismógrafo social</b>l&#8221;</strong> <span style="font-weight: 400;">Vivemos em um mundo abalado pela injustiça. Usando a metáfora de um sismógrafo, os adolescentes aprenderão a detectar &#8220;terremotos&#8221; sociais (pobreza, desigualdade) e a não permanecerem indiferentes. Descobrirão como seus valores escolápios lhes dão a estabilidade necessária para reagir e oferecer uma resposta compassiva e transformadora</span>.</p>
<ul>
<li><strong>Chave pastoral:</strong> <span style="font-weight: 400;">Consciência crítica e resposta ética enraizadas na fé</span>.</li>
</ul>
<h3>DE 15 A 18 ANOS <span style="color: #99cc00;"><a style="color: #99cc00;" href="https://www.educa.itakaescolapios.org/wp-content/uploads/2025/12/M.Cal_.14.04.-Actividad-de-15-a-18-anos.pdf" target="_blank" rel="noopener">M.Cal. Atividade de 15 a 18 anos</a></span></h3>
<p><strong>Atividade: &#8220;<b>O Arquiteto da vocação</b>&#8220;</strong> E<span style="font-weight: 400;">É hora de olhar para o futuro. Através do exercício do espelho e de uma análise FOFA pessoal, convidamos os jovens a se perguntarem: </span><b>&#8220;Quem eu quero ser?&#8221;.</b><span style="font-weight: 400;"> Apresentamos Itaka-Escolápios não apenas como uma ONG, mas como uma escolha de vida e uma vocação. Uma oportunidade para construir um projeto de vida com raízes profundas e significado</span>.</p>
<ul>
<li><strong>Chave pastoral:</strong> <span style="font-weight: 400;">Discernimento vocacional e projeto de vida</span>.</li>
</ul>
<h3>ADULTOS (<b>FRATERNIDADES E EQUIPES</b>)</h3>
<p><strong>DIN<b>Â</b>MICAS: &#8220;<b>A Bússola Carismática</b>&#8221; e &#8220;<b>Do Eu ao Nós</b>&#8220;</strong> <span style="font-weight: 400;">Nosso 25º aniversário nos desafia a aprofundar nosso compromisso. Oferecemos duas oficinas aprofundadas</span>:</p>
<ol>
<li><strong><b>A Bússola Carismática</b>:</strong> <span style="font-weight: 400;">Uma oficina para recalibrar nossos projetos, garantindo que eles sempre integrem uma abordagem equilibrada entre &#8220;Piedade&#8221; (amor/serviço) e &#8220;Letras&#8221; (profissionalismo/treinamento</span>). <span style="color: #99cc00;"><a style="color: #99cc00;" href="https://www.educa.itakaescolapios.org/wp-content/uploads/2025/12/M.Cal_.15.01.-Adultos.-La-brujula-carismatica.pdf" target="_blank" rel="noopener">M.Cal. Adultos. A Bússola Carismática</a></span></li>
<li><strong><b>Do Eu ao Nós</b>:</strong> <span style="font-weight: 400;">Um exercício de discernimento para identificar nossa &#8220;zona de conforto&#8221; e dar um passo corajoso em direção a um compromisso mais comunitário e sustentável</span>. <span style="color: #99cc00;"><a style="color: #99cc00;" href="https://www.educa.itakaescolapios.org/wp-content/uploads/2025/12/M.Cal_.15.02.-Adultos-Del-yo-al-nosotros.pdf" target="_blank" rel="noopener">M.Cal. Adultos Do Eu ao Nós</a></span></li>
</ol>
<ul>
<li><strong>Chave pastoral:</strong> <span style="font-weight: 400;">Identidade carismática e maturidade no serviço</span>.</li>
</ul>
<p>&nbsp;</p>

<p>No Movimento Calasanz, celebramos o 25 aniversário de Itaka-Escolápios mergulhando em sua essência. Sob o tema pastoral &#8220;Tuas Raízes&#8220;, queremos que crianças, jovens e adultos descubram [&hellip;]</p>
