{"id":9132,"date":"2025-12-05T14:03:57","date_gmt":"2025-12-05T13:03:57","guid":{"rendered":"https:\/\/www.educa.itakaescolapios.org\/?page_id=9132"},"modified":"2026-02-19T11:37:40","modified_gmt":"2026-02-19T10:37:40","slug":"fichas-de-proyectos-a-trabajar","status":"publish","type":"page","link":"https:\/\/www.educa.itakaescolapios.org\/pt\/campanas\/2025-2026-25-anos-extendiendo-raices\/actividades-carteleria-y-ambientacion\/fichas-de-proyectos-a-trabajar","title":{"rendered":"Fichas de projetos a trabalhar"},"content":{"rendered":"<p><\/p>\n<p data-pm-slice=\"1 1 []\"><img decoding=\"async\" loading=\"lazy\" class=\"size-medium wp-image-9158 alignleft\" src=\"https:\/\/www.educa.itakaescolapios.org\/wp-content\/uploads\/2025\/12\/look-senalando-219x300.png\" alt=\"\" width=\"219\" height=\"300\" srcset=\"https:\/\/www.educa.itakaescolapios.org\/wp-content\/uploads\/2025\/12\/look-senalando-219x300.png 219w, https:\/\/www.educa.itakaescolapios.org\/wp-content\/uploads\/2025\/12\/look-senalando-747x1024.png 747w, https:\/\/www.educa.itakaescolapios.org\/wp-content\/uploads\/2025\/12\/look-senalando-768x1052.png 768w, https:\/\/www.educa.itakaescolapios.org\/wp-content\/uploads\/2025\/12\/look-senalando-250x343.png 250w, https:\/\/www.educa.itakaescolapios.org\/wp-content\/uploads\/2025\/12\/look-senalando.png 864w\" sizes=\"(max-width: 219px) 100vw, 219px\" \/><span style=\"font-weight: 400;\">Nesta campanha, &#8220;<\/span><b>25 Anos estendendo ra\u00edzes<\/b><span style=\"font-weight: 400;\">&#8220;, queremos que cada etapa educacional se conecte a um aspecto espec\u00edfico da nossa Rede. Vinculamos cada faixa et\u00e1ria a um tipo espec\u00edfico de projeto, permitindo assim que todos aprendam sobre a diversidade da nossa miss\u00e3o Escol\u00e1pia em todo o mundo<\/span>.<\/p>\n<p><span style=\"font-weight: 400;\">A seguir, as \u00e1reas de atua\u00e7\u00e3o que exploraremos em profundidade este ano<\/span>:<\/p>\n<h3>DE 3 A 5 <b>ANOS: REFEIT\u00d3RIOS ESCOLARES<\/b><\/h3>\n<p><strong>&#8220;<b>A alimenta\u00e7\u00e3o, raiz da aprendizagem<\/b>&#8220;<\/strong> <span style=\"font-weight: 400;\">Uma crian\u00e7a com fome n\u00e3o consegue aprender nem sonhar. Nessa etapa, exploramos a realidade dos <\/span><b>refeit\u00f3rios escolares<\/b><span style=\"font-weight: 400;\"> e dos programas de apoio nutricional que Itaka-Escol\u00e1pios implementa em locais como <\/span><b>Camar\u00f5es e Venezuela<\/b>.<\/p>\n<ul>\n<li><strong>Nosso objetivo:<\/strong> <span style=\"font-weight: 400;\">Garantir que milhares de crian\u00e7as tenham a energia necess\u00e1ria para frequentar a escola, se concentrar e crescer saud\u00e1veis<\/span>.<\/li>\n<\/ul>\n<h3>DE 6 A 8 <b>NOS: LARE<\/b>S<\/h3>\n<p><strong>&#8220;<b>Um solo seguro para crescer<\/b>&#8220;<\/strong> <span style=\"font-weight: 400;\">Para criar ra\u00edzes, precisamos nos sentir seguros. Trabalharemos com A<\/span><b>brigos e lares de acolhimento<\/b><span style=\"font-weight: 400;\"> que oferecem prote\u00e7\u00e3o integral a crian\u00e7as vulner\u00e1veis, \u00f3rf\u00e3s ou em situa\u00e7\u00e3o de risco social em pa\u00edses como <\/span><b>Brasil e Espanha<\/b>.<\/p>\n<ul>\n<li><strong>Nosso objetivo:<\/strong> <span style=\"font-weight: 400;\">oferecer muito mais do que um teto sobre suas cabe\u00e7as: um ambiente familiar, afeto e apoio educacional para que possam reconstruir suas vidas<\/span>.<\/li>\n<\/ul>\n<h3>DE 8 A 10 ANOS: COL\u00c9GIOS<\/h3>\n<p><strong>&#8220;<b>A educa\u00e7\u00e3o transforma o mundo<\/b>&#8220;<\/strong> <span style=\"font-weight: 400;\">\u00a0A escola \u00e9 o cora\u00e7\u00e3o da comunidade. Neste segmento, exploraremos a rede <\/span><b>de Escolas e Centros Educativos<\/b><span style=\"font-weight: 400;\"> que apoiamos na <\/span><b>\u00c1frica, Am\u00e9rica e \u00c1sia<\/b><span style=\"font-weight: 400;\">, onde mais de 12.000 alunos t\u00eam acesso a uma educa\u00e7\u00e3o de qualidade<\/span>.<\/p>\n<ul>\n<li><strong>Nosso objetivo:<\/strong> <span style=\"font-weight: 400;\">Romper o ciclo da pobreza por meio da forma\u00e7\u00e3o acad\u00eamica e t\u00e9cnica, garantindo que o direito \u00e0 educa\u00e7\u00e3o chegue at\u00e9 mesmo aos cantos mais negligenciados do mundo<\/span>.<\/li>\n<\/ul>\n<h3>DE 10 A 12 <b>ANOS: ALFABETIZA\u00c7\u00c3O<\/b><\/h3>\n<p><strong>&#8220;<b>Palavras que integram<\/b>&#8220;<\/strong> <span style=\"font-weight: 400;\">A linguagem \u00e9 a chave que abre portas. Nosso foco ser\u00e1 em projetos de <\/span><b>alfabetiza\u00e7\u00e3o de adultos<\/b><span style=\"font-weight: 400;\">, tanto para a integra\u00e7\u00e3o de migrantes na <\/span><b>Espanha<\/b><span style=\"font-weight: 400;\"> quanto para o empoderamento de mulheres em \u00e1reas rurais da <\/span><b>\u00c1frica<\/b>.<\/p>\n<ul>\n<li><strong>Nosso objetivo:<\/strong> F<span style=\"font-weight: 400;\">acilitar a integra\u00e7\u00e3o social e profissional, superando as barreiras lingu\u00edsticas e culturais que levam \u00e0 exclus\u00e3o<\/span>.<\/li>\n<\/ul>\n<h3>DE 12 A 15 ANOS: CENTROS SOCIOEDUCATIVOS<\/h3>\n<p><strong>&#8220;<b>Educando mais al\u00e9m da aula<\/b>&#8220;<\/strong> <span style=\"font-weight: 400;\">A educa\u00e7\u00e3o tamb\u00e9m acontece na vizinhan\u00e7a e durante o tempo livre. Vamos descobrir o trabalho dos <\/span><b>Centros Socioeducativos<\/b><span style=\"font-weight: 400;\"> presentes em 8 pa\u00edses, espa\u00e7os vitais para a preven\u00e7\u00e3o da viol\u00eancia e o desenvolvimento de talentos por meio do esporte, da arte e do apoio acad\u00eamico<\/span>.<\/p>\n<ul>\n<li><strong>Nosso objetivo:<\/strong> <span style=\"font-weight: 400;\">Criar espa\u00e7os seguros para a conviv\u00eancia e o crescimento pessoal que protejam crian\u00e7as e jovens em ambientes desfavorecidos<\/span>.<\/li>\n<\/ul>\n<h3>M\u00c1S DE 15 ANOS: VOLUNTARIADO<\/h3>\n<p><strong>&#8220;<b>Teu compromisso \u00e9 a seiva da rede<\/b>&#8220;<\/strong> <span style=\"font-weight: 400;\">Chegamos \u00e0 fase de maturidade do projeto. Vamos explorar o <\/span><b>Voluntariado<\/b><span style=\"font-weight: 400;\"> como uma forma de estar no mundo. Vamos conhecer as mais de 3.000 pessoas que, por meio do Movimento Calasanz, da a\u00e7\u00e3o social e da coopera\u00e7\u00e3o internacional, tornam nossa miss\u00e3o poss\u00edvel<\/span>.<\/p>\n<ul>\n<li><strong>Nosso objetivo:<\/strong> <span style=\"font-weight: 400;\">Convidar voc\u00ea a agir. O voluntariado n\u00e3o se resume a doar seu tempo; \u00e9 uma experi\u00eancia de transforma\u00e7\u00e3o pessoal e justi\u00e7a social<\/span>.<\/li>\n<\/ul>\n<p><strong><b>QUER SABER MAIS<\/b>?<\/strong> <span style=\"font-weight: 400;\">Baixe as fichas informativas completas de cada projeto para saber mais<\/span>.<\/p>\n<p><span style=\"color: #99cc00;\"><a style=\"color: #99cc00;\" href=\"https:\/\/www.educa.itakaescolapios.org\/wp-content\/uploads\/2025\/12\/Fichas-proyectos-2526.pdf\">Fichas projetos 2526<\/a><\/span><\/p>","protected":false},"excerpt":{"rendered":"<p>Nesta campanha, &#8220;25 Anos estendendo ra\u00edzes&#8220;, queremos que cada etapa educacional se conecte a um aspecto espec\u00edfico da nossa Rede. Vinculamos cada faixa et\u00e1ria a um [&hellip;]<\/p>\n","protected":false},"author":11,"featured_media":0,"parent":9088,"menu_order":0,"comment_status":"closed","ping_status":"closed","template":"","meta":[],"acf":[],"_links":{"self":[{"href":"https:\/\/www.educa.itakaescolapios.org\/pt\/wp-json\/wp\/v2\/pages\/9132"}],"collection":[{"href":"https:\/\/www.educa.itakaescolapios.org\/pt\/wp-json\/wp\/v2\/pages"}],"about":[{"href":"https:\/\/www.educa.itakaescolapios.org\/pt\/wp-json\/wp\/v2\/types\/page"}],"author":[{"embeddable":true,"href":"https:\/\/www.educa.itakaescolapios.org\/pt\/wp-json\/wp\/v2\/users\/11"}],"replies":[{"embeddable":true,"href":"https:\/\/www.educa.itakaescolapios.org\/pt\/wp-json\/wp\/v2\/comments?post=9132"}],"version-history":[{"count":17,"href":"https:\/\/www.educa.itakaescolapios.org\/pt\/wp-json\/wp\/v2\/pages\/9132\/revisions"}],"predecessor-version":[{"id":9500,"href":"https:\/\/www.educa.itakaescolapios.org\/pt\/wp-json\/wp\/v2\/pages\/9132\/revisions\/9500"}],"up":[{"embeddable":true,"href":"https:\/\/www.educa.itakaescolapios.org\/pt\/wp-json\/wp\/v2\/pages\/9088"}],"wp:attachment":[{"href":"https:\/\/www.educa.itakaescolapios.org\/pt\/wp-json\/wp\/v2\/media?parent=9132"}],"curies":[{"name":"wp","href":"https:\/\/api.w.org\/{rel}","templated":true}]}}

<p></p>
<p data-pm-slice="1 1 []"><img decoding="async" loading="lazy" class="size-medium wp-image-9158 alignleft" src="https://www.educa.itakaescolapios.org/wp-content/uploads/2025/12/look-senalando-219x300.png" alt="" width="219" height="300" srcset="https://www.educa.itakaescolapios.org/wp-content/uploads/2025/12/look-senalando-219x300.png 219w, https://www.educa.itakaescolapios.org/wp-content/uploads/2025/12/look-senalando-747x1024.png 747w, https://www.educa.itakaescolapios.org/wp-content/uploads/2025/12/look-senalando-768x1052.png 768w, https://www.educa.itakaescolapios.org/wp-content/uploads/2025/12/look-senalando-250x343.png 250w, https://www.educa.itakaescolapios.org/wp-content/uploads/2025/12/look-senalando.png 864w" sizes="(max-width: 219px) 100vw, 219px" /><span style="font-weight: 400;">Nesta campanha, &#8220;</span><b>25 Anos estendendo raízes</b><span style="font-weight: 400;">&#8220;, queremos que cada etapa educacional se conecte a um aspecto específico da nossa Rede. Vinculamos cada faixa etária a um tipo específico de projeto, permitindo assim que todos aprendam sobre a diversidade da nossa missão Escolápia em todo o mundo</span>.</p>
<p><span style="font-weight: 400;">A seguir, as áreas de atuação que exploraremos em profundidade este ano</span>:</p>
<h3>DE 3 A 5 <b>ANOS: REFEITÓRIOS ESCOLARES</b></h3>
<p><strong>&#8220;<b>A alimentação, raiz da aprendizagem</b>&#8220;</strong> <span style="font-weight: 400;">Uma criança com fome não consegue aprender nem sonhar. Nessa etapa, exploramos a realidade dos </span><b>refeitórios escolares</b><span style="font-weight: 400;"> e dos programas de apoio nutricional que Itaka-Escolápios implementa em locais como </span><b>Camarões e Venezuela</b>.</p>
<ul>
<li><strong>Nosso objetivo:</strong> <span style="font-weight: 400;">Garantir que milhares de crianças tenham a energia necessária para frequentar a escola, se concentrar e crescer saudáveis</span>.</li>
</ul>
<h3>DE 6 A 8 <b>NOS: LARE</b>S</h3>
<p><strong>&#8220;<b>Um solo seguro para crescer</b>&#8220;</strong> <span style="font-weight: 400;">Para criar raízes, precisamos nos sentir seguros. Trabalharemos com A</span><b>brigos e lares de acolhimento</b><span style="font-weight: 400;"> que oferecem proteção integral a crianças vulneráveis, órfãs ou em situação de risco social em países como </span><b>Brasil e Espanha</b>.</p>
<ul>
<li><strong>Nosso objetivo:</strong> <span style="font-weight: 400;">oferecer muito mais do que um teto sobre suas cabeças: um ambiente familiar, afeto e apoio educacional para que possam reconstruir suas vidas</span>.</li>
</ul>
<h3>DE 8 A 10 ANOS: COLÉGIOS</h3>
<p><strong>&#8220;<b>A educação transforma o mundo</b>&#8220;</strong> <span style="font-weight: 400;"> A escola é o coração da comunidade. Neste segmento, exploraremos a rede </span><b>de Escolas e Centros Educativos</b><span style="font-weight: 400;"> que apoiamos na </span><b>África, América e Ásia</b><span style="font-weight: 400;">, onde mais de 12.000 alunos têm acesso a uma educação de qualidade</span>.</p>
<ul>
<li><strong>Nosso objetivo:</strong> <span style="font-weight: 400;">Romper o ciclo da pobreza por meio da formação acadêmica e técnica, garantindo que o direito à educação chegue até mesmo aos cantos mais negligenciados do mundo</span>.</li>
</ul>
<h3>DE 10 A 12 <b>ANOS: ALFABETIZAÇÃO</b></h3>
<p><strong>&#8220;<b>Palavras que integram</b>&#8220;</strong> <span style="font-weight: 400;">A linguagem é a chave que abre portas. Nosso foco será em projetos de </span><b>alfabetização de adultos</b><span style="font-weight: 400;">, tanto para a integração de migrantes na </span><b>Espanha</b><span style="font-weight: 400;"> quanto para o empoderamento de mulheres em áreas rurais da </span><b>África</b>.</p>
<ul>
<li><strong>Nosso objetivo:</strong> F<span style="font-weight: 400;">acilitar a integração social e profissional, superando as barreiras linguísticas e culturais que levam à exclusão</span>.</li>
</ul>
<h3>DE 12 A 15 ANOS: CENTROS SOCIOEDUCATIVOS</h3>
<p><strong>&#8220;<b>Educando mais além da aula</b>&#8220;</strong> <span style="font-weight: 400;">A educação também acontece na vizinhança e durante o tempo livre. Vamos descobrir o trabalho dos </span><b>Centros Socioeducativos</b><span style="font-weight: 400;"> presentes em 8 países, espaços vitais para a prevenção da violência e o desenvolvimento de talentos por meio do esporte, da arte e do apoio acadêmico</span>.</p>
<ul>
<li><strong>Nosso objetivo:</strong> <span style="font-weight: 400;">Criar espaços seguros para a convivência e o crescimento pessoal que protejam crianças e jovens em ambientes desfavorecidos</span>.</li>
</ul>
<h3>MÁS DE 15 ANOS: VOLUNTARIADO</h3>
<p><strong>&#8220;<b>Teu compromisso é a seiva da rede</b>&#8220;</strong> <span style="font-weight: 400;">Chegamos à fase de maturidade do projeto. Vamos explorar o </span><b>Voluntariado</b><span style="font-weight: 400;"> como uma forma de estar no mundo. Vamos conhecer as mais de 3.000 pessoas que, por meio do Movimento Calasanz, da ação social e da cooperação internacional, tornam nossa missão possível</span>.</p>
<ul>
<li><strong>Nosso objetivo:</strong> <span style="font-weight: 400;">Convidar você a agir. O voluntariado não se resume a doar seu tempo; é uma experiência de transformação pessoal e justiça social</span>.</li>
</ul>
<p><strong><b>QUER SABER MAIS</b>?</strong> <span style="font-weight: 400;">Baixe as fichas informativas completas de cada projeto para saber mais</span>.</p>
<p><span style="color: #99cc00;"><a style="color: #99cc00;" href="https://www.educa.itakaescolapios.org/wp-content/uploads/2025/12/Fichas-proyectos-2526.pdf">Fichas projetos 2526</a></span></p>

<p>Nesta campanha, &#8220;25 Anos estendendo raízes&#8220;, queremos que cada etapa educacional se conecte a um aspecto específico da nossa Rede. Vinculamos cada faixa etária a um [&hellip;]</p>
